000
CDUS43 KLOT 260633
CLIVPZ


CLIMATE REPORT
NATIONAL WEATHER SERVICE CHICAGO IL
132 AM CDT SAT MAY 26 2018


...................................

...THE VALPARAISO CLIMATE SUMMARY FOR MAY 25 2018...

CLIMATE NORMAL PERIOD 1981 TO 2010
CLIMATE RECORD PERIOD 1998 TO 2018


WEATHER ITEM   OBSERVED TIME   RECORD YEAR NORMAL DEPARTURE LAST
                VALUE   (LST)  VALUE       VALUE  FROM      YEAR
                                                  NORMAL
..................................................................
TEMPERATURE (F)
 YESTERDAY
  MAXIMUM         92R   304 PM  88    2016  73     19       65
  MINIMUM         62    418 AM  36    2013  51     11       51
  AVERAGE         77                        62     15       58

PRECIPITATION (IN)
  YESTERDAY        T             1.72 2011   0.12  -0.12     0.00
  MONTH TO DATE    3.11                      3.17  -0.06     3.23
  SINCE MAR 1      5.41                      9.18  -3.77    11.68
  SINCE JAN 1     11.43                     12.35  -0.92    15.12

DEGREE DAYS
 HEATING
  YESTERDAY        0                         5     -5        7
  MONTH TO DATE   48                       195   -147      215
  SINCE MAR 1   1556                      1522     34     1320
  SINCE JUL 1   5858                      6254   -396     5034

 COOLING
  YESTERDAY       12                         2     10        0
  MONTH TO DATE   67                        28     39       33
  SINCE MAR 1     67                        33     34       46
  SINCE JAN 1     67                        33     34       46
..................................................................


WIND (MPH)
  RESULTANT WIND SPEED   5   RESULTANT WIND DIRECTION  SW (230)
  HIGHEST WIND SPEED    28   HIGHEST WIND DIRECTION    SW (240)
  HIGHEST GUST SPEED    40   HIGHEST GUST DIRECTION    SW (230)
  AVERAGE WIND SPEED     6.5



WEATHER CONDITIONS
 THE FOLLOWING WEATHER WAS RECORDED YESTERDAY.
  LIGHT RAIN


..........................................................


THE VALPARAISO CLIMATE NORMALS FOR TODAY
                         NORMAL    RECORD    YEAR
 MAXIMUM TEMPERATURE (F)   74        91      2012
 MINIMUM TEMPERATURE (F)   51        37      2002


SUNRISE AND SUNSET
MAY 26 2018...........SUNRISE   520 AM CDT   SUNSET   811 PM CDT
MAY 27 2018...........SUNRISE   519 AM CDT   SUNSET   811 PM CDT


-  INDICATES NEGATIVE NUMBERS.
R  INDICATES RECORD WAS SET OR TIED.
MM INDICATES DATA IS MISSING.
T  INDICATES TRACE AMOUNT.




$$
