000
CDUS42 KMLB 270626
CLIVRB


CLIMATE REPORT
NATIONAL WEATHER SERVICE MELBOURNE FL
226 AM EDT FRI APR 27 2018


...................................

...THE VERO BEACH CLIMATE SUMMARY FOR APRIL 26 2018...

CLIMATE NORMAL PERIOD 1981 TO 2010
CLIMATE RECORD PERIOD 1942 TO 2018


WEATHER ITEM   OBSERVED TIME   RECORD YEAR NORMAL DEPARTURE LAST
                VALUE   (LST)  VALUE       VALUE  FROM      YEAR
                                                  NORMAL
..................................................................
TEMPERATURE (F)
 YESTERDAY
  MAXIMUM         85    316 PM  95    2015  82      3       85
                                      1945
  MINIMUM         57    614 AM  48    1983  63     -6       56
  AVERAGE         71                        72     -1       71

PRECIPITATION (IN)
  YESTERDAY        0.00          2.70 1997   0.09  -0.09     0.00
  MONTH TO DATE    4.55                      2.39   2.16     2.76
  SINCE MAR 1      4.87                      6.51  -1.64     4.38
  SINCE JAN 1      8.08                     11.68  -3.60     6.34

SNOWFALL (IN)
  YESTERDAY        0.0
  MONTH TO DATE    0.0
  SINCE JUL 1      0.0

DEGREE DAYS
 HEATING
  YESTERDAY        0                         0      0        0
  MONTH TO DATE    2                        13    -11        3
  SINCE MAR 1     98                        68     30       42
  SINCE JUL 1    365                       453    -88      185

 COOLING
  YESTERDAY        6                         8     -2        6
  MONTH TO DATE  217                       158     59      238
  SINCE MAR 1    309                       287     22      395
  SINCE JAN 1    598                       426    172      596
..................................................................


WIND (MPH)
  HIGHEST WIND SPEED    17   HIGHEST WIND DIRECTION     S (200)
  HIGHEST GUST SPEED    21   HIGHEST GUST DIRECTION    SW (210)
  AVERAGE WIND SPEED     7.9


SKY COVER
  AVERAGE SKY COVER 0.1


WEATHER CONDITIONS
 THE FOLLOWING WEATHER WAS RECORDED YESTERDAY.
  FOG
  HAZE


RELATIVE HUMIDITY (PERCENT)
 HIGHEST    93           500 AM
 LOWEST     43           200 PM
 AVERAGE    68

..........................................................


THE VERO BEACH CLIMATE NORMALS FOR TODAY
                         NORMAL    RECORD    YEAR
 MAXIMUM TEMPERATURE (F)   82        93      2006
 MINIMUM TEMPERATURE (F)   63        50      1983


SUNRISE AND SUNSET
APRIL 27 2018.........SUNRISE   646 AM EDT   SUNSET   753 PM EDT
APRIL 28 2018.........SUNRISE   645 AM EDT   SUNSET   754 PM EDT


-  INDICATES NEGATIVE NUMBERS.
R  INDICATES RECORD WAS SET OR TIED.
MM INDICATES DATA IS MISSING.
T  INDICATES TRACE AMOUNT.




$$
