000
CDUS46 KPQR 250224
CLIVUO


CLIMATE REPORT
NATIONAL WEATHER SERVICE PORTLAND OREGON
724 PM PDT TUE APR 24 2018


...................................

...THE VANCOUVER WA CLIMATE SUMMARY FOR APRIL 24 2018...
VALID TODAY AS OF 0700 PM LOCAL TIME.

CLIMATE NORMAL PERIOD 1981 TO 2010
CLIMATE RECORD PERIOD 1891 TO 2018


WEATHER ITEM   OBSERVED TIME   RECORD YEAR NORMAL DEPARTURE LAST
                VALUE   (LST)  VALUE       VALUE  FROM      YEAR
                                                  NORMAL
..................................................................
TEMPERATURE (F)
 TODAY
  MAXIMUM         81    442 PM  87    1910  63     18       54
  MINIMUM         46    507 AM  29    1986  43      3       45
  AVERAGE         64                        53     11       50

PRECIPITATION (IN)
  TODAY            0.00                      0.10  -0.10     0.83
  MONTH TO DATE    3.15                      2.48   0.67     3.78
  SINCE OCT 1     27.63                     31.33  -3.70    45.38
  SINCE JAN 1     13.44                     15.58  -2.14    25.52

DEGREE DAYS
 HEATING
  TODAY            1                                        15
  MONTH TO DATE  321                                       324
  SINCE MAR 1    898                                       847
  SINCE JUL 1   3931                                      4147

 COOLING
  TODAY            0                                         0
  MONTH TO DATE    0                                         0
  SINCE MAR 1      0                                         0
  SINCE JAN 1      0                                         0
..................................................................


WIND (MPH)
  HIGHEST WIND SPEED    21   HIGHEST WIND DIRECTION     E (80)
  HIGHEST GUST SPEED    28   HIGHEST GUST DIRECTION     E (100)
  AVERAGE WIND SPEED     9.9


SKY COVER
  POSSIBLE SUNSHINE  MM
  AVERAGE SKY COVER 0.0


WEATHER CONDITIONS
 THE FOLLOWING WEATHER WAS RECORDED TODAY.
  NO SIGNIFICANT WEATHER WAS OBSERVED.


RELATIVE HUMIDITY (PERCENT)
 HIGHEST    54           500 AM
 LOWEST     19          1200 PM
 AVERAGE    37

..........................................................


THE VANCOUVER WA CLIMATE NORMALS FOR TOMORROW
                         NORMAL    RECORD    YEAR
 MAXIMUM TEMPERATURE (F)   63        82      2001
 MINIMUM TEMPERATURE (F)   44        29      1982


SUNRISE AND SUNSET
APRIL 24 2018.........SUNRISE   609 AM PDT   SUNSET   809 PM PDT
APRIL 25 2018.........SUNRISE   608 AM PDT   SUNSET   810 PM PDT


-  INDICATES NEGATIVE NUMBERS.
R  INDICATES RECORD WAS SET OR TIED.
MM INDICATES DATA IS MISSING.
T  INDICATES TRACE AMOUNT.




$$
