167
CDUS46 KLOX 260123
CLIWJF


CLIMATE REPORT
NATIONAL WEATHER SERVICE LOS ANGELES/OXNARD CA
620 PM PDT WED APR 25 2018


...................................

...THE LANCASTER CLIMATE SUMMARY FOR APRIL 25 2018...
VALID TODAY AS OF 0500 PM LOCAL TIME.

CLIMATE NORMAL PERIOD 1981 TO 2010
CLIMATE RECORD PERIOD 1948 TO 2018


WEATHER ITEM   OBSERVED TIME   RECORD YEAR NORMAL DEPARTURE LAST
                VALUE   (LST)  VALUE       VALUE  FROM      YEAR
                                                  NORMAL
..................................................................
TEMPERATURE (F)
 TODAY
  MAXIMUM         85    100 PM  91    1987  76      9       66
  MINIMUM         58        MM  34    1960  48     10       49
  AVERAGE         72                        62     10       58

PRECIPITATION (IN)
  TODAY            0.00          0.32 1994   0.01  -0.01     0.00
  MONTH TO DATE    0.09                      0.31  -0.22      T
  SINCE OCT 1      2.76                      6.86  -4.10     6.51
  SINCE JAN 1      2.74                      4.73  -1.99     4.52

SNOWFALL (IN)
  TODAY            0.0           0.0    MM   0.0             0.0
  MONTH TO DATE    0.0                       0.0             0.0
  SINCE MAR 1      0.0                       0.0             0.0
  SINCE JUL 1      0.0                       2.3             0.0
  SNOW DEPTH       0

DEGREE DAYS
 HEATING
  TODAY            0                         5     -5        7
  MONTH TO DATE  104                       186    -82      116
  SINCE MAR 1    490                       554    -64      397
  SINCE JUL 1   2475                      2847   -372     2396

 COOLING
  TODAY            7                         2      5        0
  MONTH TO DATE   45                        17     28        6
  SINCE MAR 1     45                        19     26       10
  SINCE JAN 1     45                        19     26       10
..................................................................


WIND (MPH)
  HIGHEST WIND SPEED    14   HIGHEST WIND DIRECTION    SW (240)
  HIGHEST GUST SPEED    24   HIGHEST GUST DIRECTION    SW (240)
  AVERAGE WIND SPEED     9.3


SKY COVER
  POSSIBLE SUNSHINE  MM
  AVERAGE SKY COVER 0.0


WEATHER CONDITIONS
 THE FOLLOWING WEATHER WAS RECORDED TODAY.
  NO SIGNIFICANT WEATHER WAS OBSERVED.


RELATIVE HUMIDITY (PERCENT)
 HIGHEST    16           600 AM
 LOWEST      8           100 AM
 AVERAGE    12

..........................................................


THE LANCASTER CLIMATE NORMALS FOR TOMORROW
                         NORMAL    RECORD    YEAR
 MAXIMUM TEMPERATURE (F)   76        94      1996
 MINIMUM TEMPERATURE (F)   48        33      1952


SUNRISE AND SUNSET
APRIL 25 2018.........SUNRISE   609 AM PDT   SUNSET   733 PM PDT
APRIL 26 2018.........SUNRISE   608 AM PDT   SUNSET   734 PM PDT


-  INDICATES NEGATIVE NUMBERS.
R  INDICATES RECORD WAS SET OR TIED.
MM INDICATES DATA IS MISSING.
T  INDICATES TRACE AMOUNT.




$$
