000
CDUS45 KLKN 250928
CLIWMC


CLIMATE REPORT
NATIONAL WEATHER SERVICE ELKO NV
227 AM PDT WED APR 25 2018


...................................

...THE WINNEMUCCA AIRPORT NV CLIMATE SUMMARY FOR APRIL 24 2018...

CLIMATE NORMAL PERIOD 1981 TO 2010
CLIMATE RECORD PERIOD 1877 TO 2018


WEATHER ITEM   OBSERVED TIME   RECORD YEAR NORMAL DEPARTURE LAST
                VALUE   (LST)  VALUE       VALUE  FROM      YEAR
                                                  NORMAL
..................................................................
TEMPERATURE (F)
 YESTERDAY
  MAXIMUM         72    437 PM  89    1977  65      7       58
  MINIMUM         37   1159 PM  14    1985  32      5       39
  AVERAGE         55                        49      6       49

PRECIPITATION (IN)
  YESTERDAY        0.00          0.53 1971   0.03  -0.03     0.11
  MONTH TO DATE    1.62                      0.69   0.93     0.77
  SINCE OCT 1      5.93                      5.53   0.40     9.18
  SINCE JAN 1      4.59                      3.05   1.54     4.64

SNOWFALL (IN)
  YESTERDAY        0.0           6.5  1971   0.0    0.0      0.0
  MONTH TO DATE    1.7                       1.4    0.3       T
  SINCE MAR 1     16.9                       4.6   12.3      2.2
  SINCE JUL 1     28.1                      20.6    7.5     18.3
  SNOW DEPTH       0

DEGREE DAYS
 HEATING
  YESTERDAY       10                        16     -6       16
  MONTH TO DATE  394                       459    -65      443
  SINCE MAR 1   1172                      1198    -26     1069
  SINCE JUL 1   5411                      5787   -376     5508

 COOLING
  YESTERDAY        0                         0      0        0
  MONTH TO DATE    0                         0      0        0
  SINCE MAR 1      0                         0      0        0
  SINCE JAN 1      0                         0      0        0
..................................................................


WIND (MPH)
  HIGHEST WIND SPEED    22   HIGHEST WIND DIRECTION     N (20)
  HIGHEST GUST SPEED    29   HIGHEST GUST DIRECTION    NE (40)
  AVERAGE WIND SPEED     8.2



WEATHER CONDITIONS
 THE FOLLOWING WEATHER WAS RECORDED YESTERDAY.
  NO SIGNIFICANT WEATHER WAS OBSERVED.


RELATIVE HUMIDITY (PERCENT)
 HIGHEST    57          1000 PM
 LOWEST     13           500 PM
 AVERAGE    35

..........................................................


THE WINNEMUCCA AIRPORT NV CLIMATE NORMALS FOR TODAY
                         NORMAL    RECORD    YEAR
 MAXIMUM TEMPERATURE (F)   65        87      1910
 MINIMUM TEMPERATURE (F)   33        13      1960


SUNRISE AND SUNSET
APRIL 25 2018.........SUNRISE   557 AM PDT   SUNSET   742 PM PDT
APRIL 26 2018.........SUNRISE   556 AM PDT   SUNSET   743 PM PDT


-  INDICATES NEGATIVE NUMBERS.
R  INDICATES RECORD WAS SET OR TIED.
MM INDICATES DATA IS MISSING.
T  INDICATES TRACE AMOUNT.




$$
