000
CDUS45 KRIW 260728
CLIWRL


CLIMATE REPORT
NATIONAL WEATHER SERVICE RIVERTON WY
128 AM MDT THU APR 26 2018


...................................

...THE WORLAND WY CLIMATE SUMMARY FOR APRIL 25 2018...

CLIMATE NORMAL PERIOD 1981 TO 2010
CLIMATE RECORD PERIOD 1947 TO 2018


WEATHER ITEM   OBSERVED TIME   RECORD YEAR NORMAL DEPARTURE LAST
                VALUE   (LST)  VALUE       VALUE  FROM      YEAR
                                                  NORMAL
..................................................................
TEMPERATURE (F)
 YESTERDAY
  MAXIMUM         68    414 PM  86    1987  63      5       50
  MINIMUM         23    532 AM  11    2008  34    -11       33
  AVERAGE         46                        48     -2       42

PRECIPITATION (IN)
  YESTERDAY        T             0.59 1973   0.04  -0.04     0.16
  MONTH TO DATE    0.55                      0.65  -0.10     2.44
  SINCE MAR 1      1.21                      1.11   0.10     3.42
  SINCE JAN 1      1.53                      1.53   0.00     3.82

DEGREE DAYS
 HEATING
  YESTERDAY       19                        17      2       23
  MONTH TO DATE  585                       503     82      456
  SINCE MAR 1   1511                      1388    123     1126
  SINCE JUL 1   7838                      7389    449     7001

 COOLING
  YESTERDAY        0                         0      0        0
  MONTH TO DATE    0                         0      0        0
  SINCE MAR 1      0                         0      0        0
  SINCE JAN 1      0                         0      0        0
..................................................................


WIND (MPH)
  HIGHEST WIND SPEED    37   HIGHEST WIND DIRECTION     N (340)
  HIGHEST GUST SPEED    47   HIGHEST GUST DIRECTION     N (340)
  AVERAGE WIND SPEED     8.1


SKY COVER
  POSSIBLE SUNSHINE  MM
  AVERAGE SKY COVER 0.1


WEATHER CONDITIONS
 THE FOLLOWING WEATHER WAS RECORDED YESTERDAY.
  LIGHT RAIN


RELATIVE HUMIDITY (PERCENT)
 HIGHEST    92           400 AM
 LOWEST     19           200 PM
 AVERAGE    56

..........................................................


THE WORLAND WY CLIMATE NORMALS FOR TODAY
                         NORMAL    RECORD    YEAR
 MAXIMUM TEMPERATURE (F)   63        85      2012
 MINIMUM TEMPERATURE (F)   34        23      2010


SUNRISE AND SUNSET
APRIL 26 2018.........SUNRISE   611 AM MDT   SUNSET   809 PM MDT
APRIL 27 2018.........SUNRISE   609 AM MDT   SUNSET   810 PM MDT


-  INDICATES NEGATIVE NUMBERS.
R  INDICATES RECORD WAS SET OR TIED.
MM INDICATES DATA IS MISSING.
T  INDICATES TRACE AMOUNT.




$$
