000
CDAK47 PAJK 191128
CLIYAK
CLIMATE REPORT
NATIONAL WEATHER SERVICE JUNEAU, AK
327 AM AKDT THU APR 19 2018


...................................

...THE YAKUTAT CLIMATE SUMMARY FOR APRIL 18 2018...

CLIMATE NORMAL PERIOD 1981 TO 2010
CLIMATE RECORD PERIOD 1917 TO 2018


WEATHER ITEM   OBSERVED RECORD YEAR NORMAL DEPARTURE LAST
                VALUE   VALUE       VALUE  FROM      YEAR
                                           NORMAL
...........................................................
TEMPERATURE (F)
 YESTERDAY
  MAXIMUM         42     58    1993  46     -4       51
  MINIMUM         34     12    1963  30      4       26
  AVERAGE         38                 38      0       39

PRECIPITATION (IN)
  YESTERDAY        0.53   2.28 2015   0.29   0.24     0.00
  MONTH TO DATE    0.77               5.70  -4.93     2.29
  SINCE JAN 1     19.54              41.26 -21.72    30.89

DEGREE DAYS
 HEATING
  YESTERDAY       27                 27      0       26
  MONTH TO DATE  482                515    -33      439
...........................................................


WIND (MPH)
  HIGHEST WIND SPEED    17   HIGHEST WIND DIRECTION     E (100)
  HIGHEST GUST SPEED    24   HIGHEST GUST DIRECTION     E (90)
  AVERAGE WIND SPEED     9.7


SKY COVER
  AVERAGE SKY COVER 1.0


WEATHER CONDITIONS
 THE FOLLOWING WEATHER WAS RECORDED YESTERDAY.
  RAIN
  LIGHT RAIN
  FOG


..........................................................


THE YAKUTAT CLIMATE NORMALS FOR TODAY
                         NORMAL    RECORD    YEAR
 MAXIMUM TEMPERATURE (F)   47        59      1994
                                             1978
 MINIMUM TEMPERATURE (F)   31         7      1948


SUNRISE AND SUNSET
APRIL 19 2018.........SUNRISE   551 AM AKDT  SUNSET   846 PM AKDT
APRIL 20 2018.........SUNRISE   549 AM AKDT  SUNSET   848 PM AKDT


-  INDICATES NEGATIVE NUMBERS.
R  INDICATES RECORD WAS SET OR TIED.
MM INDICATES DATA IS MISSING.
T  INDICATES TRACE AMOUNT.




$$
--------------------------------------------------------------

AMOUNT OF DAYLIGHT TODAY (HOUR:MIN)......... 14 HOURS 54 MINUTES
GAIN/LOSS SINCE YESTERDAY (HOUR:MIN:SEC).... +0:05:15

$$
