000
CXUS52 KMFL 011335
CLMAPF


CLIMATE REPORT
NATIONAL WEATHER SERVICE MIAMI, FL
924 AM EDT TUE MAY 1 2018

...................................

...THE NAPLES CLIMATE SUMMARY FOR THE MONTH OF APRIL 2018...

CLIMATE NORMAL PERIOD 1981 TO 2010
CLIMATE RECORD PERIOD 1942 TO 2018

WEATHER         OBSERVED          NORMAL  DEPART  LAST YEAR`S
                 VALUE   DATE(S)  VALUE   FROM    VALUE  DATE(S)
                                          NORMAL
................................................................
TEMPERATURE (F)
RECORD
 HIGH              95   04/29/2017
                        04/14/1965
 LOW               39   04/08/1971
HIGHEST            90   04/30                         95  04/29
                        04/14
                        04/13
LOWEST             60   04/18                         54  04/08
                        04/17
AVG. MAXIMUM     84.9              83.2     1.7     86.3
AVG. MINIMUM     67.2              63.4     3.8     67.0
MEAN             76.0              73.3     2.7     76.6
DAYS MAX >= 90      3                                  4
DAYS MAX <= 32      0                                  0
DAYS MIN <= 32      0                                  0
DAYS MIN <= 0       0                                  0

PRECIPITATION (INCHES)
RECORD
 MAXIMUM         7.73   1997
 MINIMUM         0.00   1970
                        1967
                        1946
TOTALS           1.02              2.36   -1.34     0.97
DAILY AVG.       0.03              0.08   -0.05     0.03
DAYS >= .01         7                                  5
DAYS >= .10         4                                  3
DAYS >= .50         1                                  0
DAYS >= 1.00        0                                  0
GREATEST
 24 HR. TOTAL    0.51   04/15 TO 04/15              0.39

DEGREE_DAYS
HEATING TOTAL       0                 4      -4        0
 SINCE 7/1        200               260     -60       67
COOLING TOTAL     340               253      87      354
 SINCE 1/1        841               620     221      874
.................................................................

WIND (MPH)
AVERAGE WIND SPEED              8.3
HIGHEST WIND SPEED/DIRECTION    29/260    DATE  04/15
HIGHEST GUST SPEED/DIRECTION    37/260    DATE  04/15

SKY COVER
POSSIBLE SUNSHINE (PERCENT)   MM
AVERAGE SKY COVER           0.20
NUMBER OF DAYS FAIR           24
NUMBER OF DAYS PC              6
NUMBER OF DAYS CLOUDY          0

AVERAGE RH (PERCENT)     74

WEATHER CONDITIONS. NUMBER OF DAYS WITH
  0
  4
  0
  0
  0
  0
  0
HAZE                      2

-  INDICATES NEGATIVE NUMBERS.
R  INDICATES RECORD WAS SET OR TIED.
MM INDICATES DATA IS MISSING.
T  INDICATES TRACE AMOUNT.

$$
