000
CXUS51 KBTV 021012
CLMBTV


CLIMATE REPORT
NATIONAL WEATHER SERVICE BURLINGTON VT
612 AM EDT WED MAY 2 2018

...................................

...THE BURLINGTON VT CLIMATE SUMMARY FOR THE MONTH OF APRIL 2018...

CLIMATE NORMAL PERIOD 1981 TO 2010
CLIMATE RECORD PERIOD 1884 TO 2018

WEATHER         OBSERVED          NORMAL  DEPART  LAST YEAR`S
                 VALUE   DATE(S)  VALUE   FROM    VALUE  DATE(S)
                                          NORMAL
................................................................
TEMPERATURE (F)
RECORD
 HIGH              91   04/19/1976
                        04/18/1976
 LOW                2   04/07/1972
HIGHEST            73   04/24        54      19       82  04/16
LOWEST             20   04/05        34     -14       27  04/09
                                                          04/03
AVG. MAXIMUM     49.4              54.7    -5.3     58.9
AVG. MINIMUM     32.7              34.8    -2.1     40.1
MEAN             41.0              44.8    -3.8     49.5
DAYS MAX >= 90      0               0.0     0.0        0
DAYS MAX <= 32      0               0.3    -0.3        0
DAYS MIN <= 32     17              11.6     5.4        7
DAYS MIN <= 0       0               0.0     0.0        0

PRECIPITATION (INCHES)
RECORD
 MAXIMUM         7.88   2011
 MINIMUM         0.60   1896
TOTALS           4.84              2.82    2.02     3.83
DAILY AVG.       0.16              0.09    0.07     0.13
DAYS >= .01        19              12.8     6.2       16
DAYS >= .10        12               7.3     4.7       10
DAYS >= .50         4               1.7     2.3        1
DAYS >= 1.00        0               0.2    -0.2        0
GREATEST
 24 HR. TOTAL    0.69   04/29 TO 04/29           04/06 TO 04/06
                                                          04/01 TO 04/01EATHER         OBSERVED          NORMAL  DEPART  LAST YEAR`S
                                                          04/01 TO 04/01EATHER         OBSERVED          NORMAL  DEPART  LAST YEAR`S
 STORM TOTAL       MM                                 MM
 (MM/DD(HH))            MM                    04/06(00) TO 04/06(00)
                                                 04/01(00) TO 04/01(00)1EATHER         OBSERVED          NORMAL  DEPART  LAST YEAR`S
                                                 04/01(00) TO 04/01(00)1EATHER         OBSERVED          NORMAL  DEPART  LAST YEAR`S

SNOWFALL (INCHES)
RECORDS
 TOTAL           21.3   5
                        0
                        -26215
TOTALS            4.2               4.6    -0.4      4.4
SINCE 7/1        88.7              81.2     7.5    100.4
SNOWDEPTH AVG.      0                MM      MM        0
DAYS >= 1.0         1               1.3    -0.3        1
GREATEST
 SNOW DEPTH         2   04/15                          7  04/01
                        04/07
 24 HR TOTAL      1.6   04/06 TO 04/06           04/01 TO 04/01
                                                          04/01 TO 04/01EATHER         OBSERVED          NORMAL  DEPART  LAST YEAR`S
                                                          04/01 TO 04/01EATHER         OBSERVED          NORMAL  DEPART  LAST YEAR`S

DEGREE_DAYS
HEATING TOTAL     710               610     100      470
 SINCE 7/1       6546              7074    -528     6005
COOLING TOTAL       0                 2      -2       15
 SINCE 1/1          0                 2      -2       15
.................................................................

WIND (MPH)
AVERAGE WIND SPEED              8.1
HIGHEST WIND SPEED/DIRECTION    32/250    DATE  04/04
HIGHEST GUST SPEED/DIRECTION    44/260    DATE  04/04

SKY COVER
POSSIBLE SUNSHINE (PERCENT)   MM
AVERAGE SKY COVER           0.70
NUMBER OF DAYS FAIR            4
NUMBER OF DAYS PC              8
NUMBER OF DAYS CLOUDY         18

AVERAGE RH (PERCENT)     62

WEATHER CONDITIONS. NUMBER OF DAYS WITH
  0
  7
  2
  0
  5
  1
  1
HAZE                      4

-  INDICATES NEGATIVE NUMBERS.
R  INDICATES RECORD WAS SET OR TIED.
MM INDICATES DATA IS MISSING.
T  INDICATES TRACE AMOUNT.

$$
