021
CXUS53 KPAH 010647
CLMCGI

CLIMATE REPORT
NATIONAL WEATHER SERVICE PADUCAH KY
147 AM CDT TUE MAY 1 2018

...................................

...THE CAPE GIRARDEAU MO CLIMATE SUMMARY FOR THE MONTH OF APRIL 2018...

CLIMATE NORMAL PERIOD 1981 TO 2010
CLIMATE RECORD PERIOD 1960 TO 2018

WEATHER         OBSERVED          NORMAL  DEPART  LAST YEAR`S
                 VALUE   DATE(S)  VALUE   FROM    VALUE
                                          NORMAL
.............................................................
TEMPERATURE (F)
RECORD
 HIGH              91   04/27/1989
 LOW               18   04/08/2007
HIGHEST            81   04/18                         83
LOWEST             27   04/08                         36
                        04/07
AVG. MAXIMUM     62.8              68.8    -6.0     72.4
AVG. MINIMUM     39.6              45.5    -5.9     50.2
MEAN             51.2              57.1    -5.9     61.3
DAYS MAX >= 90      0               0.0     0.0        0
DAYS MAX <= 32      0               0.0     0.0        0
DAYS MIN <= 32      7               2.6     4.4        0
DAYS MIN <= 0       0               0.0     0.0        0

PRECIPITATION (INCHES)
RECORD
 MAXIMUM        20.51   2011
 MINIMUM         1.27   1971
TOTALS           4.63              4.36    0.27     8.28
DAILY AVG.       0.15              0.15    0.00     0.30
DAYS >= .01         8              10.6    -2.6       13
DAYS >= .10         6               7.2    -1.2        9
DAYS >= .50         3               2.8     0.2        6
DAYS >= 1.00        2               1.3     0.7        3
GREATEST
 24 HR. TOTAL    1.42   04/22 TO 04/22

DEGREE_DAYS
HEATING TOTAL     411               262     149      145
 SINCE 7/1       4387              4318      69     3362
COOLING TOTAL       6                27     -21       39
 SINCE 1/1          6                31     -25       42
..............................................................

WIND (MPH)
AVERAGE WIND SPEED              10.1
HIGHEST WIND SPEED/DIRECTION    45/280    DATE  04/03
HIGHEST GUST SPEED/DIRECTION    57/280    DATE  04/03

SKY COVER
POSSIBLE SUNSHINE (PERCENT)   MM
AVERAGE SKY COVER           0.40
NUMBER OF DAYS FAIR           13
NUMBER OF DAYS PC             10
NUMBER OF DAYS CLOUDY          7

AVERAGE RH (PERCENT)     65

WEATHER CONDITIONS. NUMBER OF DAYS WITH
  0
  6
  0
  0
  0
  0
  1
HAZE                      3

-  INDICATES NEGATIVE NUMBERS.
R  INDICATES RECORD WAS SET OR TIED.
MM INDICATES DATA IS MISSING.
T  INDICATES TRACE AMOUNT.

&&

RMKS: THE AVERAGE TEMPERATURE OF 51.2 DEGREES MAKES THIS APRIL
THE COLDEST ON RECORD. THIS BREAKS THE PREVIOUS COLDEST APRIL
SET BACK IN 1983 WITH AN AVERAGE TEMPERATURE OF 51.7 DEGREES.

$$
