000
CXUS52 KGSP 011017
CLMCLT

CLIMATE REPORT
NATIONAL WEATHER SERVICE GREENVILLE-SPARTANBURG SC
617 AM EDT TUE MAY 1 2018

...................................

...THE CHARLOTTE CLIMATE SUMMARY FOR THE MONTH OF APRIL 2018...

CLIMATE NORMAL PERIOD 1981 TO 2010
CLIMATE RECORD PERIOD 1878 TO 2018

WEATHER         OBSERVED          NORMAL  DEPART  LAST YEAR`S
                 VALUE   DATE(S)  VALUE   FROM    VALUE  DATE(S)
                                          NORMAL
................................................................
TEMPERATURE (F)
RECORD
 HIGH              96   04/24/1925
 LOW               21   04/08/2007
HIGHEST            84   04/18        MM      MM       87  04/21
LOWEST             30   04/17        MM      MM       34  04/09
                                                          04/08
AVG. MAXIMUM     71.2              71.9    -0.7     75.9
AVG. MINIMUM     46.2              46.9    -0.7     54.9
MEAN             58.7              59.4    -0.7     65.4
DAYS MAX >= 90      0               0.1    -0.1        0
DAYS MAX <= 32      0               0.0     0.0        0
DAYS MIN <= 32      1               1.1    -0.1        0
DAYS MIN <= 0       0               0.0     0.0        0

PRECIPITATION (INCHES)
RECORD
 MAXIMUM         9.01   1936
 MINIMUM         0.30   1976
TOTALS           5.03              3.04    1.99     5.54
DAILY AVG.       0.17              0.10    0.07     0.18
DAYS >= .01         8               8.8    -0.8        8
DAYS >= .10         6               5.8     0.2        6
DAYS >= .50         3               2.3     0.7        4
DAYS >= 1.00        2               0.6     1.4        3
GREATEST
 24 HR. TOTAL    2.08   04/23 TO 04/24           04/23 TO 04/24


 STORM TOTAL       MM                                 MM
 (MM/DD(HH))            MM                    04/24(00) TO 04/24(00)



SNOWFALL (INCHES)
RECORDS
 TOTAL            3.5   1880
 24 HR TOTAL      3.5   04/09/1880 TO 04/09/1880
 SNOW DEPTH        MM   MM
TOTALS              T                 T     0.0      0.0
 LIQUID EQUIV      MM                MM      MM     0.00
SINCE 7/1         4.2               4.3    -0.1      2.2
 LIQUID 7/1      0.42                MM      MM     0.22
SNOWDEPTH AVG.      0                MM      MM        0
DAYS >= TRACE       2               0.0     2.0        0
DAYS >= 1.0         0               0.0     0.0        0
GREATEST
 SNOW DEPTH         0   MM                             0  MM
 24 HR TOTAL        T   04/08 TO 04/08           04/24 TO 04/24
                        04/07 TO 04/07

 STORM TOTAL       MM                                 MM
 (MM/DD(HH))            MM                    04/24(00) TO 04/24(00)



DEGREE_DAYS
HEATING TOTAL     197               200      -3       85
 SINCE 7/1       2975              3332    -357     2366
COOLING TOTAL      14                32     -18      107
 SINCE 1/1         47                37      10      130

FREEZE DATES
RECORD
 EARLIEST     MM
 LATEST       MM
EARLIEST                        MM
LATEST                          MM
.................................................................

WIND (MPH)
AVERAGE WIND SPEED              8.5
HIGHEST WIND SPEED/DIRECTION    44/210    DATE  04/15
HIGHEST GUST SPEED/DIRECTION    67/200    DATE  04/15

SKY COVER
POSSIBLE SUNSHINE (PERCENT)   MM
AVERAGE SKY COVER           0.50
NUMBER OF DAYS FAIR            9
NUMBER OF DAYS PC             15
NUMBER OF DAYS CLOUDY          6

AVERAGE RH (PERCENT)     61

WEATHER CONDITIONS. NUMBER OF DAYS WITH
THUNDERSTORM              2     MIXED PRECIP               0
HEAVY RAIN                5     RAIN                       6
LIGHT RAIN               10     FREEZING RAIN              0
LT FREEZING RAIN          0     HAIL                       0
HEAVY SNOW                0     SNOW                       0
LIGHT SNOW                2     SLEET                      2
FOG                      10     FOG W/VIS <= 1/4 MILE      1
HAZE                      2

-  INDICATES NEGATIVE NUMBERS.
R  INDICATES RECORD WAS SET OR TIED.
MM INDICATES DATA IS MISSING.
T  INDICATES TRACE AMOUNT.

$$

OUTLAW
