000
CXUS51 KILN 102112 CCA
CLMCMH

CLIMATE REPORT...CORRECTED...
NATIONAL WEATHER SERVICE WILMINGTON OH
510 PM EDT THU MAY 10 2018

...................................

...THE COLUMBUS CLIMATE SUMMARY FOR THE MONTH OF APRIL 2018...

CLIMATE NORMAL PERIOD 1981 TO 2010
CLIMATE RECORD PERIOD 1869 TO 2018

WEATHER         OBSERVED          NORMAL  DEPART  LAST YEAR`S
                 VALUE   DATE(S)  VALUE   FROM    VALUE  DATE(S)
                                          NORMAL
................................................................
TEMPERATURE (F)
RECORD
 HIGH              90   04/25/1915
 LOW               14   04/07/1982
HIGHEST            82   04/13        63      19       85  04/30
                                                          04/26
LOWEST             25   04/08        41     -16       32  04/08
AVG. MAXIMUM     58.0              63.5    -5.5     71.1
AVG. MINIMUM     37.5              42.6    -5.1     48.3
MEAN             47.7              53.1    -5.4     59.7
DAYS MAX >= 90      0               0.0     0.0        0
DAYS MAX <= 32      0               0.0     0.0        0
DAYS MIN <= 32     13               3.8     9.2        1
DAYS MIN <= 0       0               0.0     0.0        0

PRECIPITATION (INCHES)
TOTALS           5.23              3.40    1.83     2.59
DAILY AVG.       0.17              0.11    0.06     0.09
DAYS >= .01        14              13.7     0.3       13
DAYS >= .10         8               7.3     0.7        6
DAYS >= .50         2               2.2    -0.2        2
DAYS >= 1.00        2               0.5     1.5        0
GREATEST
 24 HR. TOTAL    2.06   04/15 TO 04/15           04/29 TO 04/29

SNOWFALL (INCHES)
TOTALS            2.9               1.1     1.8        T
SINCE 7/1        30.7              26.7     4.0      9.3
DAYS >= TRACE      10               1.2     8.8        2
DAYS >= 1.0         0               0.2    -0.2        0
GREATEST
 24 HR TOTAL      0.9   04/01 TO 04/01           04/07 TO 04/07

DEGREE_DAYS
HEATING TOTAL     522               371     151      194
 SINCE 7/1       5182              5082     100     4136
COOLING TOTAL       9                12      -3       42
 SINCE 1/1         13                12       1       48
.................................................................

WIND (MPH)
AVERAGE WIND SPEED              9.4
RESULTANT WIND SPEED/DIRECTION   2/285
HIGHEST WIND SPEED/DIRECTION    37/240    DATE  04/12
HIGHEST GUST SPEED/DIRECTION    46/250    DATE  04/12

SKY COVER
AVERAGE SKY COVER           0.70

AVERAGE RH (PERCENT)     63


-  INDICATES NEGATIVE NUMBERS.
R  INDICATES RECORD WAS SET OR TIED.
MM INDICATES DATA IS MISSING.
T  INDICATES TRACE AMOUNT.

$$
