000
CXUS56 KSGX 011725
CLMCZZ


CLIMATE REPORT
NATIONAL WEATHER SERVICE SAN DIEGO, CA
1025 AM PDT SUN APR 1 2018

...................................

...THE CAMPO ASOS CA CLIMATE SUMMARY FOR THE MONTH OF MARCH 2018...

CLIMATE NORMAL PERIOD 1981 TO 2010
CLIMATE RECORD PERIOD 1948 TO 2018

WEATHER         OBSERVED          NORMAL  DEPART  LAST YEAR`S
                 VALUE   DATE(S)  VALUE   FROM    VALUE  DATE(S)
                                          NORMAL
................................................................
TEMPERATURE (F)
RECORD
 HIGH              92   03/20/1997
 LOW               15   03/15/1977
HIGHEST            86   03/30        66      20       86  03/17
                                                          03/14
LOWEST             26   03/02        36     -10       29  03/05
                        03/01
AVG. MAXIMUM     64.8              67.1    -2.3     71.4
AVG. MINIMUM     37.5              36.0     1.5     38.2
MEAN             51.2              51.6    -0.4     54.8
DAYS MAX >= 90      0               0.0     0.0        0
DAYS MAX <= 32      0               0.0     0.0        0
DAYS MIN <= 32      8               8.3    -0.3        3
DAYS MIN <= 0       0               0.0     0.0        0

PRECIPITATION (INCHES)
RECORD
 MAXIMUM         9.92   1983
 MINIMUM         0.00   1991
TOTALS           1.20              2.69   -1.49     0.11
DAILY AVG.       0.04              0.09   -0.05     0.00
DAYS >= .01        12               6.9     5.1        2
DAYS >= .10         4               4.7    -0.7        0
DAYS >= .50         1               1.8    -0.8        0
DAYS >= 1.00        0               0.7    -0.7        0
GREATEST
 24 HR. TOTAL    0.52   03/10 TO 03/10           03/22 TO 03/22
                                                          03/31 TO 03/31EATHER         OBSERVED          NORMAL  DEPART  LAST YEAR`S
                                                          03/31 TO 03/31EATHER         OBSERVED          NORMAL  DEPART  LAST YEAR`S
 STORM TOTAL       MM                                 MM
 (MM/DD(HH))            MM                    03/22(00) TO 03/22(00)
                                                 03/31(00) TO 03/31(00)1EATHER         OBSERVED          NORMAL  DEPART  LAST YEAR`S
                                                 03/31(00) TO 03/31(00)1EATHER         OBSERVED          NORMAL  DEPART  LAST YEAR`S

DEGREE_DAYS
HEATING TOTAL     418               417       1      309
 SINCE 7/1       2040              2468    -428     2219
COOLING TOTAL       0                 0       0        0
 SINCE 1/1          0                 0       0        0

FREEZE DATES
RECORD
 EARLIEST     08/25/1978
 LATEST       06/23/1991
EARLIEST                        10/16
LATEST                          05/19
.................................................................

WIND (MPH)
AVERAGE WIND SPEED              8.2
RESULTANT WIND SPEED/DIRECTION   2/244
HIGHEST WIND SPEED/DIRECTION    31/240    DATE  03/15
HIGHEST GUST SPEED/DIRECTION    42/250    DATE  03/15

AVERAGE RH (PERCENT)     61


-  INDICATES NEGATIVE NUMBERS.
R  INDICATES RECORD WAS SET OR TIED.
MM INDICATES DATA IS MISSING.
T  INDICATES TRACE AMOUNT.

$$
