000
CXUS56 KOTX 011121
CLMDEW


CLIMATE REPORT
NATIONAL WEATHER SERVICE SPOKANE, WA
415 AM PDT TUE MAY 1 2018

...................................

...THE DEER_PARK WA AIRPORT CLIMATE SUMMARY FOR THE MONTH OF APRIL 2018...

CLIMATE NORMAL PERIOD 1981 TO 2010
CLIMATE RECORD PERIOD 9999 TO 9999

WEATHER         OBSERVED          NORMAL  DEPART  LAST YEAR`S
                 VALUE   DATE(S)  VALUE   FROM    VALUE  DATE(S)
                                          NORMAL
................................................................
TEMPERATURE (F)
RECORD
 HIGH              MM   MM
 LOW               MM   MM
HIGHEST            84   04/27        MM      MM       65  04/22
LOWEST             23   04/03        MM      MM       21  04/04
AVG. MAXIMUM     56.3              57.8    -1.5     55.3
AVG. MINIMUM     32.9              31.9     1.0     31.9
MEAN             44.6              44.9    -0.3     43.6
DAYS MAX >= 90      0               0.0     0.0        0
DAYS MAX <= 32      0               0.0     0.0        0
DAYS MIN <= 32     14              16.0    -2.0       18
DAYS MIN <= 0       0               0.0     0.0        0

PRECIPITATION (INCHES)
RECORD
 MAXIMUM           MM   MM
 MINIMUM           MM   MM
TOTALS           2.95              1.58    1.37     2.45
DAILY AVG.       0.10              0.05    0.05     0.08
DAYS >= .01        16                MM      MM       15
DAYS >= .10        10                MM      MM        9
DAYS >= .50         0                MM      MM        0
DAYS >= 1.00        0                MM      MM        0
GREATEST
 24 HR. TOTAL    0.39   04/07 TO 04/07              0.48

DEGREE_DAYS
HEATING TOTAL     605               604       1      635
 SINCE 7/1       6619              6811    -192     6973
COOLING TOTAL       0                 0       0        0
 SINCE 1/1          0                 0       0        0
.................................................................

WIND (MPH)
AVERAGE WIND SPEED              7.2
HIGHEST WIND SPEED/DIRECTION    32/200    DATE  04/01
HIGHEST GUST SPEED/DIRECTION    41/220    DATE  04/21

SKY COVER
POSSIBLE SUNSHINE (PERCENT)   MM
AVERAGE SKY COVER           0.50
NUMBER OF DAYS FAIR            9
NUMBER OF DAYS PC              9
NUMBER OF DAYS CLOUDY         12

AVERAGE RH (PERCENT)     67

WEATHER CONDITIONS. NUMBER OF DAYS WITH
THUNDERSTORM              0     MIXED PRECIP               0
HEAVY RAIN                2     RAIN                       7
LIGHT RAIN               16     FREEZING RAIN              0
LT FREEZING RAIN          0     HAIL                       0
HEAVY SNOW                0     SNOW                       0
LIGHT SNOW                1     SLEET                      0
FOG                      15     FOG W/VIS <= 1/4 MILE      4
HAZE                      0

-  INDICATES NEGATIVE NUMBERS.
R  INDICATES RECORD WAS SET OR TIED.
MM INDICATES DATA IS MISSING.
T  INDICATES TRACE AMOUNT.

$$
