000
CXUS53 KDDC 011524
CLMGCK


CLIMATE REPORT
NATIONAL WEATHER SERVICE DODGE CITY KS
1016 AM CDT SUN APR 1 2018

...................................

...THE GARDEN CITY REGIONAL ARPT KS CLIMATE SUMMARY FOR THE MONTH OF MARCH 2018...

CLIMATE NORMAL PERIOD 1981 TO 2010
CLIMATE RECORD PERIOD 1948 TO 2018

WEATHER         OBSERVED          NORMAL  DEPART  LAST YEAR`S
                 VALUE   DATE(S)  VALUE   FROM    VALUE  DATE(S)
                                          NORMAL
................................................................
TEMPERATURE (F)
RECORD
 HIGH              93   03/19/2017
                        03/10/1989
                        03/19/1972
 LOW              -22   03/11/1948
HIGHEST            91   03/23        MM      MM       93  03/19
LOWEST             11   03/07        MM      MM       17  03/07
                                                          03/02
AVG. MAXIMUM     63.2              57.8     5.4     64.9
AVG. MINIMUM     29.4              29.4     0.0     32.2
MEAN             46.3              43.6     2.7     48.6
DAYS MAX >= 90      1               0.0     1.0        1
DAYS MAX <= 32      0               1.5    -1.5        0
DAYS MIN <= 32     19              18.9     0.1       14
DAYS MIN <= 0       0               0.1    -0.1        0

PRECIPITATION (INCHES)
RECORD
 MAXIMUM         7.25   1973
 MINIMUM            T   2016
TOTALS           0.38              1.46   -1.08     2.50
DAYS >= .01         3               5.3    -2.3        4
DAYS >= .10         1               2.7    -1.7        3
DAYS >= .50         0               0.8    -0.8        2
DAYS >= 1.00        0               0.2    -0.2        1
GREATEST
 24 HR. TOTAL    0.25   03/18 TO 03/18           03/28 TO 03/28
                                                          03/28 TO 03/28
                                                          03/28 TO 03/28

DEGREE_DAYS
HEATING TOTAL     578               664     -86      510
 SINCE 7/1       4462              4688    -226     3984
COOLING TOTAL       4                 0       4        8
 SINCE 1/1          4                 0       4        8
.........................................................

WIND (MPH)
AVERAGE WIND SPEED              14.2
HIGHEST WIND SPEED/DIRECTION    47/310    DATE  03/16
HIGHEST GUST SPEED/DIRECTION    69/340    DATE  03/06

SKY COVER
POSSIBLE SUNSHINE (PERCENT)   MM
AVERAGE SKY COVER           0.20
NUMBER OF DAYS FAIR           24
NUMBER OF DAYS PC              5
NUMBER OF DAYS CLOUDY          2


WEATHER CONDITIONS. NUMBER OF DAYS WITH
THUNDERSTORM              1     MIXED PRECIP               0
HEAVY RAIN                1     RAIN                       2
LIGHT RAIN                4     FREEZING RAIN              0
LT FREEZING RAIN          0     HAIL                       0
HEAVY SNOW                0     SNOW                       0
LIGHT SNOW                1     SLEET                      0
FOG                       7     FOG W/VIS <= 1/4 MILE      0
HAZE                      2

-  INDICATES NEGATIVE NUMBERS.
R  INDICATES RECORD WAS SET OR TIED.
MM INDICATES DATA IS MISSING.
T  INDICATES TRACE AMOUNT.

$$
