000
CXUS54 KJAN 051936 AAA
CLMGWO

CLIMATE REPORT...UPDATED WEATHER CONDITIONS
NATIONAL WEATHER SERVICE JACKSON MS
236 PM CDT SAT MAY 5 2018

...................................

...THE GREENWOOD CLIMATE SUMMARY FOR THE MONTH OF APRIL 2018...

CLIMATE NORMAL PERIOD 1981 TO 2010
CLIMATE RECORD PERIOD 1948 TO 2018

WEATHER         OBSERVED          NORMAL  DEPART  LAST YEAR`S
                 VALUE   DATE(S)  VALUE   FROM    VALUE  DATE(S)
                                          NORMAL
................................................................
TEMPERATURE (F)
RECORD
 HIGH              94   04/21/1987
 LOW               28   04/11/1989
                        04/04/1987
HIGHEST            87   04/03        MM      MM       90  04/29
LOWEST             31   04/08        MM      MM       39  04/08
AVG. MAXIMUM     71.8              75.2    -3.4     79.4
AVG. MINIMUM     47.3              51.6    -4.3     56.3
MEAN             59.6              63.4    -3.8     67.8
DAYS MAX >= 90      0               0.2    -0.2        1
DAYS MAX <= 32      0               0.0     0.0        0
DAYS MIN <= 32      1               0.4     0.6        0
DAYS MIN <= 0       0               0.0     0.0        0

PRECIPITATION (INCHES)
RECORD
 MAXIMUM        14.68   1991
 MINIMUM         0.83   1976
TOTALS           5.60              5.13    0.47     5.96
DAILY AVG.       0.19              0.17    0.02     0.20
DAYS >= .01         8               7.8     0.2       10
DAYS >= .10         6               5.5     0.5        6
DAYS >= .50         4               2.6     1.4        4
DAYS >= 1.00        2               1.8     0.2        2
GREATEST
 24 HR. TOTAL    1.97   04/14 TO 04/14              2.46

SNOWFALL (INCHES)
TOTALS            0.0

DEGREE_DAYS
HEATING TOTAL     176               124      52       43
 SINCE 7/1       2501              2671    -170     1758
COOLING TOTAL      22                76     -54      139
 SINCE 1/1         85               102     -17      234
.................................................................

WIND (MPH)
AVERAGE WIND SPEED              7.2
HIGHEST WIND SPEED/DIRECTION    31/220    DATE  04/03
HIGHEST GUST SPEED/DIRECTION    39/210    DATE  04/03

SKY COVER
POSSIBLE SUNSHINE (PERCENT)   MM
AVERAGE SKY COVER           0.30
NUMBER OF DAYS FAIR           17
NUMBER OF DAYS PC              7
NUMBER OF DAYS CLOUDY          6

AVERAGE RH (PERCENT)     65

WEATHER CONDITIONS. NUMBER OF DAYS WITH
THUNDERSTORM              3     MIXED PRECIP               0
HEAVY RAIN                5     RAIN                       6
LIGHT RAIN                8     FREEZING RAIN              0
LT FREEZING RAIN          0     HAIL                       0
HEAVY SNOW                0     SNOW                       0
LIGHT SNOW                0     SLEET                      0
FOG                      13     FOG W/VIS <= 1/4 MILE      2
HAZE                      1

-  INDICATES NEGATIVE NUMBERS.
R  INDICATES RECORD WAS SET OR TIED.
MM INDICATES DATA IS MISSING.
T  INDICATES TRACE AMOUNT.

$$
