712
CXUS51 KCAR 012318
CLMHUL


CLIMATE REPORT
NATIONAL WEATHER SERVICE CARIBOU, ME
717 PM EDT SUN APR 1 2018

...................................

...THE HOULTON ME CLIMATE SUMMARY FOR THE MONTH OF MARCH 2018...

CLIMATE NORMAL PERIOD 1981 TO 2010
CLIMATE RECORD PERIOD 1948 TO 2018

WEATHER         OBSERVED          NORMAL  DEPART  LAST YEAR`S
                 VALUE   DATE(S)  VALUE   FROM    VALUE  DATE(S)
                                          NORMAL
................................................................
TEMPERATURE (F)
RECORD
 HIGH              79   03/22/2012
                        03/21/2012
                        05/22/1911
 LOW              -31   03/02/2001
HIGHEST            48   03/27        MM      MM       46  03/01
LOWEST              3   03/27        MM      MM       -7  03/11
                        03/26
                        03/18
AVG. MAXIMUM     36.1              36.1     0.0     30.7
AVG. MINIMUM     20.8              15.0     5.8     10.4
MEAN             28.5              25.6     2.9     20.5
DAYS MAX >= 90      0               0.0     0.0        0
DAYS MAX <= 32      9               9.1    -0.1       16
DAYS MIN <= 32     31              28.8     2.2       29
DAYS MIN <= 0       0               4.6    -4.6        7

PRECIPITATION (INCHES)
RECORD
 MAXIMUM           MM   MM
 MINIMUM           MM   MM
TOTALS           1.99                     -0.60
DAILY AVG.       0.06              0.08   -0.02     0.05
DAYS >= .01         9              11.5    -2.5        8
DAYS >= .10         5               6.5    -1.5        5
DAYS >= .50         2               1.5     0.5        0
DAYS >= 1.00        0               0.4    -0.4        0
GREATEST
 24 HR. TOTAL    0.68   03/14 TO 03/14           03/14 TO 03/14
                                                          03/14 TO 03/14EATHER         OBSERVED          NORMAL  DEPART  LAST YEAR`S
                                                          03/14 TO 03/14EATHER         OBSERVED          NORMAL  DEPART  LAST YEAR`S

SNOWFALL (INCHES)
RECORDS
 TOTAL             MM   MM
TOTALS             MM              17.8      MM       MM
SINCE 7/1          MM              83.4      MM       MM
SNOWDEPTH AVG.     MM                12      MM       MM
DAYS >= 1.0         0               4.3    -4.3        0
GREATEST
 SNOW DEPTH        MM                                 MM  MM
 24 HR TOTAL       MM                                 MM

DEGREE_DAYS
HEATING TOTAL    1127              1223     -96
.................................................................

WIND (MPH)
AVERAGE WIND SPEED              9.4
HIGHEST WIND SPEED/DIRECTION    31/020    DATE  03/22
HIGHEST GUST SPEED/DIRECTION    40/040    DATE  03/13

SKY COVER
POSSIBLE SUNSHINE (PERCENT)   MM
AVERAGE SKY COVER           0.70
NUMBER OF DAYS FAIR            7
NUMBER OF DAYS PC              8
NUMBER OF DAYS CLOUDY         16

AVERAGE RH (PERCENT)     72

WEATHER CONDITIONS. NUMBER OF DAYS WITH
  0
  1
  0
  0
  5
  0
  2
HAZE                      6

-  INDICATES NEGATIVE NUMBERS.
R  INDICATES RECORD WAS SET OR TIED.
MM INDICATES DATA IS MISSING.
T  INDICATES TRACE AMOUNT.

$$
