000
CXUS51 KOKX 011540
CLMJFK

CLIMATE REPORT
NATIONAL WEATHER SERVICE NEW YORK NY
1103 AM EDT SUN APR 1 2018

...................................

...THE KENNEDY NY CLIMATE SUMMARY FOR THE MONTH OF MARCH 2018...

CLIMATE NORMAL PERIOD 1981 TO 2010
CLIMATE RECORD PERIOD 1948 TO 2018

WEATHER         OBSERVED          NORMAL  DEPART  LAST YEAR`S
                 VALUE   DATE(S)  VALUE   FROM    VALUE  DATE(S)
                                          NORMAL
................................................................
TEMPERATURE (F)
RECORD
 HIGH              85   03/13/1990
 LOW                7   03/19/1967
HIGHEST            62   03/30        MM      MM       64  03/09
LOWEST             27   03/17        MM      MM       16  03/05
AVG. MAXIMUM     45.8              49.0    -3.2     46.9
AVG. MINIMUM     32.9              34.2    -1.3     31.7
MEAN             39.3              41.6    -2.3     39.3
DAYS MAX >= 90      0               0.0     0.0        0
DAYS MAX <= 32      0               0.7    -0.7        3
DAYS MIN <= 32     19              11.0     8.0       16
DAYS MIN <= 0       0               0.0     0.0        0

PRECIPITATION (INCHES)
RECORD
 MAXIMUM         8.62   2010
 MINIMUM         0.95   1981
TOTALS           5.08              3.78    1.30     5.79
DAILY AVG.       0.16              0.12    0.04     0.19
DAYS >= .01        11              11.0     0.0       12
DAYS >= .10         5               7.0    -2.0        7
DAYS >= .50         4               2.6     1.4        3
DAYS >= 1.00        2               1.0     1.0        2
GREATEST
 24 HR. TOTAL    2.16   03/02 TO 03/02           03/31 TO 03/31
                                                          03/14 TO 03/14
                                                          03/14 TO 03/14
 STORM TOTAL       MM                                 MM
 (MM/DD(HH))            MM                    03/31(00) TO 03/31(00)
                                                 03/14(00) TO 03/14(00)4
                                                 03/14(00) TO 03/14(00)4

SNOWFALL (INCHES)
RECORDS
 TOTAL           21.1   1960
                        0
                        0
 24 HR TOTAL       MM
TOTALS           12.8               3.5     9.3      7.5
 LIQUID EQUIV    1.28              0.30    0.98     0.75
SINCE 7/1        31.8              23.0     8.8
 LIQUID 7/1      3.18              2.30             3.09
DAYS >= TRACE      12               2.3     9.7        6
DAYS >= 1.0         3               1.0     2.0        2
GREATEST
 SNOW DEPTH         9   03/22                          4  03/16
                                                          03/15
                                                          03/14
 24 HR TOTAL      8.4   03/21 TO 03/21           03/14 TO 03/14
                                                          03/14 TO 03/14
                                                          03/14 TO 03/14
 STORM TOTAL       MM                                 MM
 (MM/DD(HH))            MM                    03/14(00) TO 03/14(00)
                                                 03/14(00) TO 03/14(00)4
                                                 03/14(00) TO 03/14(00)4

DEGREE_DAYS
HEATING TOTAL     788               725      63      788
 SINCE 7/1       4167              4236     -69     3706
COOLING TOTAL       0                 0       0        0
 SINCE 1/1          0                 0       0        0
.................................................................

WIND (MPH)
AVERAGE WIND SPEED              15.4
HIGHEST WIND SPEED/DIRECTION    51/330    DATE  03/02
HIGHEST GUST SPEED/DIRECTION    66/340    DATE  03/02

SKY COVER
POSSIBLE SUNSHINE (PERCENT)   MM
AVERAGE SKY COVER           0.60
NUMBER OF DAYS FAIR            5
NUMBER OF DAYS PC             12
NUMBER OF DAYS CLOUDY         14

AVERAGE RH (PERCENT)     63

WEATHER CONDITIONS. NUMBER OF DAYS WITH
  0
  5
  0
  0
  5
  3
  2
HAZE                      0

-  INDICATES NEGATIVE NUMBERS.
R  INDICATES RECORD WAS SET OR TIED.
MM INDICATES DATA IS MISSING.
T  INDICATES TRACE AMOUNT.

$$
