000
CXUS51 KRNK 011011
CLMLYH
CLIMATE REPORT
NATIONAL WEATHER SERVICE BLACKSBURG, VA
511 AM EST FRI MAR 01 2024
...................................
...THE LYNCHBURG VA CLIMATE SUMMARY FOR THE MONTH OF FEBRUARY 2024...
CLIMATE NORMAL PERIOD: 1991 TO 2020
CLIMATE RECORD PERIOD: 1893 TO 2024
WEATHER OBSERVED NORMAL DEPART LAST YEAR`S
VALUE DATE(S) VALUE FROM VALUE
NORMAL
..............................................................
TEMPERATURE (F)
RECORD
HIGH 82 02/11/1932
LOW -11 02/20/2015
HIGHEST 68 02/26 79
LOWEST 21 02/07 16
AVG. MAXIMUM 55.8 49.6 6.2 60.4
AVG. MINIMUM 31.1 28.0 3.1 36.7
MEAN 43.4 38.8 4.6 48.6
DAYS MAX >= 90 0 0.0 0.0 0
DAYS MAX <= 32 0 1.5 -1.5 0
DAYS MIN <= 32 18 19.4 -1.4 9
DAYS MIN <= 0 0 0.1 -0.1 0
PRECIPITATION (INCHES)
RECORD
MAXIMUM 7.84 1897
MINIMUM 0.53 1918
TOTALS 2.75 2.91 -0.16 3.16
DAYS >= .01 9 9.5 -0.5 9
DAYS >= .10 6 5.7 0.3 5
DAYS >= .50 3 2.1 0.9 2
DAYS >= 1.00 0 0.6 -0.6 1
GREATEST
24 HR. TOTAL 0.88 1.71
SNOWFALL (INCHES)
TOTALS 0.0 3.6 -3.6 0.2
DAYS >= TRACE 0 1.8 -1.8 2
DAYS >= 1.0 0 0.8 -0.8 0
GREATEST
24 HR TOTAL MM MM
DEGREE DAYS
HEATING TOTAL 618 734 -116 452
COOLING TOTAL 0 0 0 0
..............................................................
WIND (MPH)
AVERAGE WIND SPEED 4.7
RESULTANT WIND SPEED/DIRECTION 1/200
HIGHEST WIND SPEED/DIRECTION 22/190 DATE 02/22
22/200 02/28
HIGHEST GUST SPEED/DIRECTION 38/320 DATE 02/28
SKY COVER
AVERAGE SKY COVER 0.25
AVERAGE RH (PERCENT) 61
WEATHER CONDITIONS. NUMBER OF DAYS WITH
THUNDERSTORM 2 MIXED PRECIP 0
HEAVY RAIN 3 RAIN 5
LIGHT RAIN 12 FREEZING RAIN 0
LT FREEZING RAIN 0 HAIL 0
HEAVY SNOW 0 SNOW 0
LIGHT SNOW 0 SLEET 0
FOG 7 FOG W/VIS <= 1/4 MILE 2
HAZE 0
- INDICATES NEGATIVE NUMBERS.
R INDICATES RECORD WAS SET OR TIED.
MM INDICATES DATA IS MISSING.
T INDICATES TRACE AMOUNT.
$$