000
CXUS54 KJAN 011301
CLMMEI


CLIMATE REPORT
NATIONAL WEATHER SERVICE JACKSON MS
759 AM CDT SUN APR 1 2018

...................................

...THE MERIDIAN CLIMATE SUMMARY FOR THE MONTH OF MARCH 2018...

CLIMATE NORMAL PERIOD 1981 TO 2010
CLIMATE RECORD PERIOD 1889 TO 2018

WEATHER         OBSERVED          NORMAL  DEPART  LAST YEAR`S
                 VALUE   DATE(S)  VALUE   FROM    VALUE  DATE(S)
                                          NORMAL
................................................................
TEMPERATURE (F)
RECORD
 HIGH              93   03/24/1929
 LOW               15   03/03/1980
                        03/03/1943
HIGHEST            84   03/25        84       0       89  03/21
                        03/19
                        03/17
LOWEST             30   03/15        27       3       31  03/16
AVG. MAXIMUM     71.3              69.0     2.3     73.1
AVG. MINIMUM     46.0              42.3     3.7     48.9
MEAN             58.6              55.6     3.0     61.0
DAYS MAX >= 90      0               0.0     0.0        0
DAYS MAX <= 32      0               0.0     0.0        0
DAYS MIN <= 32      3               4.7    -1.7        4
DAYS MIN <= 0       0               0.0     0.0        0

PRECIPITATION (INCHES)
RECORD
 MAXIMUM        16.47   1976
 MINIMUM         0.52   2007
TOTALS           5.35              5.42   -0.07     5.77
DAILY AVG.       0.17              0.17    0.00     0.19
DAYS >= .01        10               9.4     0.6       11
DAYS >= .10         8               6.7     1.3       10
DAYS >= .50         6               3.5     2.5        5
DAYS >= 1.00        2               1.9     0.1        2
GREATEST
 24 HR. TOTAL    1.14   03/11 TO 03/11              1.47

SNOWFALL (INCHES)
RECORDS
 TOTAL            5.7   1993
TOTALS            0.0               0.2    -0.2      0.0
SINCE 7/1         5.3               0.5     4.8      0.8
DAYS >= TRACE       0
DAYS >= 1.0         0               0.1    -0.1        0
GREATEST
 24 HR TOTAL      0.0   03/31 TO 03/31

DEGREE_DAYS
HEATING TOTAL     231               307     -76      190
 SINCE 7/1       1984              2404    -420     1318
COOLING TOTAL      44                17      27       74
 SINCE 1/1        118                24      94      120
.................................................................

WIND (MPH)
AVERAGE WIND SPEED              7.3
HIGHEST WIND SPEED/DIRECTION    29/350    DATE  03/01
HIGHEST GUST SPEED/DIRECTION    36/340    DATE  03/01

SKY COVER
POSSIBLE SUNSHINE (PERCENT)   MM
AVERAGE SKY COVER           0.40
NUMBER OF DAYS FAIR           14
NUMBER OF DAYS PC             11
NUMBER OF DAYS CLOUDY          6

AVERAGE RH (PERCENT)     67

WEATHER CONDITIONS. NUMBER OF DAYS WITH
THUNDERSTORM              4     MIXED PRECIP               0
HEAVY RAIN                7     RAIN                       8
LIGHT RAIN               12     FREEZING RAIN              0
LT FREEZING RAIN          0     HAIL                       0
HEAVY SNOW                0     SNOW                       0
LIGHT SNOW                0     SLEET                      0
FOG                      15     FOG W/VIS <= 1/4 MILE      1
HAZE                      3

-  INDICATES NEGATIVE NUMBERS.
R  INDICATES RECORD WAS SET OR TIED.
MM INDICATES DATA IS MISSING.
T  INDICATES TRACE AMOUNT.

$$
