000
CXUS56 KOTX 012044
CLMSFF


CLIMATE REPORT
NATIONAL WEATHER SERVICE SPOKANE, WA
144 PM PDT SUN APR 1 2018

...................................

...THE SPOKANE WA FELTS AIRPORT CLIMATE SUMMARY FOR THE MONTH OF MARCH 2018...

CLIMATE NORMAL PERIOD 1981 TO 2010
CLIMATE RECORD PERIOD 9999 TO 9999

WEATHER         OBSERVED          NORMAL  DEPART  LAST YEAR`S
                 VALUE   DATE(S)  VALUE   FROM    VALUE  DATE(S)
                                          NORMAL
................................................................
TEMPERATURE (F)
RECORD
 HIGH              MM   MM
 LOW               MM   MM
HIGHEST            64   03/13        MM      MM       62  03/14
LOWEST             23   03/04        MM      MM       25  03/07
AVG. MAXIMUM     51.1              50.5     0.6     50.5
AVG. MINIMUM     30.4              31.1    -0.7     34.9
MEAN             40.7              40.8    -0.1     42.7
DAYS MAX >= 90      0               0.0     0.0        0
DAYS MAX <= 32      0               0.3    -0.3        0
DAYS MIN <= 32     22              17.1     4.9       10
DAYS MIN <= 0       0               0.0     0.0        0

PRECIPITATION (INCHES)
RECORD
 MAXIMUM           MM   MM
 MINIMUM           MM   MM
TOTALS           1.22              1.57   -0.35     3.12
DAILY AVG.       0.04              0.05   -0.01     0.10
DAYS >= .01         9                MM      MM       20
DAYS >= .10         6                MM      MM       10
DAYS >= .50         0                MM      MM        1
DAYS >= 1.00        0                MM      MM        0
GREATEST
 24 HR. TOTAL    0.25   03/24 TO 03/24              0.56

DEGREE_DAYS
HEATING TOTAL     745               750      -5      683
 SINCE 7/1       5062              5321    -259     5279
COOLING TOTAL       0                 0       0        0
 SINCE 1/1          0                 0       0        0
.................................................................

WIND (MPH)
AVERAGE WIND SPEED              5.1
HIGHEST WIND SPEED/DIRECTION    33/230    DATE  03/22
HIGHEST GUST SPEED/DIRECTION    42/220    DATE  03/22

SKY COVER
POSSIBLE SUNSHINE (PERCENT)   MM
AVERAGE SKY COVER           0.50
NUMBER OF DAYS FAIR           11
NUMBER OF DAYS PC             10
NUMBER OF DAYS CLOUDY         10

AVERAGE RH (PERCENT)     67

WEATHER CONDITIONS. NUMBER OF DAYS WITH
THUNDERSTORM              0     MIXED PRECIP               0
HEAVY RAIN                0     RAIN                       2
LIGHT RAIN                8     FREEZING RAIN              0
LT FREEZING RAIN          0     HAIL                       0
HEAVY SNOW                0     SNOW                       0
LIGHT SNOW                3     SLEET                      0
FOG                      13     FOG W/VIS <= 1/4 MILE      1
HAZE                      2

-  INDICATES NEGATIVE NUMBERS.
R  INDICATES RECORD WAS SET OR TIED.
MM INDICATES DATA IS MISSING.
T  INDICATES TRACE AMOUNT.

$$
