600
CXUS55 KLKN 011844
CLMTPH


CLIMATE REPORT
NATIONAL WEATHER SERVICE ELKO NV
1132 AM PDT SUN APR 1 2018

...................................

...THE TONOPAH AIRPORT NV CLIMATE SUMMARY FOR THE MONTH OF MARCH 2018...

CLIMATE NORMAL PERIOD 1981 TO 2010
CLIMATE RECORD PERIOD 1954 TO 2018

WEATHER         OBSERVED          NORMAL  DEPART  LAST YEAR`S
                 VALUE   DATE(S)  VALUE   FROM    VALUE  DATE(S)
                                          NORMAL
................................................................
TEMPERATURE (F)
RECORD
 HIGH              79   03/21/2004
                        03/20/2004
 LOW                4   03/02/1971
HIGHEST            71   03/31        71       0       76  03/17
LOWEST             11   03/04        18      -7       11  03/06
AVG. MAXIMUM     55.0              56.8    -1.8     62.9
AVG. MINIMUM     27.7              29.0    -1.3     32.3
MEAN             41.4              42.9    -1.5     47.6
DAYS MAX >= 90      0               0.0     0.0        0
DAYS MAX <= 32      0               0.1    -0.1        0
DAYS MIN <= 32     22              20.7     1.3       14
DAYS MIN <= 0       0               0.0     0.0        0

PRECIPITATION (INCHES)
RECORD
 MAXIMUM         2.38   1978
 MINIMUM         0.00   2003
                        1997
                        1972
TOTALS           0.22              0.57   -0.35     0.31
DAILY AVG.       0.01              0.02   -0.01     0.01
DAYS >= .01         3               4.1    -1.1        5
DAYS >= .10         1               1.8    -0.8        1
DAYS >= .50         0               0.1    -0.1        0
DAYS >= 1.00        0               0.0     0.0        0
GREATEST
 24 HR. TOTAL    0.15   03/14 TO 03/14              0.20

DEGREE_DAYS
HEATING TOTAL     724               685      39      531
 SINCE 7/1       4304              4727    -423     4396
COOLING TOTAL       0                 0       0        0
 SINCE 1/1          0                 0       0        0
.................................................................

WIND (MPH)
AVERAGE WIND SPEED              11.1
HIGHEST WIND SPEED/DIRECTION    38/200    DATE  03/02
HIGHEST GUST SPEED/DIRECTION    47/200    DATE  03/02

AVERAGE RH (PERCENT)     50

WEATHER CONDITIONS. NUMBER OF DAYS WITH
THUNDERSTORM              0     MIXED PRECIP               0
HEAVY RAIN                0     RAIN                       0
LIGHT RAIN                5     FREEZING RAIN              0
LT FREEZING RAIN          0     HAIL                       0
HEAVY SNOW                0     SNOW                       1
LIGHT SNOW                3     SLEET                      0
FOG                       6     FOG W/VIS <= 1/4 MILE      2
HAZE                      0

-  INDICATES NEGATIVE NUMBERS.
R  INDICATES RECORD WAS SET OR TIED.
MM INDICATES DATA IS MISSING.
T  INDICATES TRACE AMOUNT.

&&

=====================================================================

A RECORD DAILY RAINFALL OF 0.15 INCHES WAS SET ON THE 14TH.

$$

DS
