000
CXUS53 KLOT 011228
CLMUGN


CLIMATE REPORT
NATIONAL WEATHER SERVICE CHICAGO IL
717 AM CDT SUN APR 1 2018

...................................

...THE WAUKEGAN   CLIMATE SUMMARY FOR THE MONTH OF MARCH 2018...

CLIMATE NORMAL PERIOD 1981 TO 2010
CLIMATE RECORD PERIOD 2000 TO 2018

WEATHER         OBSERVED          NORMAL  DEPART  LAST YEAR`S
                 VALUE   DATE(S)  VALUE   FROM    VALUE
                                          NORMAL
.............................................................
TEMPERATURE (F)
RECORD
 HIGH              84   03/21/2012
                        03/20/2012
                        03/20/2012
 LOW               -7   03/04/2002
HIGHEST            58   03/18        MM      MM       80
LOWEST             16   03/10        MM      MM       10
AVG. MAXIMUM     41.1              43.9    -2.8     43.3
AVG. MINIMUM     25.1              26.5    -1.4     28.6
MEAN             33.1              35.2    -2.1     36.0

PRECIPITATION (INCHES)
RECORD
 MAXIMUM         4.57   2004
 MINIMUM         0.79   2005
TOTALS           0.49R             2.32   -1.83     3.43

DEGREE_DAYS
HEATING TOTAL     981               924      57      893
 SINCE 7/1       5658              5870    -212     5005
COOLING TOTAL       0                 0       0        0
 SINCE 1/1          0                 0       0        0
..............................................................

WIND (MPH)
AVERAGE WIND SPEED              8.5
HIGHEST WIND SPEED/DIRECTION    35/220    DATE  03/31
HIGHEST GUST SPEED/DIRECTION    42/220    DATE  03/31

AVERAGE RH (PERCENT)     69


-  INDICATES NEGATIVE NUMBERS.
R  INDICATES RECORD WAS SET OR TIED.
MM INDICATES DATA IS MISSING.
T  INDICATES TRACE AMOUNT.

$$
