000
CXUS54 KCRP 011519
CLMVCT

CLIMATE REPORT
NATIONAL WEATHER SERVICE CORPUS CHRISTI TX
950 AM CDT TUE MAY 1 2018

...................................

...THE VICTORIA CLIMATE SUMMARY FOR THE MONTH OF APRIL 2018...

CLIMATE NORMAL PERIOD 1981 TO 2010
CLIMATE RECORD PERIOD 1893 TO 2018

WEATHER         OBSERVED          NORMAL  DEPART  LAST YEAR`S
                 VALUE   DATE(S)  VALUE   FROM    VALUE  DATE(S)
                                          NORMAL
................................................................
TEMPERATURE (F)
RECORD
 HIGH             100   04/16/1920
 LOW               33   04/03/1987
HIGHEST            87   04/25        80       7       95  04/26
                        04/24
LOWEST             43   04/15        61     -18       47  04/06
                        04/08
                        04/07
AVG. MAXIMUM     79.9              80.5    -0.6     83.5
AVG. MINIMUM     56.3              59.3    -3.0     61.6
MEAN             68.1              69.9    -1.8     72.6
DAYS MAX >= 90      0               0.8    -0.8        1
DAYS MAX <= 32      0               0.0     0.0        0
DAYS MIN <= 32      0               0.0     0.0        0
DAYS MIN <= 0       0               0.0     0.0        0

PRECIPITATION (INCHES)
RECORD
 MAXIMUM        11.70   1997
 MINIMUM            T   1987
TOTALS           1.39              2.82   -1.43     2.94
DAILY AVG.       0.05              0.09   -0.04     0.10
DAYS >= .01         5               6.1    -1.1        7
DAYS >= .10         2               3.2    -1.2        4
DAYS >= .50         2               1.3     0.7        3
DAYS >= 1.00        0               0.7    -0.7        2
GREATEST
 24 HR. TOTAL    0.68   04/14 TO 04/14           04/11 TO 04/11

SNOWFALL (INCHES)
RECORDS
 TOTAL            0.0   MM
 24 HR TOTAL      0.0   MM
TOTALS            0.0               0.0     0.0      0.0
SINCE 7/1         2.0               0.1     1.9      0.0
SNOWDEPTH AVG.      0                MM      MM        0
DAYS >= 1.0         0               0.0     0.0        0
GREATEST
 SNOW DEPTH         0   MM                             0
 24 HR TOTAL      0.0   04/30 TO 04/30               0.0

DEGREE_DAYS
HEATING TOTAL      31                30       1        2
 SINCE 7/1       1133              1248    -115      567
COOLING TOTAL     131               177     -46      239
 SINCE 1/1        371               289      82      626
.................................................................

WIND (MPH)
AVERAGE WIND SPEED              10.6
HIGHEST WIND SPEED/DIRECTION    43/340    DATE  04/14
HIGHEST GUST SPEED/DIRECTION    53/340    DATE  04/14

SKY COVER
AVERAGE SKY COVER           0.50

AVERAGE RH (PERCENT)     70

WEATHER CONDITIONS. NUMBER OF DAYS WITH
THUNDERSTORM              2     MIXED PRECIP               0
HEAVY RAIN                2     RAIN                       2
LIGHT RAIN               10     FREEZING RAIN              0
LT FREEZING RAIN          0     HAIL                       0
HEAVY SNOW                0     SNOW                       0
LIGHT SNOW                0     SLEET                      0
FOG                      15     FOG W/VIS <= 1/4 MILE      3
HAZE                      5


-  INDICATES NEGATIVE NUMBERS.
R  INDICATES RECORD WAS SET OR TIED.
MM INDICATES DATA IS MISSING.
T  INDICATES TRACE AMOUNT.

$$

88
