000
CXUS55 KPUB 021759
CLSALS
CLIMATE REPORT
NATIONAL WEATHER SERVICE
1059 AM MST SAT MAR 02 2024
...................................
...THE ALAMOSA CO CLIMATE SUMMARY FOR THE SEASON, FROM
12/1/2023 TO 2/29/2024...
CLIMATE NORMAL PERIOD 1991 TO 2020
CLIMATE RECORD PERIOD 1932 TO 2024
WEATHER OBSERVED NORMAL DEPART LAST YEAR`S
VALUE DATE(S) VALUE FROM VALUE DATE(S)
NORMAL
................................................................
TEMPERATURE (F)
RECORD
HIGH 66 02/25/1986
LOW -50 01/28/1948
HIGHEST 58 02/20 54 02/05
02/25
LOWEST -18 01/12 -24 02/17
AVG. MAXIMUM 40.6 37.1 3.5 40.7
AVG. MINIMUM 7.5 2.4 5.1 4.2
MEAN 24.0 19.8 4.2 22.5
DAYS MAX >= 90 0 0.0 0.0
DAYS MAX <= 32 16 30.3 -14.3
DAYS MIN <= 32 91 89.7 1.3
DAYS MIN <= 0 21 39.6 -18.6
PRECIPITATION (INCHES)
RECORD
MAXIMUM 2.73 2017
MINIMUM 0.08 1999
TOTALS 1.11 0.94 0.17 0.79
DAILY AVG. 0.01 NAN NAN
DAYS >= .01 17 12.0 5.0
DAYS >= .10 5 3.1 1.9
DAYS >= .50 0 0.0 0.0
DAYS >= 1.00 0 0.0 0.0
GREATEST
24 HR. TOTAL 0.33 12/13 TO 12/14
SNOWFALL (INCHES)
RECORDS
MAXIMUM 38.1 1965
MINIMUM 1.6 1935
TOTALS 13.4 13.2 0.2 10.6
SINCE 7/1 13.5 19.3 -5.8 14.5
SNOWDEPTH AVG. 0
DAYS >= 1.0 6 4.6 1.4
GREATEST
SNOW DEPTH 4 12/13 5
12/14
24 HR TOTAL 4.2 12/13 TO 12/13 4.5
DEGREE DAYS
HEATING TOTAL 3714 4086 -372 3801
SINCE 7/1 5553 6238 -685 5807
COOLING TOTAL 0 0 0 0
SINCE 1/1 0 0 0 0
................................................................
WIND (MPH)
AVERAGE WIND SPEED 5.5
HIGHEST WIND SPEED/DIRECTION 40/260 DATE 02/26
HIGHEST GUST SPEED/DIRECTION 58/250 DATE 02/26
SKY COVER
POSSIBLE SUNSHINE (PERCENT) MM
AVERAGE SKY COVER 0.25
NUMBER OF DAYS FAIR 65
NUMBER OF DAYS PC 15
NUMBER OF DAYS CLOUDY 11
AVERAGE RH (PERCENT) 64
WEATHER CONDITIONS. NUMBER OF DAYS WITH
THUNDERSTORM 0 MIXED PRECIP 0
HEAVY RAIN 0 RAIN 0
LIGHT RAIN 7 FREEZING RAIN 0
LT FREEZING RAIN 0 HAIL 0
HEAVY SNOW 4 SNOW 10
LIGHT SNOW 25 SLEET 0
FOG 32 FOG W/VIS <= 1/4 MILE 16
HAZE 2
- INDICATES NEGATIVE NUMBERS.
R INDICATES RECORD WAS SET OR TIED.
MM INDICATES DATA IS MISSING.
T INDICATES TRACE AMOUNT.
$$