987
CXUS51 KCLE 051038
CLSYNG


CLIMATE REPORT
NATIONAL WEATHER SERVICE CLEVELAND OH
535 AM EST MON MAR 5 2018

...................................

...THE YOUNGSTOWN OH CLIMATE SUMMARY FOR THE SEASON, FROM
12/1/2017 TO 2/28/2018...

CLIMATE NORMAL PERIOD 1981 TO 2010
CLIMATE RECORD PERIOD 1897 TO 2018

WEATHER         OBSERVED          NORMAL  DEPART
                 VALUE   DATE(S)  VALUE   FROM
                                          NORMAL
................................................
TEMPERATURE (F)
RECORD
 HIGH              76   12/03/1982
 LOW              -22   01/19/1994
HIGHEST            73   02/20
LOWEST            -11   01/07
AVG. MAXIMUM     37.6              35.0     2.6
AVG. MINIMUM     20.8              21.3    -0.5
MEAN             29.2              28.1     1.1
DAYS MAX >= 90      0               0.0
DAYS MAX <= 32     36              37.0
DAYS MIN <= 32     72              75.1
DAYS MIN <= 0       7               3.6

PRECIPITATION (INCHES)
RECORD
 MAXIMUM        15.88   1950
 MINIMUM         3.84   1922
TOTALS          10.32              7.69    2.63
DAYS >= .01        56              48.6
DAYS >= .10        31              21.1
DAYS >= .50         7               3.4
DAYS >= 1.00        0               0.6

SNOWFALL (INCHES)
RECORDS
 TOTAL          103.7   2011
TOTALS           57.1              44.4
DAYS >= TRACE      47
DAYS >= 1.0        19              14.5

DEGREE_DAYS
HEATING TOTAL    3217              3318    -101
COOLING TOTAL       2                 0       2
.................................................

WIND (MPH)
HIGHEST GUST SPEED/DIRECTION    44/260    DATE  02/25

SKY COVER
POSSIBLE SUNSHINE (PERCENT)   MM
NUMBER OF DAYS FAIR            6
NUMBER OF DAYS PC             19
NUMBER OF DAYS CLOUDY         65


WEATHER CONDITIONS. NUMBER OF DAYS WITH
THUNDERSTORM              0     MIXED PRECIP               0
HEAVY RAIN                2     RAIN                      10
LIGHT RAIN               30     FREEZING RAIN              1
LT FREEZING RAIN          9     HAIL                       1
HEAVY SNOW                1     SNOW                      15
LIGHT SNOW               46     SLEET                      6
FOG                      63     FOG W/VIS <= 1/4 MILE      7
HAZE                      7

-  INDICATES NEGATIVE NUMBERS.
R  INDICATES RECORD WAS SET OR TIED.
MM INDICATES DATA IS MISSING.
T  INDICATES TRACE AMOUNT.

$$
