000
CXUS54 KFWD 010731
CF60F2
PRELIMINARY LOCAL CLIMATOLOGICAL DATA (WS FORM: F-6)
STATION: BOWIE
MONTH: AUGUST
YEAR: 2020
LATITUDE: 33 36 N
LONGITUDE: 97 47 W
TEMPERATURE IN F: :PCPN: SNOW: WIND :SUNSHINE: SKY :PK WND
================================================================================
1 2 3 4 5 6A 6B 7 8 9 10 11 12 13 14 15 16 17 18
12Z AVG MX 2MIN
DY MAX MIN AVG DEP HDD CDD WTR SNW DPTH SPD SPD DIR MIN PSBL S-S WX SPD DR
================================================================================
1 88 64 76 -7 0 11 0.00 0.0 0 2.4 7 330 M M 1 M M
2 92 63 78 -5 0 13 0.00 0.0 0 2.2 9 340 M M 1 M M
3 89 69 79 -4 0 14 0.04 0.0 0 2.8 7 30 M M 1 M M
4 88 68 78 -5 0 13 0.00 0.0 0 5.0 9 110 M M 0 M M
5 87 69 78 -5 0 13 M 0.0 0 6.1 14 40 M M 2 22 40
6 97 72 85 2 0 20 0.00 0.0 0 6.8 12 170 M M 3 1 16 170
7 97 77 87 4 0 22 0.00 0.0 0 10.2 16 170 M M 0 25 180
8 97 75 86 3 0 21 0.00 0.0 0 9.1 16 180 M M 0 22 150
9 98 75 87 4 0 22 0.00 0.0 0 8.4 13 170 M M 1 21 170
10 99 76 88 5 0 23 0.00 0.0 0 9.4 15 190 M M 0 23 180
11 100 75 88 5 0 23 0.00 0.0 0 6.5 14 180 M M 1 20 180
12 101 74 88 5 0 23 0.00 0.0 0 5.3 10 170 M M 1 17 140
13 102 75 89 6 0 24 0.00 0.0 0 8.5 14 150 M M 0 21 180
14 106 75 91 8 0 26 0.00 0.0 0 6.6 10 200 M M 0 18 240
15 101 75 88 5 0 23 0.00 0.0 0 4.7 9 90 M M 0 M M
16 102 68 85 2 0 20 0.20 0.0 0 5.8 24 300 M M 2 3 36 60
17 93 67 80 -3 0 15 0.00 0.0 0 2.6 6 40 M M 0 M M
18 94 67 81 -1 0 16 0.00 0.0 0 3.4 10 20 M M 0 16 20
19 91 61 76 -6 0 11 0.00 0.0 0 1.8 8 40 M M 0 M M
20 91 61 76 -6 0 11 0.00 0.0 0 3.1 9 160 M M 0 M M
21 94 65 80 -2 0 15 0.00 0.0 0 3.9 10 180 M M 1 M M
22 95 67 81 -1 0 16 0.00 0.0 0 3.3 10 180 M M 1 M M
23 95 66 81 -1 0 16 0.00 0.0 0 2.8 8 140 M M 0 M M
24 96 67 82 0 0 17 0.00 0.0 0 2.9 9 80 M M 1 M M
25 94 65 80 -1 0 15 0.00 0.0 0 2.0 8 150 M M 2 M M
26 96 72 84 3 0 19 0.00 0.0 0 4.0 15 90 M M 2 23 90
27 94 68 81 0 0 16 0.14 0.0 0 2.7 12 90 M M 2 3 24 100
28 105 69 87 6 0 22 0.00 0.0 0 4.3 10 200 M M 1 16 240
29 102 74 88 8 0 23 0.00 0.0 0 5.0 9 230 M M 0 17 230
30 96 69 83 3 0 18 0.20 0.0 0 6.4 17 320 M M 3 29 350
31 96 71 84 4 0 19 0.74 0.0 0 6.1 22 230 M M 3 31 230
================================================================================
SM 2976 2159 0 560 1.32 0.0 154.1 M 29
================================================================================
AV 96.0 69.7 5.0 FASTST M M 1 MAX(MPH)
MISC ----> # 24 300 # 36 60
================================================================================
NOTES:
# LAST OF SEVERAL OCCURRENCES
COLUMN 17 PEAK WIND IN M.P.H.
PRELIMINARY LOCAL CLIMATOLOGICAL DATA (WS FORM: F-6) , PAGE 2
STATION: BOWIE
MONTH: AUGUST
YEAR: 2020
LATITUDE: 33 36 N
LONGITUDE: 97 47 W
[TEMPERATURE DATA] [PRECIPITATION DATA] SYMBOLS USED IN COLUMN 16
AVERAGE MONTHLY: 82.8 TOTAL FOR MONTH: 1.32 1 = FOG OR MIST
DPTR FM NORMAL: 0.5 DPTR FM NORMAL: -0.75 2 = FOG REDUCING VISIBILITY
HIGHEST: 106 ON 14 GRTST 24HR 0.74 ON 31-31 TO 1/4 MILE OR LESS
LOWEST: 61 ON 20,19 3 = THUNDER
SNOW, ICE PELLETS, HAIL 4 = ICE PELLETS
TOTAL MONTH: 0.0 INCH 5 = HAIL
GRTST 24HR 0.0 6 = FREEZING RAIN OR DRIZZLE
GRTST DEPTH: 0 7 = DUSTSTORM OR SANDSTORM:
VSBY 1/2 MILE OR LESS
8 = SMOKE OR HAZE
[NO. OF DAYS WITH] [WEATHER - DAYS WITH] 9 = BLOWING SNOW
X = TORNADO
MAX 32 OR BELOW: 0 0.01 INCH OR MORE: 5
MAX 90 OR ABOVE: 27 0.10 INCH OR MORE: 4
MIN 32 OR BELOW: 0 0.50 INCH OR MORE: 1
MIN 0 OR BELOW: 0 1.00 INCH OR MORE: 0
[HDD (BASE 65) ]
TOTAL THIS MO. 0 CLEAR (SCALE 0-3) 31
DPTR FM NORMAL 0 PTCLDY (SCALE 4-7) 0
TOTAL FM JUL 1 0 CLOUDY (SCALE 8-10) 0
DPTR FM NORMAL 0
[CDD (BASE 65) ]
TOTAL THIS MO. 560
DPTR FM NORMAL 24 [PRESSURE DATA]
TOTAL FM JAN 1 2117 HIGHEST SLP M ON M
DPTR FM NORMAL 426 LOWEST SLP M ON M
[REMARKS]
#FINAL-08-20#