000
CXUS54 KHGX 012158
CF611R
PRELIMINARY LOCAL CLIMATOLOGICAL DATA (WS FORM: F-6)
STATION: BRENHAM
MONTH: JUNE
YEAR: 2021
LATITUDE: 30 13 N
LONGITUDE: 96 22 W
TEMPERATURE IN F: :PCPN: SNOW: WIND :SUNSHINE: SKY :PK WND
================================================================================
1 2 3 4 5 6A 6B 7 8 9 10 11 12 13 14 15 16 17 18
12Z AVG MX 2MIN
DY MAX MIN AVG DEP HDD CDD WTR SNW DPTH SPD SPD DIR MIN PSBL S-S WX SPD DR
================================================================================
1 82 70 76 M 0 11 0.87 0.0 0 3.3 7 320 M M 6 3 16 110
2 87 68 78 M 0 13 1.18 0.0 0 2.0 12 260 M M 5 3 30 0
3 85 68 77 M 0 12 1.06 0.0 0 5.1 16 330 M M 5 20 330
4 82 69 76 M 0 11 0.05 0.0 0 3.7 8 70 M M 7 M M
5 86 69 78 M 0 13 0.65 0.0 0 2.4 14 200 M M 7 13 21 200
6 91 68 80 M 0 15 M 0.0 0 4.4 9 180 M M 4 M M
7 89 78 84 M 0 19 0.00 0.0 0 9.8 22 160 M M 8 31 160
8 91 80 86 M 0 21 T 0.0 0 7.7 18 180 M M 6 25 160
9 94 79 87 M 0 22 M 0.0 0 7.5 15 180 M M 6 1 20 180
10 94 77 86 M 0 21 M 0.0 0 8.1 14 180 M M 5 20 190
11 93 78 86 M 0 21 0.00 0.0 0 8.0 13 190 M M 6 22 200
12 94 77 86 M 0 21 0.00 0.0 0 2.6 8 180 M M 4 1 M M
13 96 76 86 M 0 21 0.00 0.0 0 2.0 8 320 M M 2 M M
14 96 77 87 M 0 22 M 0.0 0 1.8 7 360 M M 1 3 M M
15 96 71 84 M 0 19 M 0.0 0 2.8 12 150 M M 3 20 150
16 95 70 83 M 0 18 0.00 0.0 0 2.8 7 80 M M 1 M M
17 96 75 86 M 0 21 0.00 0.0 0 2.1 9 100 M M 2 1 16 50
18 92 71 82 M 0 17 0.00 0.0 0 2.0 8 130 M M 1 M M
19 95 71 83 M 0 18 0.00 0.0 0 3.9 9 180 M M 1 M M
20 94 74 84 M 0 19 0.00 0.0 0 6.6 15 180 M M 4 20 180
21 93 79 86 M 0 21 1.38 0.0 0 7.3 18 170 M M 8 13 24 170
22 90 74 82 M 0 17 0.05 0.0 0 4.2 13 270 M M 6 3 22 190
23 95 75 85 M 0 20 0.00 0.0 0 5.5 10 180 M M 3 1 16 180
24 96 77 87 M 0 22 0.00 0.0 0 5.8 12 160 M M 5 1 17 170
25 95 78 87 M 0 22 0.00 0.0 0 8.1 15 160 M M 4 1 21 160
26 94 77 86 M 0 21 0.00 0.0 0 8.3 14 190 M M 2 18 180
27 91 73 82 M 0 17 0.68 0.0 0 3.9 9 260 M M 3 3 30 70
28 83 74 79 M 0 14 0.19 0.0 0 4.2 9 130 M M 6 1 M M
29 88 74 81 M 0 16 0.60 0.0 0 4.2 14 130 M M 3 13 27 130
30 92 74 83 M 0 18 0.00 0.0 0 2.4 6 200 M M 6 1 M M
================================================================================
SM 2745 2221 0 543 6.71 0.0 142.5 M 130
================================================================================
AV 91.5 74.0 4.8 FASTST M M 4 MAX(MPH)
MISC ----> 22 160 31 160
================================================================================
NOTES:
# LAST OF SEVERAL OCCURRENCES
COLUMN 17 PEAK WIND IN M.P.H.
PRELIMINARY LOCAL CLIMATOLOGICAL DATA (WS FORM: F-6) , PAGE 2
STATION: BRENHAM
MONTH: JUNE
YEAR: 2021
LATITUDE: 30 13 N
LONGITUDE: 96 22 W
[TEMPERATURE DATA] [PRECIPITATION DATA] SYMBOLS USED IN COLUMN 16
AVERAGE MONTHLY: 82.8 TOTAL FOR MONTH: 6.71 1 = FOG OR MIST
DPTR FM NORMAL: 30.4 DPTR FM NORMAL: 2.87 2 = FOG REDUCING VISIBILITY
HIGHEST: 96 ON 24,17 GRTST 24HR 1.38 ON 21-21 TO 1/4 MILE OR LESS
LOWEST: 68 ON 6, 3 3 = THUNDER
SNOW, ICE PELLETS, HAIL 4 = ICE PELLETS
TOTAL MONTH: 0.0 INCH 5 = HAIL
GRTST 24HR 0.0 6 = FREEZING RAIN OR DRIZZLE
GRTST DEPTH: 0 7 = DUSTSTORM OR SANDSTORM:
VSBY 1/2 MILE OR LESS
8 = SMOKE OR HAZE
[NO. OF DAYS WITH] [WEATHER - DAYS WITH] 9 = BLOWING SNOW
X = TORNADO
MAX 32 OR BELOW: 0 0.01 INCH OR MORE: 10
MAX 90 OR ABOVE: 22 0.10 INCH OR MORE: 8
MIN 32 OR BELOW: 0 0.50 INCH OR MORE: 7
MIN 0 OR BELOW: 0 1.00 INCH OR MORE: 3
[HDD (BASE 65) ]
TOTAL THIS MO. 0 CLEAR (SCALE 0-3) 10
DPTR FM NORMAL M PTCLDY (SCALE 4-7) 20
TOTAL FM JUL 1 1454 CLOUDY (SCALE 8-10) 0
DPTR FM NORMAL M
[CDD (BASE 65) ]
TOTAL THIS MO. 543
DPTR FM NORMAL M [PRESSURE DATA]
TOTAL FM JAN 1 1127 HIGHEST SLP M ON M
DPTR FM NORMAL M LOWEST SLP M ON M
[REMARKS]
#FINAL-06-21#