000
CXUS51 KBTV 010700
CF61V4
PRELIMINARY LOCAL CLIMATOLOGICAL DATA (WS FORM: F-6)
STATION: SAINT JOHNSBURY VT ASOS
MONTH: APRIL
YEAR: 2022
LATITUDE: 44 25 N
LONGITUDE: 72 1 W
TEMPERATURE IN F: :PCPN: SNOW: WIND :SUNSHINE: SKY :PK WND
================================================================================
1 2 3 4 5 6A 6B 7 8 9 10 11 12 13 14 15 16 17 18
12Z AVG MX 2MIN
DY MAX MIN AVG DEP HDD CDD WTR SNW DPTH SPD SPD DIR MIN PSBL S-S WX SPD DR
================================================================================
1 52 32 42 6 23 0 0.13 M M M M M M M 0 M M
2 45 28 37 1 28 0 0.00 M M M M M M M 0 M M
3 48 26 37 0 28 0 0.00 M M M M M M M 0 M M
4 52 32 42 5 23 0 0.00 M M M M M M M 0 M M
5 57 27 42 4 23 0 0.00 M M M M M M M 0 M M
6 66 27 47 9 18 0 0.01 M M M M M M M 0 M M
7 48 37 43 5 22 0 0.31 M M M M M M M 0 M M
8 51 36 44 5 21 0 0.84 M M M M M M M 0 M M
9 49 32 41 2 24 0 0.07 M M M M M M M 0 M M
10 44 31 38 -2 27 0 0.01 M M M M M M M 0 M M
11 60 33 47 7 18 0 0.03 M M M M M M M 0 M M
12 62 38 50 9 15 0 0.23 M M M M M M M 0 M M
13 54 31 43 2 22 0 0.18 M M M M M M M 0 M M
14 61 43 52 10 13 0 0.38 M M M M M M M 0 M M
15 60 36 48 6 17 0 0.00 M M M M M M M 0 M M
16 51 37 44 1 21 0 0.60 M M M M M M M 0 M M
17 45 31 38 -5 27 0 0.01 M M M M M M M 0 M M
18 60 26 43 -1 22 0 0.00 M M M M M M M 0 M M
19 56 33 45 1 20 0 0.48 M M M M M M M 0 M M
20 47 29 38 -7 27 0 0.03 M M M M M M M 0 M M
21 57 25 41 -4 24 0 0.00 M M M M M M M 0 M M
22 52 31 42 -4 23 0 0.09 M M M M M M M 0 M M
23 57 27 42 -4 23 0 0.00 M M M M M M M 0 M M
24 59 35 47 1 18 0 0.00 M M M M M M M 0 M M
25 63 37 50 3 15 0 0.00 M M M M M M M 0 M M
26 58 47 53 6 12 0 0.28 M M M M M M M 0 M M
27 49 34 42 -6 23 0 0.06 M M M M M M M 0 M M
28 48 33 41 -7 24 0 0.00 M M M M M M M 0 M M
29 49 33 41 -8 24 0 0.00 M M M M M M M 0 M M
30 56 30 43 -6 22 0 0.00 M M M M M M M 0 M M
================================================================================
SM 1616 977 647 0 3.74 M M M 0
================================================================================
AV 53.9 32.6 M FASTST M M 0 MAX(MPH)
MISC ----> M M M M
================================================================================
NOTES:
# LAST OF SEVERAL OCCURRENCES
COLUMN 17 PEAK WIND IN M.P.H.
PRELIMINARY LOCAL CLIMATOLOGICAL DATA (WS FORM: F-6) , PAGE 2
STATION: SAINT JOHNSBURY VT ASOS
MONTH: APRIL
YEAR: 2022
LATITUDE: 44 25 N
LONGITUDE: 72 1 W
[TEMPERATURE DATA] [PRECIPITATION DATA] SYMBOLS USED IN COLUMN 16
AVERAGE MONTHLY: 43.2 TOTAL FOR MONTH: 3.74 1 = FOG OR MIST
DPTR FM NORMAL: 0.7 DPTR FM NORMAL: 0.48 2 = FOG REDUCING VISIBILITY
HIGHEST: 66 ON 6 GRTST 24HR 0.84 ON 8- 8 TO 1/4 MILE OR LESS
LOWEST: 25 ON 21 3 = THUNDER
SNOW, ICE PELLETS, HAIL 4 = ICE PELLETS
TOTAL MONTH: M 5 = HAIL
GRTST 24HR M ON M 6 = FREEZING RAIN OR DRIZZLE
GRTST DEPTH: M ON M 7 = DUSTSTORM OR SANDSTORM:
VSBY 1/2 MILE OR LESS
8 = SMOKE OR HAZE
[NO. OF DAYS WITH] [WEATHER - DAYS WITH] 9 = BLOWING SNOW
X = TORNADO
MAX 32 OR BELOW: 0 0.01 INCH OR MORE: 17
MAX 90 OR ABOVE: 0 0.10 INCH OR MORE: 9
MIN 32 OR BELOW: 16 0.50 INCH OR MORE: 2
MIN 0 OR BELOW: 0 1.00 INCH OR MORE: 0
[HDD (BASE 65) ]
TOTAL THIS MO. 647 CLEAR (SCALE 0-3) 30
DPTR FM NORMAL -30 PTCLDY (SCALE 4-7) 0
TOTAL FM JUL 1 7105 CLOUDY (SCALE 8-10) 0
DPTR FM NORMAL -461
[CDD (BASE 65) ]
TOTAL THIS MO. 0
DPTR FM NORMAL -1 [PRESSURE DATA]
TOTAL FM JAN 1 0 HIGHEST SLP M ON M
DPTR FM NORMAL -1 LOWEST SLP M ON M
[REMARKS]
#FINAL-04-22#