000
CXUS51 KBTV 010700
CF61V4
PRELIMINARY LOCAL CLIMATOLOGICAL DATA (WS FORM: F-6)
STATION: SAINT JOHNSBURY VT ASOS
MONTH: MAY
YEAR: 2020
LATITUDE: 44 25 N
LONGITUDE: 72 1 W
TEMPERATURE IN F: :PCPN: SNOW: WIND :SUNSHINE: SKY :PK WND
================================================================================
1 2 3 4 5 6A 6B 7 8 9 10 11 12 13 14 15 16 17 18
12Z AVG MX 2MIN
DY MAX MIN AVG DEP HDD CDD WTR SNW DPTH SPD SPD DIR MIN PSBL S-S WX SPD DR
================================================================================
1 64 45 55 4 10 0 0.44 M M M M M M M 0 M M
2 65 36 51 0 14 0 0.00 M M M M M M M 0 M M
3 74 46 60 8 5 0 0.00 M M M M M M M 0 M M
4 57 43 50 -2 15 0 0.00 M M M M M M M 0 M M
5 47 30 39 -14 26 0 0.00 M M M M M M M 0 M M
6 57 28 43 -10 22 0 0.00 M M M M M M M 0 M M
7 61 34 48 -5 17 0 0.12 M M M M M M M 0 M M
8 53 32 43 -11 22 0 0.13 M M M M M M M 0 M M
9 39 30 35 -19 30 0 0.18 M M M M M M M 0 M M
10 50 33 42 -12 23 0 0.00 M M M M M M M 0 M M
11 58 32 45 -10 20 0 0.60 M M M M M M M 0 M M
12 47 32 40 -15 25 0 0.00 M M M M M M M 0 M M
13 54 32 43 -12 22 0 0.00 M M M M M M M 0 M M
14 67 29 48 -8 17 0 0.00 M M M M M M M 0 M M
15 67 47 57 1 8 0 0.83 M M M M M M M 0 M M
16 59 44 52 -4 13 0 0.00 M M M M M M M 0 M M
17 69 38 54 -3 11 0 0.00 M M M M M M M 0 M M
18 72 46 59 2 6 0 0.00 M M M M M M M 0 M M
19 72 38 55 -3 10 0 0.00 M M M M M M M 0 M M
20 75 39 57 -1 8 0 0.00 M M M M M M M 0 M M
21 81 41 61 3 4 0 0.00 M M M M M M M 0 M M
22 84 41 63 5 2 0 0.00 M M M M M M M 0 M M
23 83 47 65 6 0 0 0.00 M M M M M M M 0 M M
24 73 42 58 -1 7 0 0.00 M M M M M M M 0 M M
25 72 45 59 0 6 0 0.00 M M M M M M M 0 M M
26 88 63 76 16 0 11 0.00 M M M M M M M 0 M M
27 92 61 77 17 0 12 0.00 M M M M M M M 0 M M
28 84 66 75 15 0 10 0.00 M M M M M M M 0 M M
29 87 65 76 15 0 11 0.94 M M M M M M M 0 M M
30 69 55 62 1 3 0 0.05 M M M M M M M 0 M M
31 55 37 46 -15 19 0 0.00 M M M M M M M 0 M M
================================================================================
SM 2075 1297 365 44 3.29 M M M 0
================================================================================
AV 66.9 41.8 M FASTST M M 0 MAX(MPH)
MISC ----> M M M M
================================================================================
NOTES:
# LAST OF SEVERAL OCCURRENCES
COLUMN 17 PEAK WIND IN M.P.H.
PRELIMINARY LOCAL CLIMATOLOGICAL DATA (WS FORM: F-6) , PAGE 2
STATION: SAINT JOHNSBURY VT ASOS
MONTH: MAY
YEAR: 2020
LATITUDE: 44 25 N
LONGITUDE: 72 1 W
[TEMPERATURE DATA] [PRECIPITATION DATA] SYMBOLS USED IN COLUMN 16
AVERAGE MONTHLY: 54.4 TOTAL FOR MONTH: 3.29 1 = FOG OR MIST
DPTR FM NORMAL: -1.9 DPTR FM NORMAL: -0.07 2 = FOG REDUCING VISIBILITY
HIGHEST: 92 ON 27 GRTST 24HR 0.94 ON 29-29 TO 1/4 MILE OR LESS
LOWEST: 28 ON 6 3 = THUNDER
SNOW, ICE PELLETS, HAIL 4 = ICE PELLETS
TOTAL MONTH: M 5 = HAIL
GRTST 24HR M ON M 6 = FREEZING RAIN OR DRIZZLE
GRTST DEPTH: M ON M 7 = DUSTSTORM OR SANDSTORM:
VSBY 1/2 MILE OR LESS
8 = SMOKE OR HAZE
[NO. OF DAYS WITH] [WEATHER - DAYS WITH] 9 = BLOWING SNOW
X = TORNADO
MAX 32 OR BELOW: 0 0.01 INCH OR MORE: 8
MAX 90 OR ABOVE: 1 0.10 INCH OR MORE: 7
MIN 32 OR BELOW: 8 0.50 INCH OR MORE: 3
MIN 0 OR BELOW: 0 1.00 INCH OR MORE: 0
[HDD (BASE 65) ]
TOTAL THIS MO. 365 CLEAR (SCALE 0-3) 31
DPTR FM NORMAL 80 PTCLDY (SCALE 4-7) 0
TOTAL FM JUL 1 7698 CLOUDY (SCALE 8-10) 0
DPTR FM NORMAL -6
[CDD (BASE 65) ]
TOTAL THIS MO. 44
DPTR FM NORMAL 27 [PRESSURE DATA]
TOTAL FM JAN 1 44 HIGHEST SLP M ON M
DPTR FM NORMAL 26 LOWEST SLP 29.53 ON 3
[REMARKS]
#FINAL-05-20#