000
CXUS53 KUNR 011030
CF62WX
PRELIMINARY LOCAL CLIMATOLOGICAL DATA (WS FORM: F-6)
STATION: BUFFALO SD
MONTH: JANUARY
YEAR: 2021
LATITUDE: 45 35 N
LONGITUDE: 103 33 W
TEMPERATURE IN F: :PCPN: SNOW: WIND :SUNSHINE: SKY :PK WND
================================================================================
1 2 3 4 5 6A 6B 7 8 9 10 11 12 13 14 15 16 17 18
12Z AVG MX 2MIN
DY MAX MIN AVG DEP HDD CDD WTR SNW DPTH SPD SPD DIR MIN PSBL S-S WX SPD DR
================================================================================
1 49 20 35 15 30 0 0.00 M M 9.3 25 290 M M M 30 280
2 50 21 36 16 29 0 0.00 M M 13.1 33 280 M M M 42 310
3 50 25 38 18 27 0 0.00 M M 14.8 38 300 M M M 49 300
4 48 20 34 14 31 0 0.00 M M 12.0 26 280 M M M 35 290
5 46 23 35 15 30 0 0.00 M M 14.8 41 320 M M M 55 320
6 48 18 33 13 32 0 0.00 M M 6.9 14 310 M M M 17 300
7 31 15 23 3 42 0 0.00 M M 7.1 14 170 M M M 17 170
8 33 26 30 10 35 0 0.00 M M 7.0 16 330 M M M 21 330
9 31 27 29 9 36 0 0.01 M M 2.3 10 230 M M M 14 250
10 45 20 33 13 32 0 0.00 M M 11.5 20 220 M M M 27 220
11 49 23 36 16 29 0 0.00 M M 14.8 30 290 M M M 37 290
12 56 28 42 22 23 0 0.00 M M 9.8 20 250 M M M 24 240
13 55 33 44 24 21 0 0.00 M M 25.4 75 290 M M M 93 290
14 38 28 33 13 32 0 0.00 M M 46.9 62 320 M M M 78 320
15 35 19 27 7 38 0 0.00 M M 20.4 54 320 M M M 71 310
16 43 23 33 13 32 0 0.00 M M 23.8 41 320 M M M 51 320
17 40 19 30 10 35 0 0.05 M M 12.7 30 310 M M M 40 320
18 34 15 25 5 40 0 0.04 M M 22.4 41 320 M M M 50 310
19 34 22 28 7 37 0 0.00 M M 16.7 39 310 M M M 50 300
20 41 19 30 9 35 0 0.00 M M 18.2 36 300 M M M 45 300
21 30 17 24 3 41 0 0.00 M M 16.4 33 310 M M M 42 300
22 33 15 24 3 41 0 0.00 M M 5.1 10 260 M M M 15 310
23 31 7 19 -2 46 0 0.00 M M 8.4 20 330 M M M 24 330
24 30 4 17 -4 48 0 0.00 M M 8.8 20 160 M M M 25 160
25 26 17 22 1 43 0 0.00 M M 6.4 18 70 M M M 22 70
26 18 11 15 -6 50 0 0.00 M M 10.7 21 130 M M M 26 130
27 22 10 16 -5 49 0 0.00 M M 11.6 18 130 M M M 23 150
28 39 5 22 1 43 0 0.00 M M 6.7 14 60 M M M 16 80
29 29 16 23 2 42 0 0.00 M M 8.3 17 140 M M M 20 130
30 33 21 27 6 38 0 0.00 M M 12.0 26 310 M M M 32 320
31 48 20 34 13 31 0 0.00 M M 8.3 20 280 M M M 30 280
================================================================================
SM 1195 587 1118 0 0.10 M 412.6 M M
================================================================================
AV 38.5 18.9 13.3 FASTST M M M MAX(MPH)
MISC ----> 75 290 93 290
================================================================================
NOTES:
# LAST OF SEVERAL OCCURRENCES
COLUMN 17 PEAK WIND IN M.P.H.
PRELIMINARY LOCAL CLIMATOLOGICAL DATA (WS FORM: F-6) , PAGE 2
STATION: BUFFALO SD
MONTH: JANUARY
YEAR: 2021
LATITUDE: 45 35 N
LONGITUDE: 103 33 W
[TEMPERATURE DATA] [PRECIPITATION DATA] SYMBOLS USED IN COLUMN 16
AVERAGE MONTHLY: 28.7 TOTAL FOR MONTH: 0.10 1 = FOG OR MIST
DPTR FM NORMAL: 8.2 DPTR FM NORMAL: -0.19 2 = FOG REDUCING VISIBILITY
HIGHEST: 56 ON 12 GRTST 24HR 0.13 ON 8- 8 TO 1/4 MILE OR LESS
LOWEST: 4 ON 24 3 = THUNDER
SNOW, ICE PELLETS, HAIL 4 = ICE PELLETS
TOTAL MONTH: M 5 = HAIL
GRTST 24HR M ON M 6 = FREEZING RAIN OR DRIZZLE
GRTST DEPTH: M ON M 7 = DUSTSTORM OR SANDSTORM:
VSBY 1/2 MILE OR LESS
8 = SMOKE OR HAZE
[NO. OF DAYS WITH] [WEATHER - DAYS WITH] 9 = BLOWING SNOW
X = TORNADO
MAX 32 OR BELOW: 9 0.01 INCH OR MORE: 3
MAX 90 OR ABOVE: 0 0.10 INCH OR MORE: 0
MIN 32 OR BELOW: 30 0.50 INCH OR MORE: 0
MIN 0 OR BELOW: 0 1.00 INCH OR MORE: 0
[HDD (BASE 65) ]
TOTAL THIS MO. 1118 CLEAR (SCALE 0-3) 0
DPTR FM NORMAL -261 PTCLDY (SCALE 4-7) 0
TOTAL FM JUL 1 3838 CLOUDY (SCALE 8-10) 31
DPTR FM NORMAL -803
[CDD (BASE 65) ]
TOTAL THIS MO. 0
DPTR FM NORMAL 0 [PRESSURE DATA]
TOTAL FM JAN 1 0 HIGHEST SLP 30.38 ON 19
DPTR FM NORMAL 0 LOWEST SLP 29.72 ON 29
[REMARKS]
#FINAL-01-21#