000
CXUS51 KPHI 010915
CF655N
PRELIMINARY LOCAL CLIMATOLOGICAL DATA (WS FORM: F-6)
STATION: ATLANTIC CITY MARINA
MONTH: JANUARY
YEAR: 2023
LATITUDE: 39 22 N
LONGITUDE: 74 25 W
TEMPERATURE IN F: :PCPN: SNOW: WIND :SUNSHINE: SKY :PK WND
================================================================================
1 2 3 4 5 6A 6B 7 8 9 10 11 12 13 14 15 16 17 18
12Z AVG MX 2MIN
DY MAX MIN AVG DEP HDD CDD WTR SNW DPTH SPD SPD DIR MIN PSBL S-S WX SPD DR
================================================================================
1 58 48 53 16 12 0 0.00 M M 6.8 12 270 M M M 21 280
2 55 45 50 13 15 0 0.00 M M 5.0 10 260 M M M 15 230
3 54 49 52 15 13 0 0.00 M M 12.7 18 230 M M M 32 220
4 61 52 57 20 8 0 0.11 M M 8.1 17 230 M M M 31 230
5 60 46 53 16 12 0 0.01 M M 6.2 11 70 M M M 18 70
6 50 42 46 9 19 0 0.03 M M 5.3 11 330 M M M 26 290
7 47 38 43 7 22 0 0.00 M M 6.5 11 290 M M M 25 330
8 43 34 39 3 26 0 0.00 M M 6.7 15 130 M M M 24 130
9 46 38 42 6 23 0 0.04 M M 7.2 15 220 M M M 21 290
10 43 34 39 3 26 0 0.00 M M 6.2 16 270 M M M 22 250
11 42 36 39 3 26 0 0.00 M M 6.0 18 40 M M M 14 30
12 55 40 48 12 17 0 0.11 M M 10.0 22 230 M M M 40 230
13 56 38 47 11 18 0 0.06 M M 12.7 25 220 M M M 48 210
14 38 32 35 -1 30 0 T M M 14.1 20 330 M M M 37 330
15 42 32 37 1 28 0 0.00 M M 13.3 24 330 M M M 41 330
16 47 29 38 3 27 0 0.00 M M 9.2 16 330 M M M 27 290
17 46 37 42 7 23 0 T M M 7.2 14 220 M M M 20 240
18 55 42 49 14 16 0 T M M 9.0 14 270 M M M 23 260
19 52 41 47 12 18 0 0.37 M M 8.9 21 190 M M M 29 250
20 50 41 46 11 19 0 0.01 M M 10.0 21 300 M M M 39 290
21 42 38 40 5 25 0 0.00 M M 6.1 16 240 M M M 23 250
22 44 38 41 6 24 0 0.60 M M 10.3 13 30 M M M 15 50
23 46 39 43 8 22 0 0.15 M M 9.6 18 260 M M M 28 260
24 46 34 40 5 25 0 0.00 M M 9.8 17 280 M M M 32 280
25 54 35 45 10 20 0 0.65 M M 11.1 26 170 M M M 38 120
26 53 42 48 13 17 0 0.16 M M 13.7 25 290 M M M 43 290
27 42 36 39 4 26 0 0.00 M M 8.1 17 230 M M M 22 250
28 52 40 46 11 19 0 0.00 M M 8.5 16 230 M M M 44 230
29 50 45 48 13 17 0 T M M 9.3 17 230 M M M 44 220
30 51 43 47 12 18 0 0.00 M M 5.2 10 280 M M M 17 250
31 47 35 41 6 24 0 0.17 M M 5.5 11 230 M M M 19 340
================================================================================
SM 1527 1219 635 0 2.47 M 268.3 M M
================================================================================
AV 49.3 39.3 8.7 FASTST M M M MAX(MPH)
MISC ----> 26 170 48 210
================================================================================
NOTES:
# LAST OF SEVERAL OCCURRENCES
COLUMN 17 PEAK WIND IN M.P.H.
PRELIMINARY LOCAL CLIMATOLOGICAL DATA (WS FORM: F-6) , PAGE 2
STATION: ATLANTIC CITY MARINA
MONTH: JANUARY
YEAR: 2023
LATITUDE: 39 22 N
LONGITUDE: 74 25 W
[TEMPERATURE DATA] [PRECIPITATION DATA] SYMBOLS USED IN COLUMN 16
AVERAGE MONTHLY: 44.3 TOTAL FOR MONTH: 2.47 1 = FOG OR MIST
DPTR FM NORMAL: 8.5 DPTR FM NORMAL: -0.62 2 = FOG REDUCING VISIBILITY
HIGHEST: 61 ON 4 GRTST 24HR 1.10 ON 19-19 TO 1/4 MILE OR LESS
LOWEST: 29 ON 16 3 = THUNDER
SNOW, ICE PELLETS, HAIL 4 = ICE PELLETS
TOTAL MONTH: M 5 = HAIL
GRTST 24HR M ON M 6 = FREEZING RAIN OR DRIZZLE
GRTST DEPTH: M ON M 7 = DUSTSTORM OR SANDSTORM:
VSBY 1/2 MILE OR LESS
8 = SMOKE OR HAZE
[NO. OF DAYS WITH] [WEATHER - DAYS WITH] 9 = BLOWING SNOW
X = TORNADO
MAX 32 OR BELOW: 0 0.01 INCH OR MORE: 13
MAX 90 OR ABOVE: 0 0.10 INCH OR MORE: 8
MIN 32 OR BELOW: 3 0.50 INCH OR MORE: 2
MIN 0 OR BELOW: 0 1.00 INCH OR MORE: 0
[HDD (BASE 65) ]
TOTAL THIS MO. 635 CLEAR (SCALE 0-3) 0
DPTR FM NORMAL -272 PTCLDY (SCALE 4-7) 0
TOTAL FM JUL 1 2009 CLOUDY (SCALE 8-10) 31
DPTR FM NORMAL -353
[CDD (BASE 65) ]
TOTAL THIS MO. 0
DPTR FM NORMAL 0 [PRESSURE DATA]
TOTAL FM JAN 1 0 HIGHEST SLP M ON M
DPTR FM NORMAL 0 LOWEST SLP 31.99 ON 1
[REMARKS]
#FINAL-01-23#