000
CXUS54 KEWX 011010
CF65T9
PRELIMINARY LOCAL CLIMATOLOGICAL DATA (WS FORM: F-6)
STATION: EAGLE PASS
MONTH: MARCH
YEAR: 2023
LATITUDE: 28 51 N
LONGITUDE: 100 31 W
TEMPERATURE IN F: :PCPN: SNOW: WIND :SUNSHINE: SKY :PK WND
================================================================================
1 2 3 4 5 6A 6B 7 8 9 10 11 12 13 14 15 16 17 18
12Z AVG MX 2MIN
DY MAX MIN AVG DEP HDD CDD WTR SNW DPTH SPD SPD DIR MIN PSBL S-S WX SPD DR
================================================================================
1 93 70 82 M 0 17 0.00 M M 7.7 13 30 M M 2 18 20 99
2 102 61 82 M 0 17 0.00 M M 15.9 33 330 M M 5 18 55 320
3 79 48 64 M 1 0 0.00 M M 9.4 37 320 M M 0 54 320
4 86 43 65 M 0 0 0.00 M M 4.2 9 100 M M 1 18 0
5 90 50 70 M 0 5 0.00 M M 8.7 16 160 M M 3 22 160
6 91 63 77 M 0 12 0.00 M M 6.0 10 90 M M 4 16 80
7 88 64 76 M 0 11 0.00 M M 8.0 12 100 M M 4 18 21 100
8 84 66 75 M 0 10 0.00 M M 7.2 10 80 M M 5 1 16 100
9 88 66 77 M 0 12 0.00 M M 6.2 10 110 M M 5 14 300
10 82 66 74 M 0 9 0.00 M M 7.0 12 70 M M 5 17 170
11 97 61 79 M 0 14 0.00 M M 5.2 8 100 M M 0 1 15 99
12 93 63 78 M 0 13 0.00 M M 10.5 22 340 M M 0 32 340
13 73 59 66 M 0 1 0.00 M M 10.8 16 110 M M 3 23 70
14 68 55 62 M 3 0 0.00 M M 7.8 10 120 M M 10 1 20 120
15 68 55 62 M 3 0 0.00 M M 7.8 12 120 M M 10 18 22 120
16 91 66 79 M 0 14 0.05 M M 6.0 13 360 M M 6 1 35 360
17 66 46 56 M 9 0 0.05 M M 11.0 20 350 M M 7 1 29 350
18 48 39 44 M 21 0 0.16 M M 6.1 13 20 M M 9 1 18 40
19 54 39 47 M 18 0 0.00 M M 5.1 13 160 M M 7 17 200
20 57 41 49 M 16 0 0.00 M M 7.8 14 130 M M 10 20 160
21 82 54 68 M 0 3 0.00 M M 4.9 10 100 M M 5 12 22 160
22 93 61 77 M 0 12 0.00 M M 8.8 13 120 M M 4 1 24 140
23 91 70 81 M 0 16 0.00 M M 8.2 14 90 M M 5 1 17 90
24 90 57 74 M 0 9 0.00 M M 8.2 17 330 M M 1 1 28 330
25 84 48 66 M 0 1 0.00 M M 6.0 17 300 M M 0 23 300
26 91 50 71 M 0 6 0.00 M M 5.6 8 340 M M 0 15 350
27 88 63 76 M 0 11 0.00 M M 8.1 13 110 M M 1 18 24 110
28 73 54 64 M 1 0 0.05 M M 10.4 18 320 M M 5 18 25 330
29 72 57 65 M 0 0 0.00 M M 7.0 14 120 M M 8 20 120
30 72 61 67 M 0 2 0.00 M M 5.8 12 130 M M 9 12 23 130
31 93 61 77 M 0 12 0.00 M M 6.1 10 320 M M 0 1 22 320
================================================================================
SM 2527 1757 72 207 0.31 M 237.6 M 134
================================================================================
AV 81.5 56.7 7.7 FASTST M M 4 MAX(MPH)
MISC ----> 37 320 55 320
================================================================================
NOTES:
# LAST OF SEVERAL OCCURRENCES
COLUMN 17 PEAK WIND IN M.P.H.
PRELIMINARY LOCAL CLIMATOLOGICAL DATA (WS FORM: F-6) , PAGE 2
STATION: EAGLE PASS
MONTH: MARCH
YEAR: 2023
LATITUDE: 28 51 N
LONGITUDE: 100 31 W
[TEMPERATURE DATA] [PRECIPITATION DATA] SYMBOLS USED IN COLUMN 16
AVERAGE MONTHLY: 69.1 TOTAL FOR MONTH: 0.31 1 = FOG OR MIST
DPTR FM NORMAL: 0.0 DPTR FM NORMAL: M 2 = FOG REDUCING VISIBILITY
HIGHEST: 102 ON 2 GRTST 24HR 0.16 ON 18-18 TO 1/4 MILE OR LESS
LOWEST: 39 ON 19,18 3 = THUNDER
SNOW, ICE PELLETS, HAIL 4 = ICE PELLETS
TOTAL MONTH: M 5 = HAIL
GRTST 24HR M ON M 6 = FREEZING RAIN OR DRIZZLE
GRTST DEPTH: M ON M 7 = DUSTSTORM OR SANDSTORM:
VSBY 1/2 MILE OR LESS
8 = SMOKE OR HAZE
[NO. OF DAYS WITH] [WEATHER - DAYS WITH] 9 = BLOWING SNOW
X = TORNADO
MAX 32 OR BELOW: 0 0.01 INCH OR MORE: 4
MAX 90 OR ABOVE: 12 0.10 INCH OR MORE: 1
MIN 32 OR BELOW: 0 0.50 INCH OR MORE: 0
MIN 0 OR BELOW: 0 1.00 INCH OR MORE: 0
[HDD (BASE 65) ]
TOTAL THIS MO. 72 CLEAR (SCALE 0-3) 11
DPTR FM NORMAL M PTCLDY (SCALE 4-7) 15
TOTAL FM JUL 1 812 CLOUDY (SCALE 8-10) 5
DPTR FM NORMAL M
[CDD (BASE 65) ]
TOTAL THIS MO. 207
DPTR FM NORMAL M [PRESSURE DATA]
TOTAL FM JAN 1 293 HIGHEST SLP M ON M
DPTR FM NORMAL M LOWEST SLP M ON M
[REMARKS]
#FINAL-03-23#