000
CXAK56 PAFC 011810
CF6ACD
PRELIMINARY LOCAL CLIMATOLOGICAL DATA (WS FORM: F-6)
STATION: COLD BAY
MONTH: DECEMBER
YEAR: 2019
LATITUDE: 55 13 N
LONGITUDE: 162 44 W
TEMPERATURE IN F: :PCPN: SNOW: WIND :SUNSHINE: SKY :PK WND
================================================================================
1 2 3 4 5 6A 6B 7 8 9 10 11 12 13 14 15 16 17 18
12Z AVG MX 2MIN
DY MAX MIN AVG DEP HDD CDD WTR SNW DPTH SPD SPD DIR MIN PSBL S-S WX SPD DR
================================================================================
1 42 37 40 7 25 0 0.03 M M 15.8 28 150 M M 9 1 43 320
2 38 33 36 3 29 0 0.02 M M 18.7 26 240 M M 6 1 41 240
3 37 30 34 2 31 0 0.06 M M 10.6 30 280 M M 6 1 39 280
4 45 31 38 6 27 0 0.02 M M 17.6 43 150 M M 8 1 51 150
5 46 41 44 12 21 0 0.12 M M 12.0 32 250 M M 10 1 49 230
6 47 39 43 11 22 0 0.24 M M 23.9 32 160 M M 9 1 43 150
7 41 29 35 3 30 0 0.03 M M 12.5 40 230 M M 5 59 230
8 40 33 37 5 28 0 0.18 M M 12.5 24 350 M M 7 1 37 340
9 39 32 36 4 29 0 0.34 M M 22.4 39 290 M M 8 1 47 290
10 39 27 33 1 32 0 T M M 4.7 8 180 M M 5 M M
11 37 29 33 1 32 0 T M M 20.6 30 300 M M 8 39 310
12 39 33 36 4 29 0 T M M 20.1 26 280 M M 9 35 290
13 41 23 32 0 33 0 T M M 14.9 39 120 M M 5 48 140
14 43 38 41 10 24 0 0.38 M M 31.2 49 120 M M 9 1 61 120
15 42 35 39 8 26 0 0.26 M M 18.5 31 330 M M 8 1 40 330
16 42 35 39 8 26 0 0.07 M M 11.9 21 130 M M 8 1 30 120
17 41 37 39 8 26 0 0.06 M M 11.8 21 90 M M 10 1 32 90
18 40 33 37 6 28 0 0.06 M M 18.7 28 320 M M 10 1 40 330
19 36 33 35 4 30 0 0.04 M M 17.8 28 320 M M 10 1 35 300
20 40 33 37 6 28 0 0.11 M M 13.8 23 300 M M 8 1 37 300
21 43 30 37 6 28 0 0.26 M M 16.5 40 120 M M 6 1 49 120
22 45 35 40 10 25 0 0.17 M M 16.2 38 240 M M 8 1 59 240
23 38 27 33 3 32 0 0.28 M M 25.0 41 240 M M 10 1 59 230
24 31 25 28 -2 37 0 0.11 M M 15.1 35 30 M M 9 1 51 30
25 29 24 27 -3 38 0 0.03 M M 29.8 39 360 M M 10 1 49 20
26 26 20 23 -7 42 0 T M M 20.8 33 30 M M 7 47 30
27 22 16 19 -11 46 0 T M M 30.1 39 30 M M 6 55 40
28 22 11 17 -13 48 0 0.06 M M 17.3 30 340 M M 8 1 38 350
29 24 15 20 -10 45 0 0.04 M M 13.0 24 20 M M 8 1 33 40
30 24 19 22 -8 43 0 0.08 M M 23.5 30 340 M M 10 189 38 340
31 M M M M M M M M M M M M M M M M M
================================================================================
SM 1119 883 940 0 3.05 M 537.2 M 240
================================================================================
AV 37.3 29.4 17.9 FASTST M M 8 MAX(MPH)
MISC ----> 49 120 61 120
================================================================================
NOTES:
# LAST OF SEVERAL OCCURRENCES
COLUMN 17 PEAK WIND IN M.P.H.
PRELIMINARY LOCAL CLIMATOLOGICAL DATA (WS FORM: F-6) , PAGE 2
STATION: COLD BAY
MONTH: DECEMBER
YEAR: 2019
LATITUDE: 55 13 N
LONGITUDE: 162 44 W
[TEMPERATURE DATA] [PRECIPITATION DATA] SYMBOLS USED IN COLUMN 16
AVERAGE MONTHLY: 33.4 TOTAL FOR MONTH: 3.05 1 = FOG OR MIST
DPTR FM NORMAL: 2.3 DPTR FM NORMAL: -1.41 2 = FOG REDUCING VISIBILITY
HIGHEST: 47 ON 6 GRTST 24HR 0.38 ON 14-14 TO 1/4 MILE OR LESS
LOWEST: 11 ON 28 3 = THUNDER
SNOW, ICE PELLETS, HAIL 4 = ICE PELLETS
TOTAL MONTH: M 5 = HAIL
GRTST 24HR M ON M 6 = FREEZING RAIN OR DRIZZLE
GRTST DEPTH: M ON M 7 = DUSTSTORM OR SANDSTORM:
VSBY 1/2 MILE OR LESS
8 = SMOKE OR HAZE
[NO. OF DAYS WITH] [WEATHER - DAYS WITH] 9 = BLOWING SNOW
X = TORNADO
MAX 32 OR BELOW: 7 0.01 INCH OR MORE: 24
MAX 90 OR ABOVE: 0 0.10 INCH OR MORE: 11
MIN 32 OR BELOW: 16 0.50 INCH OR MORE: 0
MIN 0 OR BELOW: 0 1.00 INCH OR MORE: 0
[HDD (BASE 65) ]
TOTAL THIS MO. 940 CLEAR (SCALE 0-3) 0
DPTR FM NORMAL -111 PTCLDY (SCALE 4-7) 14
TOTAL FM JUL 1 3010 CLOUDY (SCALE 8-10) 16
DPTR FM NORMAL -1061
[CDD (BASE 65) ]
TOTAL THIS MO. 0
DPTR FM NORMAL 0 [PRESSURE DATA]
TOTAL FM JAN 1 0 HIGHEST SLP M ON M
DPTR FM NORMAL 0 LOWEST SLP 29.16 ON 1
[REMARKS]
#FINAL-12-19#