000
CXUS54 KLZK 111700
CF6ADF
PRELIMINARY LOCAL CLIMATOLOGICAL DATA (WS FORM: F-6)
STATION: ARKADELPHIA AIRPORT
MONTH: FEBRUARY
YEAR: 2021
LATITUDE: 34 9 N
LONGITUDE: 93 4 W
TEMPERATURE IN F: :PCPN: SNOW: WIND :SUNSHINE: SKY :PK WND
================================================================================
1 2 3 4 5 6A 6B 7 8 9 10 11 12 13 14 15 16 17 18
12Z AVG MX 2MIN
DY MAX MIN AVG DEP HDD CDD WTR SNW DPTH SPD SPD DIR MIN PSBL S-S WX SPD DR
================================================================================
1 54 29 42 0 23 0 0.00 M M 6.0 10 10 M M 1 16 290
2 52 27 40 -2 25 0 0.00 M M 1.9 5 30 M M 0 M M
3 56 24 40 -3 25 0 0.00 M M 2.3 8 160 M M 0 M M
4 65 31 48 5 17 0 T M M 7.6 23 320 M M 7 30 320
5 58 23 41 -2 24 0 0.00 M M 2.1 8 180 M M 2 M M
6 52 35 44 1 21 0 0.40 M M 5.5 14 360 M M 10 1 20 20
7 42 37 40 -3 25 0 0.00 M M 5.0 8 110 M M 10 M M
8 48 35 42 -2 23 0 0.00 M M 4.2 7 130 M M 10 1 M M
9 47 36 42 -2 23 0 T M M 6.3 9 20 M M 10 18 M M
10 36 34 35 -9 30 0 T M M 6.8 12 20 M M 10 18 20 40
11 34 28 31 -13 34 0 0.25 M M 8.9 15 10 M M 10 1 23 20
12 31 27 29 -15 36 0 T M M 11.3 16 20 M M 10 22 360
13 36 23 30 -15 35 0 0.00 M M 9.1 13 20 M M 9 18 20
14 23 16 20 -25 45 0 0.01 M M 11.4 18 20 M M 9 1 24 30
15 19 10 15 -30 50 0 0.04 M M 10.2 15 10 M M 10 12 23 50
16 26 -11 8 -38 57 0 0.11 M M 4.3 9 90 M M 3 M M
17 22 16 19 -27 46 0 T M M 7.8 14 20 M M 10 12 33 350
18 34 5 20 -26 45 0 0.18 M M 6.0 13 10 M M 7 1 17 10
19 34 -4 15 -31 50 0 0.00 M M 0.7 4 150 M M 2 12 M M
20 M M M M M M 0.00 M M M M M M M M M M
21 M M M M M M 0.00 M M M M M M M M M M
22 M M M M M M 0.00 M M M M M M M M M M
23 73 37 55 7 10 0 0.00 M M 4.6 12 190 M M 0 8 M M
24 66 38 52 4 13 0 0.00 M M 1.3 6 180 M M 7 M M
25 59 43 51 3 14 0 0.02 M M 8.7 12 30 M M 7 13 20 50
26 50 42 46 -2 19 0 0.00 M M 3.4 13 350 M M 10 138 17 80
27 54 48 51 2 14 0 0.00 M M 2.9 6 60 M M 10 128 M M
28 75 52 64 15 1 0 0.00 M M 5.0 17 350 M M 10 138 28 350
================================================================================
SM 1146 681 705 0 1.01 M 143.2 M 174
================================================================================
AV 45.8 27.2 5.7 FASTST M M 7 MAX(MPH)
MISC ----> 23 320 33 350
================================================================================
NOTES:
# LAST OF SEVERAL OCCURRENCES
COLUMN 17 PEAK WIND IN M.P.H.
PRELIMINARY LOCAL CLIMATOLOGICAL DATA (WS FORM: F-6) , PAGE 2
STATION: ARKADELPHIA AIRPORT
MONTH: FEBRUARY
YEAR: 2021
LATITUDE: 34 9 N
LONGITUDE: 93 4 W
[TEMPERATURE DATA] [PRECIPITATION DATA] SYMBOLS USED IN COLUMN 16
AVERAGE MONTHLY: 36.5 TOTAL FOR MONTH: 1.01 1 = FOG OR MIST
DPTR FM NORMAL: -8.8 DPTR FM NORMAL: -3.33 2 = FOG REDUCING VISIBILITY
HIGHEST: 75 ON 28 GRTST 24HR 0.40 ON 6- 6 TO 1/4 MILE OR LESS
LOWEST: -11 ON 16 3 = THUNDER
SNOW, ICE PELLETS, HAIL 4 = ICE PELLETS
TOTAL MONTH: M 5 = HAIL
GRTST 24HR M ON M 6 = FREEZING RAIN OR DRIZZLE
GRTST DEPTH: M ON M 7 = DUSTSTORM OR SANDSTORM:
VSBY 1/2 MILE OR LESS
8 = SMOKE OR HAZE
[NO. OF DAYS WITH] [WEATHER - DAYS WITH] 9 = BLOWING SNOW
X = TORNADO
MAX 32 OR BELOW: 5 0.01 INCH OR MORE: 7
MAX 90 OR ABOVE: 0 0.10 INCH OR MORE: 4
MIN 32 OR BELOW: 14 0.50 INCH OR MORE: 0
MIN 0 OR BELOW: 2 1.00 INCH OR MORE: 0
[HDD (BASE 65) ]
TOTAL THIS MO. 705 CLEAR (SCALE 0-3) 6
DPTR FM NORMAL 153 PTCLDY (SCALE 4-7) 5
TOTAL FM JUL 1 2551 CLOUDY (SCALE 8-10) 17
DPTR FM NORMAL 43
[CDD (BASE 65) ]
TOTAL THIS MO. 0
DPTR FM NORMAL -1 [PRESSURE DATA]
TOTAL FM JAN 1 0 HIGHEST SLP M ON M
DPTR FM NORMAL 0 LOWEST SLP M ON M
[REMARKS]
#FINAL-02-21#