194
CXUS54 KLZK 011130
CF6ADF
PRELIMINARY LOCAL CLIMATOLOGICAL DATA (WS FORM: F-6)
STATION: Arkadelphia Airport
MONTH: JUNE
YEAR: 2020
LATITUDE: 34 9 N
LONGITUDE: 93 4 W
TEMPERATURE IN F: :PCPN: SNOW: WIND :SUNSHINE: SKY :PK WND
================================================================================
1 2 3 4 5 6A 6B 7 8 9 10 11 12 13 14 15 16 17 18
12Z AVG MX 2MIN
DY MAX MIN AVG DEP HDD CDD WTR SNW DPTH SPD SPD DIR MIN PSBL S-S WX SPD DR
================================================================================
1 82 57 70 -4 0 5 M M M 0.9 5 160 M M 0 M M
2 85 61 73 -1 0 8 M M M 1.1 6 290 M M 1 M M
3 89 65 77 2 0 12 M M M 1.9 8 270 M M 2 M M
4 89 70 80 5 0 15 M M M 3.4 10 260 M M 2 8 M M
5 94 69 82 7 0 17 M M M 3.9 10 240 M M 2 138 17 270
6 M M M M M M M M M M M M M M M M M
7 M M M M M M M M M M M M M M M M M
8 M M M M M M M M M M M M M M M M M
9 91 71 81 5 0 16 T M M 12.7 17 210 M M 5 3 24 210
10 81 64 73 -3 0 8 0.00 M M 7.7 15 300 M M 2 23 280
11 84 58 71 -6 0 6 0.00 M M 2.1 7 50 M M 0 M M
12 87 59 73 -4 0 8 0.00 M M 1.1 6 40 M M 0 M M
13 90 63 77 0 0 12 0.00 M M 0.8 5 99 M M 1 M M
14 91 64 78 1 0 13 0.00 M M 0.7 6 60 M M 1 M M
15 91 65 78 1 0 13 0.00 M M 1.5 6 20 M M 0 8 M M
16 86 66 76 -2 0 11 0.00 M M 2.3 6 99 M M 1 M M
17 87 62 75 -3 0 10 0.00 M M 1.0 5 99 M M 1 M M
18 89 62 76 -2 0 11 0.00 M M 2.2 8 160 M M 1 M M
19 91 67 79 1 0 14 0.00 M M 3.1 10 170 M M 2 8 M M
20 84 69 77 -1 0 12 0.00 M M 1.0 9 170 M M 5 138 M M
21 84 67 76 -2 0 11 T M M 3.1 9 290 M M 7 1238 M M
22 86 68 77 -2 0 12 1.58 M M 5.2 12 220 M M 5 3 M M
23 82 69 76 -3 0 11 0.38 M M 1.2 5 220 M M 2 138 M M
24 86 69 78 -1 0 13 0.00 M M 3.7 9 30 M M 4 128 16 20
25 87 68 78 -1 0 13 0.00 M M 2.1 8 170 M M 4 M M
26 M M M M M M T M M 4.6 12 180 M M 9 138 21 180
27 89 70 80 1 0 15 M M M 4.5 12 190 M M 6 18 20 180
28 M M M M M M M M M 5.2 10 180 M M 5 138 16 190
29 88 73 81 1 0 16 M M M 3.9 12 180 M M 5 38 M M
30 90 74 82 2 0 17 M M M 6.4 12 200 M M 5 16 200
================================================================================
SM 2183 1650 0 299 1.96 M 87.3 M 78
================================================================================
AV 87.3 66.0 3.2 FASTST M M 3 MAX(MPH)
MISC ----> # 17 210 # 24 210
================================================================================
NOTES:
# LAST OF SEVERAL OCCURRENCES
COLUMN 17 PEAK WIND IN M.P.H.
PRELIMINARY LOCAL CLIMATOLOGICAL DATA (WS FORM: F-6) , PAGE 2
STATION: Arkadelphia Airport
MONTH: JUNE
YEAR: 2020
LATITUDE: 34 9 N
LONGITUDE: 93 4 W
[TEMPERATURE DATA] [PRECIPITATION DATA] SYMBOLS USED IN COLUMN 16
AVERAGE MONTHLY: 76.7 TOTAL FOR MONTH: 1.96 1 = FOG OR MIST
DPTR FM NORMAL: -0.7 DPTR FM NORMAL: -1.97 2 = FOG REDUCING VISIBILITY
HIGHEST: 94 ON 5 GRTST 24HR 1.58 ON 22-22 TO 1/4 MILE OR LESS
LOWEST: 57 ON 1 3 = THUNDER
SNOW, ICE PELLETS, HAIL 4 = ICE PELLETS
TOTAL MONTH: M 5 = HAIL
GRTST 24HR M ON M 6 = FREEZING RAIN OR DRIZZLE
GRTST DEPTH: M ON M 7 = DUSTSTORM OR SANDSTORM:
VSBY 1/2 MILE OR LESS
8 = SMOKE OR HAZE
[NO. OF DAYS WITH] [WEATHER - DAYS WITH] 9 = BLOWING SNOW
X = TORNADO
MAX 32 OR BELOW: 0 0.01 INCH OR MORE: 2
MAX 90 OR ABOVE: 7 0.10 INCH OR MORE: 2
MIN 32 OR BELOW: 0 0.50 INCH OR MORE: 1
MIN 0 OR BELOW: 0 1.00 INCH OR MORE: 1
[HDD (BASE 65) ]
TOTAL THIS MO. 0 CLEAR (SCALE 0-3) 16
DPTR FM NORMAL 0 PTCLDY (SCALE 4-7) 10
TOTAL FM JUL 1 2724 CLOUDY (SCALE 8-10) 1
DPTR FM NORMAL -303
[CDD (BASE 65) ]
TOTAL THIS MO. 299
DPTR FM NORMAL -72 [PRESSURE DATA]
TOTAL FM JAN 1 506 HIGHEST SLP M ON M
DPTR FM NORMAL -102 LOWEST SLP M ON M
[REMARKS]
#FINAL-06-20#