000
CXAK58 PADQ 011027
CLMADQ
CLIMATE REPORT
NATIONAL WEATHER SERVICE ANCHORAGE, AK
227 AM AKDT MON MAY 01 2023
...................................
...THE KODIAK CLIMATE SUMMARY FOR THE MONTH OF APRIL 2023...
CLIMATE NORMAL PERIOD: 1991 TO 2020
CLIMATE RECORD PERIOD: 1913 TO 2023
WEATHER OBSERVED NORMAL DEPART LAST YEAR`S
VALUE DATE(S) VALUE FROM VALUE
NORMAL
..............................................................
TEMPERATURE (F)
RECORD
HIGH 70 MM
LOW 18 04/08/2021
04/08/2021
HIGHEST 58 MM MM 55
LOWEST 18R MM MM 23
AVG. MAXIMUM 43.0 44.7 -1.7 44.4
AVG. MINIMUM 29.8 33.6 -3.8 31.7
MEAN 36.4 39.1 -2.7 38.1
DAYS MAX >= 90 0 0.0 0.0 0
DAYS MAX <= 32 1 0.4 0.6 0
DAYS MIN <= 32 23 12.4 10.6 15
DAYS MIN <= 0 0 0.0 0.0 0
PRECIPITATION (INCHES)
RECORD
MAXIMUM 6.10 2021
MINIMUM 1.14 2021
TOTALS 1.91 6.14 -4.23 5.99
DAILY AVG. 0.06 0.20 -0.14 0.20
DAYS >= .01 11 18.0 -7.0 18
DAYS >= .10 6 12.7 -6.7 8
DAYS >= .50 1 4.4 -3.4 2
DAYS >= 1.00 0 1.2 -1.2 0
GREATEST
24 HR. TOTAL 0.85 04/03 TO 04/04 2.08
STORM TOTAL 0.84 2.08
(MM/DD(HH))
DEGREE DAYS
HEATING TOTAL 849 776 73 802
SINCE 7/1 7106 7310 -204 MM
COOLING TOTAL 0 0 0 0
SINCE 1/1 0 0 0 MM
FREEZE DATES
RECORD
EARLIEST MM
LATEST MM
EARLIEST 10/27
LATEST 04/26
..............................................................
WIND (MPH)
AVERAGE WIND SPEED 11.0
RESULTANT WIND SPEED/DIRECTION 7/300
HIGHEST WIND SPEED/DIRECTION 41/290 DATE 04/09
HIGHEST GUST SPEED/DIRECTION 59/280 DATE 04/01
SKY COVER
POSSIBLE SUNSHINE (PERCENT) MM
AVERAGE SKY COVER 0.50
NUMBER OF DAYS FAIR 13
NUMBER OF DAYS PC 5
NUMBER OF DAYS CLOUDY 12
AVERAGE RH (PERCENT) 63
WEATHER CONDITIONS. NUMBER OF DAYS WITH
THUNDERSTORM 0 MIXED PRECIP 1
HEAVY RAIN 0 RAIN 2
LIGHT RAIN 10 FREEZING RAIN 0
LT FREEZING RAIN 0 HAIL 0
HEAVY SNOW 0 SNOW 2
LIGHT SNOW 10 SLEET 0
FOG 10 FOG W/VIS <= 1/4 MILE 0
HAZE 3
- INDICATES NEGATIVE NUMBERS.
R INDICATES RECORD WAS SET OR TIED.
MM INDICATES DATA IS MISSING.
T INDICATES TRACE AMOUNT.
$$