000
CXUS54 KLCH 010830
CF6AEX
PRELIMINARY LOCAL CLIMATOLOGICAL DATA (WS FORM: F-6)
STATION: ALEXANDRIA
MONTH: JUNE
YEAR: 2021
LATITUDE: 31 19 N
LONGITUDE: 92 33 W
TEMPERATURE IN F: :PCPN: SNOW: WIND :SUNSHINE: SKY :PK WND
================================================================================
1 2 3 4 5 6A 6B 7 8 9 10 11 12 13 14 15 16 17 18
12Z AVG MX 2MIN
DY MAX MIN AVG DEP HDD CDD WTR SNW DPTH SPD SPD DIR MIN PSBL S-S WX SPD DR
================================================================================
1 86 70 78 0 0 13 1.96 0.0 M 6.7 21 160 M M 5 13 27 150
2 87 71 79 0 0 14 0.03 0.0 M 5.1 14 270 M M 5 1 19 270
3 86 70 78 -1 0 13 0.01 0.0 M 2.6 10 340 M M 3 1 15 350
4 83 73 78 -1 0 13 0.12 0.0 M 5.2 10 110 M M 7 18 16 110
5 83 71 77 -2 0 12 0.21 0.0 M 9.2 20 130 M M 8 1 26 130
6 88 73 81 2 0 16 0.02 0.0 M 6.1 14 150 M M 6 13 20 110
7 91 72 82 2 0 17 0.52 0.0 M 9.9 26 290 M M 6 138 36 280
8 91 75 83 3 0 18 0.01 0.0 M 10.0 23 170 M M 6 1 33 170
9 92 78 85 5 0 20 0.00 0.0 M 8.4 17 180 M M 5 24 190
10 93 77 85 5 0 20 T 0.0 M 7.6 16 190 M M 3 1 19 180
11 95 72 84 4 0 19 0.00 0.0 0 6.8 14 240 M M 1 18 20 240
12 93 75 84 4 0 19 T 0.0 0 4.5 16 270 M M 2 20 270
13 96 73 85 5 0 20 0.09 0.0 M 4.7 21 20 M M 1 13 32 20
14 96 72 84 4 0 19 0.00 0.0 M 2.3 14 10 M M 1 21 10
15 97 76 87 6 0 22 0.00 0.0 M 3.4 12 360 M M 0 1 23 320
16 95 74 85 4 0 20 0.00 0.0 M 5.8 14 50 M M 0 1 19 40
17 93 68 81 0 0 16 M 0.0 M 5.6 16 100 M M 0 26 110
18 94 67 81 0 0 16 0.00 0.0 M 5.8 18 120 M M 1 25 90
19 95 71 83 2 0 18 0.00 0.0 M 6.2 13 360 M M 1 17 350
20 96 75 86 5 0 21 T 0.0 M 8.4 17 190 M M 2 13 26 180
21 90 72 81 0 0 16 0.38 0.0 M 7.8 28 120 M M 7 13 37 200
22 86 71 79 -2 0 14 0.12 0.0 M 6.2 13 40 M M 7 1 18 20
23 92 72 82 0 0 17 0.00 0.0 M 4.8 14 220 M M 6 17 210
24 94 76 85 3 0 20 T 0.0 M 5.4 18 220 M M 4 1 28 210
25 92 75 84 2 0 19 0.04 0.0 M 8.5 22 150 M M 3 13 29 150
26 93 74 84 2 0 19 T 0.0 M 7.6 21 180 M M 3 13 31 180
27 92 74 83 1 0 18 0.24 0.0 M 6.9 25 140 M M 2 138 36 160
28 89 75 82 0 0 17 0.29 0.0 M 7.9 23 160 M M 3 138 30 170
29 92 74 83 1 0 18 0.00 0.0 M 5.3 21 120 M M 2 3 28 130
30 94 74 84 2 0 19 0.00 0.0 M 4.6 16 120 M M 2 20 120
================================================================================
SM 2744 2190 0 523 4.04 0.0 189.3 M 102
================================================================================
AV 91.5 73.0 6.3 FASTST M M 3 MAX(MPH)
MISC ----> 28 120 37 200
================================================================================
NOTES:
# LAST OF SEVERAL OCCURRENCES
COLUMN 17 PEAK WIND IN M.P.H.
PRELIMINARY LOCAL CLIMATOLOGICAL DATA (WS FORM: F-6) , PAGE 2
STATION: ALEXANDRIA
MONTH: JUNE
YEAR: 2021
LATITUDE: 31 19 N
LONGITUDE: 92 33 W
[TEMPERATURE DATA] [PRECIPITATION DATA] SYMBOLS USED IN COLUMN 16
AVERAGE MONTHLY: 82.2 TOTAL FOR MONTH: 4.04 1 = FOG OR MIST
DPTR FM NORMAL: 1.7 DPTR FM NORMAL: -1.10 2 = FOG REDUCING VISIBILITY
HIGHEST: 97 ON 15 GRTST 24HR 1.99 ON 1- 2 TO 1/4 MILE OR LESS
LOWEST: 67 ON 18 3 = THUNDER
SNOW, ICE PELLETS, HAIL 4 = ICE PELLETS
TOTAL MONTH: 0.0 INCH 5 = HAIL
GRTST 24HR 0.0 6 = FREEZING RAIN OR DRIZZLE
GRTST DEPTH: 0 7 = DUSTSTORM OR SANDSTORM:
VSBY 1/2 MILE OR LESS
8 = SMOKE OR HAZE
[NO. OF DAYS WITH] [WEATHER - DAYS WITH] 9 = BLOWING SNOW
X = TORNADO
MAX 32 OR BELOW: 0 0.01 INCH OR MORE: 14
MAX 90 OR ABOVE: 22 0.10 INCH OR MORE: 8
MIN 32 OR BELOW: 0 0.50 INCH OR MORE: 2
MIN 0 OR BELOW: 0 1.00 INCH OR MORE: 1
[HDD (BASE 65) ]
TOTAL THIS MO. 0 CLEAR (SCALE 0-3) 16
DPTR FM NORMAL 0 PTCLDY (SCALE 4-7) 14
TOTAL FM JUL 1 1961 CLOUDY (SCALE 8-10) 0
DPTR FM NORMAL 68
[CDD (BASE 65) ]
TOTAL THIS MO. 523
DPTR FM NORMAL 57 [PRESSURE DATA]
TOTAL FM JAN 1 995 HIGHEST SLP 30.12 ON 30
DPTR FM NORMAL 52 LOWEST SLP 29.80 ON 20
[REMARKS]
#FINAL-06-21#