000
CXUS54 KLCH 010842
CF6AEX
PRELIMINARY LOCAL CLIMATOLOGICAL DATA (WS FORM: F-6)
STATION: ALEXANDRIA
MONTH: MAY
YEAR: 2020
LATITUDE: 31 19 N
LONGITUDE: 92 33 W
TEMPERATURE IN F: :PCPN: SNOW: WIND :SUNSHINE: SKY :PK WND
================================================================================
1 2 3 4 5 6A 6B 7 8 9 10 11 12 13 14 15 16 17 18
12Z AVG MX 2MIN
DY MAX MIN AVG DEP HDD CDD WTR SNW DPTH SPD SPD DIR MIN PSBL S-S WX SPD DR
================================================================================
1 83 52 68 -3 0 3 0.00 0.0 0 5.6 13 180 M M 0 1 19 240
2 84 57 71 0 0 6 0.00 0.0 0 8.4 15 180 M M 1 21 170
3 85 63 74 3 0 9 0.00 0.0 0 6.9 17 180 M M 4 1 24 160
4 87 64 76 5 0 11 0.00 0.0 0 8.1 16 170 M M 4 1 22 200
5 83 69 76 4 0 11 T 0.0 0 6.9 17 10 M M 7 1 25 10
6 82 58 70 -2 0 5 0.00 0.0 0 5.0 15 60 M M 1 20 50
7 78 54 66 -6 0 1 0.00 0.0 0 8.0 16 180 M M 0 26 190
8 71 59 65 -7 0 0 2.61 0.0 0 9.7 22 160 M M 6 123 33 170
9 71 51 61 -12 4 0 0.00 0.0 0 7.9 18 60 M M 2 25 90
10 78 52 65 -8 0 0 0.00 0.0 0 4.5 13 360 M M 2 20 10
11 80 51 66 -7 0 1 0.00 0.0 0 4.2 12 90 M M 0 16 80
12 81 57 69 -5 0 4 0.00 0.0 0 7.6 18 150 M M 0 27 150
13 81 66 74 0 0 9 0.72 0.0 0 6.9 25 150 M M 5 138 35 150
14 80 67 74 0 0 9 0.16 0.0 0 8.7 21 150 M M 6 13 27 150
15 85 65 75 1 0 10 T 0.0 0 8.1 22 190 M M 5 1 30 190
16 82 72 77 2 0 12 T 0.0 0 13.0 24 130 M M 7 33 120
17 73 66 70 -5 0 5 1.31 0.0 0 8.1 17 240 M M 7 13 27 250
18 83 58 71 -4 0 6 0.00 0.0 0 6.5 16 320 M M 0 27 300
19 90 63 77 2 0 12 0.00 0.0 0 4.0 16 60 M M 2 23 40
20 73 61 67 -9 0 2 0.52 0.0 0 4.4 31 50 M M 8 13 42 50
21 88 61 75 -1 0 10 0.00 0.0 0 6.2 14 190 M M 3 1 19 180
22 91 72 82 6 0 17 0.00 0.0 0 7.3 18 180 M M 4 25 180
23 87 70 79 3 0 14 T 0.0 0 7.6 28 330 M M 4 13 39 310
24 88 69 79 3 0 14 0.73 0.0 0 6.4 20 180 M M 5 138 28 190
25 85 68 77 1 0 12 0.52 0.0 0 9.7 28 230 M M 6 13 42 230
26 79 67 73 -4 0 8 0.29 0.0 0 4.1 13 300 M M 5 13 19 310
27 85 65 75 -2 0 10 0.00 0.0 0 4.1 14 300 M M 3 1 18 300
28 80 64 72 -5 0 7 0.01 0.0 0 3.2 9 140 M M 3 1 15 320
29 86 63 75 -2 0 10 0.00 0.0 0 3.8 10 20 M M 2 12 14 10
30 88 65 77 -1 0 12 0.00 0.0 0 4.6 13 70 M M 1 16 80
31 89 65 77 -1 0 12 0.00 0.0 0 4.3 10 60 M M 0 16 30
================================================================================
SM 2556 1934 4 242 6.87 0.0 203.8 M 103
================================================================================
AV 82.5 62.4 6.6 FASTST M M 3 MAX(MPH)
MISC ----> # 31 50 # 42 50
================================================================================
NOTES:
# LAST OF SEVERAL OCCURRENCES
COLUMN 17 PEAK WIND IN M.P.H.
PRELIMINARY LOCAL CLIMATOLOGICAL DATA (WS FORM: F-6) , PAGE 2
STATION: ALEXANDRIA
MONTH: MAY
YEAR: 2020
LATITUDE: 31 19 N
LONGITUDE: 92 33 W
[TEMPERATURE DATA] [PRECIPITATION DATA] SYMBOLS USED IN COLUMN 16
AVERAGE MONTHLY: 72.4 TOTAL FOR MONTH: 6.87 1 = FOG OR MIST
DPTR FM NORMAL: -2.0 DPTR FM NORMAL: 2.15 2 = FOG REDUCING VISIBILITY
HIGHEST: 91 ON 22 GRTST 24HR 2.61 ON 8- 8 TO 1/4 MILE OR LESS
LOWEST: 51 ON 11, 9 3 = THUNDER
SNOW, ICE PELLETS, HAIL 4 = ICE PELLETS
TOTAL MONTH: 0.0 INCH 5 = HAIL
GRTST 24HR 0.0 6 = FREEZING RAIN OR DRIZZLE
GRTST DEPTH: 0 7 = DUSTSTORM OR SANDSTORM:
VSBY 1/2 MILE OR LESS
8 = SMOKE OR HAZE
[NO. OF DAYS WITH] [WEATHER - DAYS WITH] 9 = BLOWING SNOW
X = TORNADO
MAX 32 OR BELOW: 0 0.01 INCH OR MORE: 9
MAX 90 OR ABOVE: 2 0.10 INCH OR MORE: 8
MIN 32 OR BELOW: 0 0.50 INCH OR MORE: 6
MIN 0 OR BELOW: 0 1.00 INCH OR MORE: 2
[HDD (BASE 65) ]
TOTAL THIS MO. 4 CLEAR (SCALE 0-3) 15
DPTR FM NORMAL 0 PTCLDY (SCALE 4-7) 16
TOTAL FM JUL 1 1660 CLOUDY (SCALE 8-10) 0
DPTR FM NORMAL -291
[CDD (BASE 65) ]
TOTAL THIS MO. 242
DPTR FM NORMAL -53 [PRESSURE DATA]
TOTAL FM JAN 1 481 HIGHEST SLP 30.26 ON 11
DPTR FM NORMAL 27 LOWEST SLP 29.69 ON 16
[REMARKS]
#FINAL-05-20#