000
CXUS55 KCYS 111118 CCA
CF6AIA
PRELIMINARY LOCAL CLIMATOLOGICAL DATA (WS FORM: F-6)...CORRECTED
STATION: ALLIANCE NEBRASKA AIRPORT
MONTH: MAY
YEAR: 2023
LATITUDE: 42 2 N
LONGITUDE: 102 48 W
TEMPERATURE IN F: :PCPN: SNOW: WIND :SUNSHINE: SKY :PK WND
================================================================================
1 2 3 4 5 6A 6B 7 8 9 10 11 12 13 14 15 16 17 18
12Z AVG MX 2MIN
DY MAX MIN AVG DEP HDD CDD WTR SNW DPTH SPD SPD DIR MIN PSBL S-S WX SPD DR
================================================================================
1 67 20 44 -3 21 0 0.00 M M 4.7 13 60 M M 0 17 60
2 69 20 45 -3 20 0 0.00 M M 9.0 17 140 M M 0 31 110
3 83 38 61 13 4 0 0.15 M M 11.9 32 50 M M 2 3 40 50
4 79 34 57 9 8 0 0.14 M M 6.8 37 180 M M 3 13 61 180
5 76 45 61 12 4 0 0.37 M M 8.9 45 280 M M 4 13 58 290
6 73 42 58 9 7 0 0.00 M M 8.9 29 280 M M 4 12 36 280
7 69 35 52 2 13 0 0.00 M M 8.2 32 270 M M 1 39 280
8 76 36 56 6 9 0 0.03 M M 13.6 29 210 M M 2 38 39 210
9 75 43 59 9 6 0 0.31 M M 8.5 39 250 M M 3 13 51 240
10 75 51 63 12 2 0 0.19 M M 13.7 35 200 M M 4 13 44 210
11 59 52 56 5 9 0 1.49 M M 13.8 24 350 M M 9 13 38 350
12 60 52 56 4 9 0 0.13 M M 18.8 30 340 M M 10 1 39 320
13 60 51 56 4 9 0 T M M 16.1 25 320 M M 10 1 34 320
14 52 50 51 -2 14 0 0.18 M M 15.3 23 20 M M 10 1 29 20
15 68 45 57 4 8 0 0.00 M M 7.1 15 60 M M 5 1 20 40
16 76 45 61 7 4 0 0.00 M M 6.9 15 20 M M 2 12 19 10
17 78 44 61 7 4 0 0.51 M M 6.2 24 30 M M 1 138 31 20
18 64 46 55 1 10 0 T M M 4.8 13 20 M M 8 18 17 360
19 63 38 51 -4 14 0 0.00 M M 6.9 16 360 M M 2 18 26 350
20 74 36 55 0 10 0 0.00 M M 9.2 21 200 M M 0 18 25 210
21 79 40 60 4 5 0 0.00 M M 3.9 12 150 M M 1 128 12 120
22 79 43 61 5 4 0 0.00 M M 7.6 18 170 M M 0 128 25 150
23 77 51 64 7 1 0 0.00 M M 10.3 18 170 M M 0 1 25 170
24 76 51 64 7 1 0 0.00 M M 15.5 29 160 M M 3 1 36 160
25 77 51 64 6 1 0 0.00 M M 16.1 28 160 M M 2 1 38 150
26 75 56 66 8 0 1 0.01 M M 21.1 35 140 M M 6 3 43 140
27 77 54 66 8 0 1 0.18 M M 20.1 36 150 M M 4 13 45 140
28 79 50 65 6 0 0 0.09 M M 9.4 25 230 M M 2 13 33 180
29 84 46 65 6 0 0 0.02 M M 9.0 28 190 M M 1 13 42 220
30 84 43 64 4 1 0 0.24 M M 10.4 39 290 M M 1 3 57 260
31 80 50 65 5 0 0 0.16 M M 12.0 28 340 M M 1 13 36 340
================================================================================
SM 2263 1358 198 2 4.20 M 334.7 M 101
================================================================================
AV 73.0 43.8 10.8 FASTST M M 3 MAX(MPH)
MISC ----> 45 280 61 180
================================================================================
NOTES:
# LAST OF SEVERAL OCCURRENCES
COLUMN 17 PEAK WIND IN M.P.H.
PRELIMINARY LOCAL CLIMATOLOGICAL DATA (WS FORM: F-6) , PAGE 2
STATION: ALLIANCE NEBRASKA AIRPORT
MONTH: MAY
YEAR: 2023
LATITUDE: 42 2 N
LONGITUDE: 102 48 W
[TEMPERATURE DATA] [PRECIPITATION DATA] SYMBOLS USED IN COLUMN 16
AVERAGE MONTHLY: 58.4 TOTAL FOR MONTH: 4.20 1 = FOG OR MIST
DPTR FM NORMAL: 4.8 DPTR FM NORMAL: 1.55 2 = FOG REDUCING VISIBILITY
HIGHEST: 84 ON 30,29 GRTST 24HR 1.55 ON 11-12 TO 1/4 MILE OR LESS
LOWEST: 20 ON 2, 1 3 = THUNDER
SNOW, ICE PELLETS, HAIL 4 = ICE PELLETS
TOTAL MONTH: M 5 = HAIL
GRTST 24HR M ON M 6 = FREEZING RAIN OR DRIZZLE
GRTST DEPTH: M ON M 7 = DUSTSTORM OR SANDSTORM:
VSBY 1/2 MILE OR LESS
8 = SMOKE OR HAZE
[NO. OF DAYS WITH] [WEATHER - DAYS WITH] 9 = BLOWING SNOW
X = TORNADO
MAX 32 OR BELOW: 0 0.01 INCH OR MORE: 16
MAX 90 OR ABOVE: 0 0.10 INCH OR MORE: 12
MIN 32 OR BELOW: 2 0.50 INCH OR MORE: 2
MIN 0 OR BELOW: 0 1.00 INCH OR MORE: 1
[HDD (BASE 65) ]
TOTAL THIS MO. 198 CLEAR (SCALE 0-3) 19
DPTR FM NORMAL -165 PTCLDY (SCALE 4-7) 8
TOTAL FM JUL 1 7285 CLOUDY (SCALE 8-10) 4
DPTR FM NORMAL -23
[CDD (BASE 65) ]
TOTAL THIS MO. 2
DPTR FM NORMAL -7 [PRESSURE DATA]
TOTAL FM JAN 1 2 HIGHEST SLP 30.48 ON 14
DPTR FM NORMAL -7 LOWEST SLP 29.61 ON 5
[REMARKS]
MAY 26...RECORD HIGH LOW TEMPERATURE 56 DEGREES (PREVIOUS 55 DEGREES IN 1950)
#FINAL-05-23#