000
CXAK56 PAFC 011017
CF6AKN
PRELIMINARY LOCAL CLIMATOLOGICAL DATA (WS FORM: F-6)
STATION: KING SALMON
MONTH: APRIL
YEAR: 2022
LATITUDE: 58 41 N
LONGITUDE: 156 39 W
TEMPERATURE IN F: :PCPN: SNOW: WIND :SUNSHINE: SKY :PK WND
================================================================================
1 2 3 4 5 6A 6B 7 8 9 10 11 12 13 14 15 16 17 18
12Z AVG MX 2MIN
DY MAX MIN AVG DEP HDD CDD WTR SNW DPTH SPD SPD DIR MIN PSBL S-S WX SPD DR
================================================================================
1 46 31 39 11 26 0 0.00 M M 13.9 29 30 M M 6 36 40
2 44 28 36 7 29 0 0.08 M M 4.1 15 180 M M 7 1 20 170
3 35 24 30 1 35 0 0.01 M M 4.8 13 210 M M 9 12 15 220
4 33 22 28 -2 37 0 0.08 M M 5.4 15 250 M M 10 18 19 240
5 40 26 33 3 32 0 0.13 M M 7.1 17 250 M M 9 1 22 250
6 36 22 29 -2 36 0 T M M 5.7 14 340 M M 6 19 330
7 27 10 19 -13 46 0 0.11 M M 9.7 20 360 M M 10 1 25 360
8 17 4 11 -21 54 0 0.00 M M 10.9 18 340 M M 0 24 330
9 31 1 16 -17 49 0 0.00 M M 10.6 21 350 M M 0 27 340
10 46 16 31 -2 34 0 0.00 M M 5.8 14 360 M M 0 16 10
11 53 16 35 1 30 0 0.00 M M 2.6 13 230 M M 2 14 240
12 55 18 37 3 28 0 0.00 M M 5.3 17 180 M M 3 20 190
13 46 26 36 1 29 0 0.00 M M 9.9 23 170 M M 10 27 170
14 42 40 41 5 24 0 0.00 M M 19.0 22 140 M M M 33 140
15 48 35 42 6 23 0 0.01 M M 13.3 25 140 M M 9 33 140
16 48 30 39 2 26 0 0.03 M M 6.0 20 100 M M 9 26 80
17 45 32 39 2 26 0 T M M 8.6 25 160 M M 10 31 170
18 51 30 41 3 24 0 0.00 M M 10.6 20 90 M M 3 24 90
19 47 23 35 -3 30 0 0.00 M M 5.2 13 270 M M 5 16 250
20 45 28 37 -2 28 0 0.10 M M 4.7 15 140 M M 8 1 17 140
21 42 30 36 -3 29 0 0.00 M M 17.4 32 80 M M 7 41 80
22 49 39 44 4 21 0 T M M 18.5 31 100 M M 7 40 90
23 53 30 42 2 23 0 0.00 M M 7.8 16 70 M M 4 20 70
24 42 28 35 -5 30 0 T M M 11.5 22 240 M M 8 12 26 230
25 43 28 36 -5 29 0 0.00 M M 4.7 10 310 M M 9 12 310
26 54 32 43 2 22 0 0.00 M M 8.7 17 340 M M 6 23 320
27 59 25 42 0 23 0 0.00 M M 4.8 17 190 M M 2 21 180
28 51 33 42 0 23 0 0.00 M M 14.8 26 180 M M 4 35 180
29 47 37 42 0 23 0 0.00 M M 20.3 32 90 M M 7 44 100
30 44 38 41 -1 24 0 T M M 18.0 32 100 M M 10 43 90
================================================================================
SM 1319 782 893 0 0.55 M 289.7 M 180
================================================================================
AV 44.0 26.1 9.7 FASTST M M 6 MAX(MPH)
MISC ----> # 32 80 44 100
================================================================================
NOTES:
# LAST OF SEVERAL OCCURRENCES
COLUMN 17 PEAK WIND IN M.P.H.
PRELIMINARY LOCAL CLIMATOLOGICAL DATA (WS FORM: F-6) , PAGE 2
STATION: KING SALMON
MONTH: APRIL
YEAR: 2022
LATITUDE: 58 41 N
LONGITUDE: 156 39 W
[TEMPERATURE DATA] [PRECIPITATION DATA] SYMBOLS USED IN COLUMN 16
AVERAGE MONTHLY: 35.0 TOTAL FOR MONTH: 0.55 1 = FOG OR MIST
DPTR FM NORMAL: -1.0 DPTR FM NORMAL: -0.49 2 = FOG REDUCING VISIBILITY
HIGHEST: 59 ON 27 GRTST 24HR 0.14 ON 4- 5 TO 1/4 MILE OR LESS
LOWEST: 1 ON 9 3 = THUNDER
SNOW, ICE PELLETS, HAIL 4 = ICE PELLETS
TOTAL MONTH: M 5 = HAIL
GRTST 24HR M ON M 6 = FREEZING RAIN OR DRIZZLE
GRTST DEPTH: M ON M 7 = DUSTSTORM OR SANDSTORM:
VSBY 1/2 MILE OR LESS
8 = SMOKE OR HAZE
[NO. OF DAYS WITH] [WEATHER - DAYS WITH] 9 = BLOWING SNOW
X = TORNADO
MAX 32 OR BELOW: 3 0.01 INCH OR MORE: 8
MAX 90 OR ABOVE: 0 0.10 INCH OR MORE: 3
MIN 32 OR BELOW: 24 0.50 INCH OR MORE: 0
MIN 0 OR BELOW: 0 1.00 INCH OR MORE: 0
[HDD (BASE 65) ]
TOTAL THIS MO. 893 CLEAR (SCALE 0-3) 7
DPTR FM NORMAL 25 PTCLDY (SCALE 4-7) 12
TOTAL FM JUL 1 10080 CLOUDY (SCALE 8-10) 11
DPTR FM NORMAL 663
[CDD (BASE 65) ]
TOTAL THIS MO. 0
DPTR FM NORMAL 0 [PRESSURE DATA]
TOTAL FM JAN 1 0 HIGHEST SLP M ON M
DPTR FM NORMAL 0 LOWEST SLP 28.96 ON 1
[REMARKS]
#FINAL-04-22#