000
CDAK48 PAFC 120056
CLIAKN


CLIMATE REPORT
NATIONAL WEATHER SERVICE ANCHORAGE, AK
456 PM AKDT WED APR 11 2018


...................................

...THE KING SALMON CLIMATE SUMMARY FOR APRIL 11 2018...
VALID TODAY AS OF 0400 PM LOCAL TIME.

CLIMATE NORMAL PERIOD 1981 TO 2010
CLIMATE RECORD PERIOD 1917 TO 2018


WEATHER ITEM   OBSERVED TIME   RECORD YEAR NORMAL DEPARTURE LAST
                VALUE   (LST)  VALUE       VALUE  FROM      YEAR
                                                  NORMAL
..................................................................
TEMPERATURE (F)
 TODAY
  MAXIMUM         48        MM  57    1997  40      8       54
  MINIMUM         37        MM -11    1985  23     14       24
  AVERAGE         43                        32     11       39

PRECIPITATION (IN)
  TODAY            T             0.48 2006   0.03  -0.03     0.00
                                      1938
  MONTH TO DATE    0.49                      0.33   0.16     0.49
  SINCE MAR 1      3.93                      1.03   2.90     0.54
  SINCE JAN 1      7.63                      2.81   4.82     1.74

SNOWFALL (IN)
  TODAY            0.0          MM      MM   0.1   -0.1      0.0
  MONTH TO DATE   10.5                       1.9    8.6      2.9
  SINCE MAR 1     32.3                       8.3   24.0      3.3
  SINCE JUL 1     56.2                      43.8   12.4     26.0
  SNOW DEPTH       T

DEGREE DAYS
 HEATING
  TODAY           22                        33    -11       26
  MONTH TO DATE  371                       385    -14      309
  SINCE MAR 1   1506                      1651   -145     1933
  SINCE JUL 1   7992                      9271  -1279     9066

 COOLING
  TODAY            0                         0      0        0
  MONTH TO DATE    0                         0      0        0
  SINCE MAR 1      0                         0      0        0
  SINCE JAN 1      0                         0      0        0
..................................................................


WIND (MPH)
  RESULTANT WIND SPEED   8   RESULTANT WIND DIRECTION  NE (40)
  HIGHEST WIND SPEED    15   HIGHEST WIND DIRECTION    NE (40)
  HIGHEST GUST SPEED    MM   HIGHEST GUST DIRECTION    MM
  AVERAGE WIND SPEED     8.6



WEATHER CONDITIONS
 THE FOLLOWING WEATHER WAS RECORDED TODAY.
  LIGHT RAIN


RELATIVE HUMIDITY (PERCENT)
 HIGHEST    85
 LOWEST     71
 AVERAGE    78

..........................................................


THE KING SALMON CLIMATE NORMALS FOR TOMORROW
                         NORMAL    RECORD    YEAR
 MAXIMUM TEMPERATURE (F)   41        59      1997
 MINIMUM TEMPERATURE (F)   24       -11      1985


SUNRISE AND SUNSET
APRIL 11 2018.........SUNRISE   724 AM AKDT  SUNSET   932 PM AKDT
APRIL 12 2018.........SUNRISE   722 AM AKDT  SUNSET   935 PM AKDT


-  INDICATES NEGATIVE NUMBERS.
R  INDICATES RECORD WAS SET OR TIED.
MM INDICATES DATA IS MISSING.
T  INDICATES TRACE AMOUNT.




$$
