000
CXUS55 KBOU 010900
CF6AKO
PRELIMINARY LOCAL CLIMATOLOGICAL DATA (WS FORM: F-6)
STATION: AKRON CO
MONTH: OCTOBER
YEAR: 2022
LATITUDE: 40 10 N
LONGITUDE: 103 13 W
TEMPERATURE IN F: :PCPN: SNOW: WIND :SUNSHINE: SKY :PK WND
================================================================================
1 2 3 4 5 6A 6B 7 8 9 10 11 12 13 14 15 16 17 18
12Z AVG MX 2MIN
DY MAX MIN AVG DEP HDD CDD WTR SNW DPTH SPD SPD DIR MIN PSBL S-S WX SPD DR
================================================================================
1 75 51 63 6 2 0 0.07 M M 8.5 35 220 M M 0 13 62 190
2 M M M M M M 0.00 M M M M M M M 0 3 M M
3 68 53 61 5 4 0 T M M 8.7 16 280 M M 2 20 290
4 68 49 59 3 6 0 0.00 M M 5.8 13 10 M M 4 1 22 20
5 70 43 57 2 8 0 0.00 M M 7.3 16 320 M M 1 23 350
6 72 42 57 2 8 0 0.00 M M 9.4 23 80 M M 0 30 80
7 52 35 44 -10 21 0 0.00 M M 9.7 20 70 M M 8 26 70
8 65 34 50 -4 15 0 0.00 M M 6.4 10 340 M M 1 15 330
9 72 38 55 2 10 0 0.00 M M 6.3 13 280 M M 0 15 190
10 77 41 59 6 6 0 0.00 M M 10.5 17 240 M M 0 23 270
11 79 41 60 8 5 0 0.00 M M 14.6 40 360 M M 1 58 360
12 63 36 50 -2 15 0 0.00 M M 10.1 26 20 M M 0 38 40
13 64 34 49 -2 16 0 0.00 M M 13.8 32 330 M M 0 42 330
14 74 40 57 6 8 0 0.00 M M 11.0 29 360 M M 0 39 330
15 66 42 54 4 11 0 0.00 M M 11.7 21 30 M M 2 27 20
16 61 34 48 -2 17 0 T M M 9.2 21 330 M M 3 30 330
17 60 31 46 -4 19 0 0.00 M M 7.6 13 340 M M 0 19 350
18 66 33 50 1 15 0 0.00 M M 7.0 13 240 M M 0 15 230
19 75 39 57 8 8 0 0.00 M M 14.9 30 350 M M 0 40 360
20 79 37 58 10 7 0 0.00 M M 12.3 22 220 M M 0 29 210
21 77 43 60 12 5 0 0.00 M M 10.4 18 240 M M 0 23 290
22 76 43 60 12 5 0 0.00 M M 11.2 22 220 M M 0 29 230
23 75 35 55 8 10 0 0.08 M M 20.7 35 350 M M 4 1 50 210
24 52 26 39 -8 26 0 0.00 M M 15.4 35 320 M M 1 45 310
25 61 29 45 -1 20 0 0.00 M M 10.4 21 350 M M 3 28 310
26 61 34 48 2 17 0 T 0.0 0 10.8 24 220 M M 6 31 200
27 54 30 42 -4 23 0 0.00 M M 12.1 25 360 M M 4 30 360
28 61 27 44 -1 21 0 0.00 M M 10.4 15 170 M M 0 20 180
29 62 28 45 0 20 0 0.00 M M 7.5 14 360 M M 0 18 350
30 61 29 45 1 20 0 0.00 M M 8.0 14 270 M M 0 18 270
31 67 34 51 7 14 0 0.00 M M 10.1 15 260 M M 0 20 230
================================================================================
SM 2013 1111 382 0 0.15 0.0 311.8 M 40
================================================================================
AV 67.1 37.0 10.4 FASTST M M 1 MAX(MPH)
MISC ----> 40 360 62 190
================================================================================
NOTES:
# LAST OF SEVERAL OCCURRENCES
COLUMN 17 PEAK WIND IN M.P.H.
PRELIMINARY LOCAL CLIMATOLOGICAL DATA (WS FORM: F-6) , PAGE 2
STATION: AKRON CO
MONTH: OCTOBER
YEAR: 2022
LATITUDE: 40 10 N
LONGITUDE: 103 13 W
[TEMPERATURE DATA] [PRECIPITATION DATA] SYMBOLS USED IN COLUMN 16
AVERAGE MONTHLY: 52.1 TOTAL FOR MONTH: 0.15 1 = FOG OR MIST
DPTR FM NORMAL: 1.9 DPTR FM NORMAL: -0.84 2 = FOG REDUCING VISIBILITY
HIGHEST: 79 ON 20,11 GRTST 24HR 0.08 ON 23-23 TO 1/4 MILE OR LESS
LOWEST: 26 ON 24 3 = THUNDER
SNOW, ICE PELLETS, HAIL 4 = ICE PELLETS
TOTAL MONTH: 0.0 INCH 5 = HAIL
GRTST 24HR 0.0 6 = FREEZING RAIN OR DRIZZLE
GRTST DEPTH: 0 7 = DUSTSTORM OR SANDSTORM:
VSBY 1/2 MILE OR LESS
8 = SMOKE OR HAZE
[NO. OF DAYS WITH] [WEATHER - DAYS WITH] 9 = BLOWING SNOW
X = TORNADO
MAX 32 OR BELOW: 0 0.01 INCH OR MORE: 2
MAX 90 OR ABOVE: 0 0.10 INCH OR MORE: 0
MIN 32 OR BELOW: 7 0.50 INCH OR MORE: 0
MIN 0 OR BELOW: 0 1.00 INCH OR MORE: 0
[HDD (BASE 65) ]
TOTAL THIS MO. 382 CLEAR (SCALE 0-3) 25
DPTR FM NORMAL -82 PTCLDY (SCALE 4-7) 6
TOTAL FM JUL 1 451 CLOUDY (SCALE 8-10) 0
DPTR FM NORMAL -153
[CDD (BASE 65) ]
TOTAL THIS MO. 0
DPTR FM NORMAL -5 [PRESSURE DATA]
TOTAL FM JAN 1 1152 HIGHEST SLP M ON M
DPTR FM NORMAL 333 LOWEST SLP 29.08 ON 23
[REMARKS]
#FINAL-10-22#