000
CXUS55 KBOU 010900
CF6AKO
PRELIMINARY LOCAL CLIMATOLOGICAL DATA (WS FORM: F-6)
STATION: AKRON CO
MONTH: APRIL
YEAR: 2022
LATITUDE: 40 10 N
LONGITUDE: 103 13 W
TEMPERATURE IN F: :PCPN: SNOW: WIND :SUNSHINE: SKY :PK WND
================================================================================
1 2 3 4 5 6A 6B 7 8 9 10 11 12 13 14 15 16 17 18
12Z AVG MX 2MIN
DY MAX MIN AVG DEP HDD CDD WTR SNW DPTH SPD SPD DIR MIN PSBL S-S WX SPD DR
================================================================================
1 53 34 44 -1 21 0 0.00 M M 16.5 33 350 M M 2 44 360
2 65 26 46 1 19 0 0.00 M M 9.8 15 150 M M 0 23 160
3 56 37 47 2 18 0 0.00 M M 13.6 33 360 M M 1 42 360
4 66 35 51 6 14 0 0.00 M M 14.2 29 200 M M 0 40 210
5 50 44 47 2 18 0 0.00 M M 12.2 14 220 M M 1 M M
6 48 29 39 -7 26 0 T M M 28.6 47 340 M M 4 69 330
7 50 22 36 -10 29 0 T M M 27.1 47 330 M M 1 64 330
8 61 18 40 -6 25 0 0.00 M M 11.6 17 330 M M 0 M M
9 75 42 59 13 6 0 0.00 M M 13.9 24 40 M M 0 40 50
10 54 32 43 -3 22 0 0.02 M M 18.9 44 300 M M 3 18 58 310
11 64 28 46 0 19 0 0.00 M M 16.8 33 170 M M 1 50 160
12 59 20 40 -6 25 0 T M M 23.3 38 350 M M 4 52 320
13 46 6 26 -20 39 0 T M M 14.5 38 290 M M 2 52 290
14 60 13 37 -10 28 0 0.00 M M 14.5 33 270 M M 0 52 280
15 50 23 37 -10 28 0 0.00 M M 13.3 23 110 M M 0 30 110
16 53 18 36 -11 29 0 0.00 M M 17.5 29 150 M M 0 44 140
17 66 26 46 -1 19 0 T M M 17.1 32 310 M M 4 41 320
18 59 23 41 -6 24 0 0.00 M M 14.0 25 150 M M 1 38 140
19 81 36 59 11 6 0 0.00 M M 9.3 22 160 M M 5 32 150
20 69 44 57 9 8 0 0.00 M M 8.1 12 10 M M 0 18 10
21 76 57 67 19 0 2 0.00 M M 17.3 33 140 M M 2 1 48 140
22 89 49 69 21 0 4 T M M 22.5 43 180 M M 3 18 63 180
23 57 40 49 1 16 0 0.01 M M 26.5 47 310 M M 4 18 62 300
24 54 26 40 -9 25 0 0.00 M M 19.9 28 360 M M 1 44 350
25 56 21 39 -10 26 0 0.00 M M 7.8 13 170 M M 5 18 160
26 73 37 55 6 10 0 0.00 M M 10.8 21 190 M M 0 31 190
27 76 44 60 10 5 0 0.00 M M 10.6 21 150 M M 1 28 180
28 78 33 56 6 9 0 0.00 M M 11.4 22 100 M M 0 30 120
29 65 44 55 5 10 0 T M M 20.0 45 320 M M 5 18 60 310
30 62 36 49 -2 16 0 T M M 22.8 41 320 M M 0 51 320
================================================================================
SM 1871 943 540 6 0.03 M 484.4 M 50
================================================================================
AV 62.4 31.4 16.1 FASTST M M 2 MAX(MPH)
MISC ----> # 47 330 69 330
================================================================================
NOTES:
# LAST OF SEVERAL OCCURRENCES
COLUMN 17 PEAK WIND IN M.P.H.
PRELIMINARY LOCAL CLIMATOLOGICAL DATA (WS FORM: F-6) , PAGE 2
STATION: AKRON CO
MONTH: APRIL
YEAR: 2022
LATITUDE: 40 10 N
LONGITUDE: 103 13 W
[TEMPERATURE DATA] [PRECIPITATION DATA] SYMBOLS USED IN COLUMN 16
AVERAGE MONTHLY: 46.9 TOTAL FOR MONTH: 0.03 1 = FOG OR MIST
DPTR FM NORMAL: -0.3 DPTR FM NORMAL: -1.40 2 = FOG REDUCING VISIBILITY
HIGHEST: 89 ON 22 GRTST 24HR 0.02 ON 10-10 TO 1/4 MILE OR LESS
LOWEST: 6 ON 13 3 = THUNDER
SNOW, ICE PELLETS, HAIL 4 = ICE PELLETS
TOTAL MONTH: M 5 = HAIL
GRTST 24HR M ON M 6 = FREEZING RAIN OR DRIZZLE
GRTST DEPTH: M ON M 7 = DUSTSTORM OR SANDSTORM:
VSBY 1/2 MILE OR LESS
8 = SMOKE OR HAZE
[NO. OF DAYS WITH] [WEATHER - DAYS WITH] 9 = BLOWING SNOW
X = TORNADO
MAX 32 OR BELOW: 0 0.01 INCH OR MORE: 2
MAX 90 OR ABOVE: 0 0.10 INCH OR MORE: 0
MIN 32 OR BELOW: 15 0.50 INCH OR MORE: 0
MIN 0 OR BELOW: 0 1.00 INCH OR MORE: 0
[HDD (BASE 65) ]
TOTAL THIS MO. 540 CLEAR (SCALE 0-3) 23
DPTR FM NORMAL 5 PTCLDY (SCALE 4-7) 7
TOTAL FM JUL 1 5442 CLOUDY (SCALE 8-10) 0
DPTR FM NORMAL -420
[CDD (BASE 65) ]
TOTAL THIS MO. 6
DPTR FM NORMAL 4 [PRESSURE DATA]
TOTAL FM JAN 1 6 HIGHEST SLP M ON M
DPTR FM NORMAL 4 LOWEST SLP 29.04 ON 12
[REMARKS]
#FINAL-04-22#