000
CXUS51 KAKQ 010810
CF6AKQ
PRELIMINARY LOCAL CLIMATOLOGICAL DATA (WS FORM: F-6)
STATION: WAKEFIELD
MONTH: FEBRUARY
YEAR: 2022
LATITUDE: 36 58 N
LONGITUDE: 77 0 W
TEMPERATURE IN F: :PCPN: SNOW: WIND :SUNSHINE: SKY :PK WND
================================================================================
1 2 3 4 5 6A 6B 7 8 9 10 11 12 13 14 15 16 17 18
12Z AVG MX 2MIN
DY MAX MIN AVG DEP HDD CDD WTR SNW DPTH SPD SPD DIR MIN PSBL S-S WX SPD DR
================================================================================
1 50 27 39 -1 26 0 0.00 0.0 0 2.1 9 50 M M 0 14 70
2 57 25 41 1 24 0 0.00 0.0 0 2.3 9 90 M M 3 1 14 120
3 68 40 54 14 11 0 0.01 0.0 0 4.2 10 180 M M 7 1 21 190
4 72 39 56 15 9 0 0.35 0.0 0 9.7 15 210 M M 9 1 31 230
5 43 27 35 -6 30 0 0.00 0.0 0 4.6 10 340 M M 4 20 99
6 40 22 31 -10 34 0 0.00 0.0 0 2.6 8 70 M M 5 M M
7 42 35 39 -2 26 0 0.73 0.0 0 4.2 7 99 M M 10 1 M M
8 48 30 39 -2 26 0 0.00 0.0 0 3.6 8 230 M M 4 1 M M
9 58 26 42 1 23 0 0.00 0.0 0 1.6 9 180 M M 0 M M
10 67 32 50 9 15 0 0.00 0.0 0 4.8 16 260 M M 0 23 230
11 69 33 51 9 14 0 0.00 0.0 0 4.8 12 200 M M 0 22 210
12 73 49 61 19 4 0 0.00 0.0 0 4.8 13 240 M M 1 20 240
13 50 33 42 0 23 0 T T 0 4.7 8 40 M M 5 1 16 99
14 41 23 32 -10 33 0 0.00 0.0 0 2.8 10 280 M M 4 17 360
15 47 18 33 -9 32 0 0.00 0.0 0 2.0 5 90 M M 0 M M
16 64 23 44 2 21 0 0.00 0.0 0 3.4 10 190 M M 1 21 190
17 76 53 65 23 0 0 0.00 0.0 0 7.9 13 200 M M 4 27 200
18 71 33 52 9 13 0 0.05 0.0 0 8.2 18 190 M M 7 33 210
19 59 25 42 -1 23 0 0.00 0.0 0 6.6 20 250 M M 0 32 250
20 50 24 37 -6 28 0 0.00 0.0 0 2.3 8 220 M M 0 M M
21 69 28 49 6 16 0 0.00 0.0 0 3.6 10 220 M M 1 16 99
22 72 56 64 21 1 0 T 0.0 0 7.3 13 180 M M 8 23 190
23 73 53 63 19 2 0 0.06 0.0 0 5.5 12 230 M M 6 12 18 230
24 58 39 49 5 16 0 0.23 0.0 0 4.5 8 60 M M 8 1 M M
25 64 38 51 7 14 0 0.00 0.0 0 4.8 10 240 M M 6 1 17 220
26 47 37 42 -2 23 0 0.00 0.0 0 2.6 7 60 M M 3 M M
27 49 33 41 -3 24 0 0.00 0.0 0 2.9 10 230 M M 5 15 210
28 55 28 42 -3 23 0 0.00 0.0 0 3.1 9 100 M M 0 M M
================================================================================
SM 1632 929 534 0 1.43 T 121.5 M 101
================================================================================
AV 58.3 33.2 4.3 FASTST M M 4 MAX(MPH)
MISC ----> 20 250 33 210
================================================================================
NOTES:
# LAST OF SEVERAL OCCURRENCES
COLUMN 17 PEAK WIND IN M.P.H.
PRELIMINARY LOCAL CLIMATOLOGICAL DATA (WS FORM: F-6) , PAGE 2
STATION: WAKEFIELD
MONTH: FEBRUARY
YEAR: 2022
LATITUDE: 36 58 N
LONGITUDE: 77 0 W
[TEMPERATURE DATA] [PRECIPITATION DATA] SYMBOLS USED IN COLUMN 16
AVERAGE MONTHLY: 45.7 TOTAL FOR MONTH: 1.43 1 = FOG OR MIST
DPTR FM NORMAL: 3.5 DPTR FM NORMAL: -1.44 2 = FOG REDUCING VISIBILITY
HIGHEST: 76 ON 17 GRTST 24HR 0.73 ON 7- 7 TO 1/4 MILE OR LESS
LOWEST: 18 ON 15 3 = THUNDER
SNOW, ICE PELLETS, HAIL 4 = ICE PELLETS
TOTAL MONTH: T 5 = HAIL
GRTST 24HR T ON 13-13 6 = FREEZING RAIN OR DRIZZLE
GRTST DEPTH: T 7 = DUSTSTORM OR SANDSTORM:
VSBY 1/2 MILE OR LESS
8 = SMOKE OR HAZE
[NO. OF DAYS WITH] [WEATHER - DAYS WITH] 9 = BLOWING SNOW
X = TORNADO
MAX 32 OR BELOW: 0 0.01 INCH OR MORE: 6
MAX 90 OR ABOVE: 0 0.10 INCH OR MORE: 3
MIN 32 OR BELOW: 14 0.50 INCH OR MORE: 1
MIN 0 OR BELOW: 0 1.00 INCH OR MORE: 0
[HDD (BASE 65) ]
TOTAL THIS MO. 534 CLEAR (SCALE 0-3) 13
DPTR FM NORMAL -105 PTCLDY (SCALE 4-7) 13
TOTAL FM JUL 1 2330 CLOUDY (SCALE 8-10) 2
DPTR FM NORMAL -421
[CDD (BASE 65) ]
TOTAL THIS MO. 0
DPTR FM NORMAL -1 [PRESSURE DATA]
TOTAL FM JAN 1 5 HIGHEST SLP M ON M
DPTR FM NORMAL 4 LOWEST SLP M ON M
[REMARKS]
#FINAL-02-22#