000
CXUS51 KAKQ 022242
CF6AKQ
PRELIMINARY LOCAL CLIMATOLOGICAL DATA (WS FORM: F-6)
STATION: WAKEFIELD
MONTH: JANUARY
YEAR: 2021
LATITUDE: 36 58 N
LONGITUDE: 77 0 W
TEMPERATURE IN F: :PCPN: SNOW: WIND :SUNSHINE: SKY :PK WND
================================================================================
1 2 3 4 5 6A 6B 7 8 9 10 11 12 13 14 15 16 17 18
12Z AVG MX 2MIN
DY MAX MIN AVG DEP HDD CDD WTR SNW DPTH SPD SPD DIR MIN PSBL S-S WX SPD DR
================================================================================
1 46 40 43 3 22 0 0.72 0.0 0 3.7 7 99 M M 10 1 M M
2 61 40 51 11 14 0 0.09 0.0 0 5.2 9 230 M M 6 1 M M
3 51 43 47 7 18 0 0.84 0.0 0 4.2 9 330 M M 10 1 M M
4 49 34 42 2 23 0 0.00 0.0 0 2.0 8 340 M M 6 1 M M
5 50 31 41 1 24 0 0.00 0.0 0 1.3 5 99 M M 7 12 M M
6 47 29 38 -1 27 0 0.00 0.0 0 3.2 8 360 M M 6 20 330
7 48 26 37 -2 28 0 0.00 0.0 0 2.1 7 99 M M 0 M M
8 44 34 39 0 26 0 0.01 0.0 0 3.4 8 360 M M 9 17 360
9 47 30 39 0 26 0 0.00 0.0 0 5.1 9 300 M M 1 17 340
10 52 26 39 0 26 0 0.00 0.0 0 2.2 7 99 M M 0 M M
11 47 25 36 -3 29 0 0.00 0.0 0 1.0 5 210 M M 4 M M
12 55 30 43 4 22 0 T 0.0 0 1.2 6 350 M M 5 1 M M
13 55 26 41 2 24 0 0.00 0.0 0 1.4 7 210 M M 1 12 M M
14 57 31 44 5 21 0 0.00 0.0 0 2.2 10 260 M M 0 16 260
15 58 28 43 3 22 0 0.38 0.0 0 1.8 8 190 M M 4 12 M M
16 47 33 40 0 25 0 0.03 0.0 0 5.3 12 270 M M 7 1 18 250
17 50 30 40 0 25 0 0.00 0.0 0 5.9 13 260 M M 1 M M
18 50 29 40 0 25 0 0.00 0.0 0 5.9 14 250 M M 5 23 280
19 57 26 42 2 23 0 0.00 0.0 0 4.6 14 250 M M 0 31 230
20 52 27 40 0 25 0 0.00 0.0 0 4.6 10 310 M M 1 25 310
21 57 26 42 2 23 0 0.00 0.0 0 4.6 13 240 M M 3 20 240
22 57 31 44 4 21 0 0.00 0.0 0 6.8 17 260 M M 0 29 270
23 42 23 33 -7 32 0 0.00 0.0 0 3.3 13 330 M M 0 23 330
24 43 20 32 -8 33 0 0.03 T 0 1.5 8 320 M M 3 M M
25 44 35 40 0 25 0 0.86 0.0 0 1.4 7 99 M M 10 1 M M
26 45 40 43 3 22 0 0.68 0.0 0 3.4 6 260 M M 10 1 M M
27 49 36 43 3 22 0 0.00 0.0 0 1.9 7 99 M M 9 12 M M
28 40 29 35 -5 30 0 0.17 1.2 1 7.0 12 340 M M 4 1 24 350
29 36 22 29 -12 36 0 0.00 0.0 T 3.8 10 330 M M 0 17 330
30 39 18 29 -12 36 0 0.00 0.0 0 2.0 7 99 M M 0 M M
31 41 30 36 -5 29 0 0.76 1.4 1 4.3 10 100 M M 10 126 16 99
================================================================================
SM 1516 928 784 0 4.57 2.6 106.3 M 132
================================================================================
AV 48.9 29.9 3.4 FASTST M M 4 MAX(MPH)
MISC ----> 17 260 31 230
================================================================================
NOTES:
# LAST OF SEVERAL OCCURRENCES
COLUMN 17 PEAK WIND IN M.P.H.
PRELIMINARY LOCAL CLIMATOLOGICAL DATA (WS FORM: F-6) , PAGE 2
STATION: WAKEFIELD
MONTH: JANUARY
YEAR: 2021
LATITUDE: 36 58 N
LONGITUDE: 77 0 W
[TEMPERATURE DATA] [PRECIPITATION DATA] SYMBOLS USED IN COLUMN 16
AVERAGE MONTHLY: 39.4 TOTAL FOR MONTH: 4.57 1 = FOG OR MIST
DPTR FM NORMAL: 1.2 DPTR FM NORMAL: 0.87 2 = FOG REDUCING VISIBILITY
HIGHEST: 61 ON 2 GRTST 24HR 0.86 ON 25-25 TO 1/4 MILE OR LESS
LOWEST: 18 ON 30 3 = THUNDER
SNOW, ICE PELLETS, HAIL 4 = ICE PELLETS
TOTAL MONTH: 2.6 INCHES 5 = HAIL
GRTST 24HR 1.4 ON 31-31 6 = FREEZING RAIN OR DRIZZLE
GRTST DEPTH: 1 ON 31,28 7 = DUSTSTORM OR SANDSTORM:
VSBY 1/2 MILE OR LESS
8 = SMOKE OR HAZE
[NO. OF DAYS WITH] [WEATHER - DAYS WITH] 9 = BLOWING SNOW
X = TORNADO
MAX 32 OR BELOW: 0 0.01 INCH OR MORE: 11
MAX 90 OR ABOVE: 0 0.10 INCH OR MORE: 7
MIN 32 OR BELOW: 22 0.50 INCH OR MORE: 5
MIN 0 OR BELOW: 0 1.00 INCH OR MORE: 0
[HDD (BASE 65) ]
TOTAL THIS MO. 784 CLEAR (SCALE 0-3) 14
DPTR FM NORMAL -2 PTCLDY (SCALE 4-7) 10
TOTAL FM JUL 1 1913 CLOUDY (SCALE 8-10) 7
DPTR FM NORMAL -177
[CDD (BASE 65) ]
TOTAL THIS MO. 0
DPTR FM NORMAL 0 [PRESSURE DATA]
TOTAL FM JAN 1 0 HIGHEST SLP M ON M
DPTR FM NORMAL 0 LOWEST SLP M ON M
[REMARKS]
#FINAL-01-21#