000
CXUS51 KALY 011555
CLSALB
CLIMATE REPORT
NATIONAL WEATHER SERVICE ALBANY NY
1055 AM EST TUE MAR 01 2022
...................................
...THE ALBANY NY CLIMATE SUMMARY FOR THE SEASON, FROM
12/1/2021 TO 2/28/2022...
CLIMATE NORMAL PERIOD: 1991 TO 2020
CLIMATE RECORD PERIOD: 1874 TO 2022
WEATHER OBSERVED NORMAL DEPART LAST YEAR`S
VALUE DATE(S) VALUE FROM VALUE DATE(S)
NORMAL
................................................................
TEMPERATURE (F)
RECORD
HIGH 74 02/24/2017
LOW -28 01/19/1971
HIGHEST 61 12/16 63 12/25
LOWEST -6 01/22 -7 01/31
AVG. MAXIMUM 36.5 35.7 0.8 32.3
AVG. MINIMUM 19.1 18.7 0.4 18.9
MEAN 27.8 27.2 0.6 25.6
DAYS MAX >= 90 0 0.0 0.0 0
DAYS MAX <= 32 36 35.7 0.3 48
DAYS MIN <= 32 78 79.5 -1.5 84
DAYS MIN <= 0 7 6.5 0.5 5
PRECIPITATION (INCHES)
RECORD
MAXIMUM 13.45 1870
MINIMUM 2.25 1980
TOTALS 6.70 8.14 -1.44 7.33
DAILY AVG. 0.08 0.08
DAYS >= .01 37 35.9 1.1 32
DAYS >= .10 16 18.4 -2.4 18
DAYS >= .50 6 5.5 0.5 3
DAYS >= 1.00 0 1.0 -1.0 1
GREATEST
24 HR. TOTAL MM 02/03 TO 02/04
SNOWFALL (INCHES)
RECORDS
24 HR TOTAL 23.5 02/14/1914 TO 02/14/1914
SNOW DEPTH 36 01/01/1970
12/29/1969
12/28/1969
TOTALS 23.1 42.6 -19.5 52.1
SNOWDEPTH AVG. 1
DAYS >= TRACE 49 24.9 24.1
DAYS >= 1.0 6 10.6 -4.6
GREATEST
SNOW DEPTH 6 02/26 19 12/18
02/27
24 HR TOTAL 6.4 02/25 TO 02/25
DEGREE DAYS
HEATING TOTAL 3328 3400 -72 3512
SINCE 7/1 4492 4695 -203 4918
COOLING TOTAL 0 0 0 0
SINCE 1/1 0 0 0 0
................................................................
WIND (MPH)
AVERAGE WIND SPEED 8.9
HIGHEST WIND SPEED/DIRECTION 36/290 DATE 12/11
HIGHEST GUST SPEED/DIRECTION 53/260 DATE 12/11
WEATHER CONDITIONS. NUMBER OF DAYS WITH
THUNDERSTORM 1 MIXED PRECIP 1
HEAVY RAIN 0 RAIN 5
LIGHT RAIN 27 FREEZING RAIN 0
LT FREEZING RAIN 5 HAIL 1
HEAVY SNOW 3 SNOW 6
LIGHT SNOW 49 SLEET 8
FOG 46 FOG W/VIS <= 1/4 MILE 11
HAZE 6
- INDICATES NEGATIVE NUMBERS.
R INDICATES RECORD WAS SET OR TIED.
MM INDICATES DATA IS MISSING.
T INDICATES TRACE AMOUNT.
$$