000
CXUS54 KCRP 011210
CF6ALI
PRELIMINARY LOCAL CLIMATOLOGICAL DATA (WS FORM: F-6)
STATION: ALICE
MONTH: JULY
YEAR: 2023
LATITUDE: 27 44 N
LONGITUDE: 98 1 W
TEMPERATURE IN F: :PCPN: SNOW: WIND :SUNSHINE: SKY :PK WND
================================================================================
1 2 3 4 5 6A 6B 7 8 9 10 11 12 13 14 15 16 17 18
12Z AVG MX 2MIN
DY MAX MIN AVG DEP HDD CDD WTR SNW DPTH SPD SPD DIR MIN PSBL S-S WX SPD DR
================================================================================
1 M M M M M M 0.00 0.0 0 10.8 23 140 M M 2 33 140
2 M M M M M M 0.00 0.0 0 6.9 18 120 M M 1 8 26 60
3 M M M M M M 0.00 0.0 0 7.8 21 130 M M 1 28 150
4 M M M M M M 0.00 0.0 0 10.4 23 140 M M 2 8 32 150
5 M M M M M M T 0.0 0 10.0 22 140 M M 2 32 140
6 M M M M M M M M 0 10.8 22 130 M M 8 3 32 130
7 M M M M M M M 0.0 0 8.2 28 190 M M 5 3 37 190
8 M M M M M M 0.00 0.0 0 8.8 20 140 M M 4 128 27 130
9 M M M M M M 0.00 0.0 0 11.5 23 120 M M 3 8 33 110
10 M M M M M M 0.00 0.0 0 10.4 22 120 M M 4 8 29 140
11 105 M M M M M 0.00 0.0 0 9.7 23 130 M M 2 1 32 130
12 105 80 93 8 0 28 0.00 0.0 0 16.2 26 140 M M 2 1 35 130
13 106 79 93 8 0 28 0.00 0.0 0 12.9 25 120 M M 1 1 41 110
14 104 79 92 7 0 27 0.00 0.0 0 13.6 25 120 M M 1 1 35 120
15 107 79 93 8 0 28 0.00 0.0 0 13.8 23 120 M M 3 1 33 130
16 107 78 93 8 0 28 0.00 0.0 0 11.8 23 120 M M 3 32 110
17 106 72 89 4 0 24 0.00 0.0 0 9.8 22 120 M M 1 1 30 130
18 105 73 89 3 0 24 0.00 0.0 0 15.2 22 140 M M 1 12 31 150
19 106 77 92 6 0 27 0.00 0.0 0 12.4 24 130 M M 1 1 32 120
20 103 74 89 3 0 24 0.00 0.0 0 10.7 22 130 M M 0 1 31 140
21 104 72 88 2 0 23 0.00 0.0 0 8.6 21 120 M M 1 12 28 120
22 104 73 89 3 0 24 0.00 0.0 0 7.3 21 130 M M 2 1 29 110
23 105 74 90 4 0 25 0.00 0.0 0 7.4 20 130 M M 0 1 28 130
24 102 74 88 2 0 23 0.00 0.0 0 8.1 29 110 M M 1 3 36 110
25 101 74 88 2 0 23 0.00 0.0 0 9.0 25 150 M M 2 1 33 150
26 104 75 90 4 0 25 0.00 0.0 0 11.7 25 140 M M 0 1 34 120
27 103 72 88 2 0 23 0.00 0.0 0 9.5 21 130 M M 1 1 30 140
28 102 70 86 0 0 21 0.00 0.0 0 8.8 23 200 M M 2 123 30 140
29 102 68 85 -1 0 20 0.00 0.0 0 8.5 23 140 M M 0 33 130
30 103 71 87 1 0 22 0.00 0.0 0 6.2 18 130 M M 1 1 25 130
31 104 73 89 3 0 24 0.00 0.0 0 7.4 21 100 M M 2 12 28 90
================================================================================
SM 2188 1487 0 491 T 0.0 314.2 M 59
================================================================================
AV104.2 74.4 10.1 FASTST M M 2 MAX(MPH)
MISC ----> 29 110 41 110
================================================================================
NOTES:
# LAST OF SEVERAL OCCURRENCES
COLUMN 17 PEAK WIND IN M.P.H.
PRELIMINARY LOCAL CLIMATOLOGICAL DATA (WS FORM: F-6) , PAGE 2
STATION: ALICE
MONTH: JULY
YEAR: 2023
LATITUDE: 27 44 N
LONGITUDE: 98 1 W
[TEMPERATURE DATA] [PRECIPITATION DATA] SYMBOLS USED IN COLUMN 16
AVERAGE MONTHLY: 89.3 TOTAL FOR MONTH: T 1 = FOG OR MIST
DPTR FM NORMAL: 3.9 DPTR FM NORMAL: -2.61 2 = FOG REDUCING VISIBILITY
HIGHEST: 107 ON 16,15 GRTST 24HR T ON 5- 5 TO 1/4 MILE OR LESS
LOWEST: 68 ON 29 3 = THUNDER
SNOW, ICE PELLETS, HAIL 4 = ICE PELLETS
TOTAL MONTH: 0.0 INCH 5 = HAIL
GRTST 24HR 0.0 6 = FREEZING RAIN OR DRIZZLE
GRTST DEPTH: 0 7 = DUSTSTORM OR SANDSTORM:
VSBY 1/2 MILE OR LESS
8 = SMOKE OR HAZE
[NO. OF DAYS WITH] [WEATHER - DAYS WITH] 9 = BLOWING SNOW
X = TORNADO
MAX 32 OR BELOW: 0 0.01 INCH OR MORE: 0
MAX 90 OR ABOVE: 21 0.10 INCH OR MORE: 0
MIN 32 OR BELOW: 0 0.50 INCH OR MORE: 0
MIN 0 OR BELOW: 0 1.00 INCH OR MORE: 0
[HDD (BASE 65) ]
TOTAL THIS MO. 0 CLEAR (SCALE 0-3) 27
DPTR FM NORMAL 0 PTCLDY (SCALE 4-7) 3
TOTAL FM JUL 1 0 CLOUDY (SCALE 8-10) 1
DPTR FM NORMAL 0
[CDD (BASE 65) ]
TOTAL THIS MO. 491
DPTR FM NORMAL -141 [PRESSURE DATA]
TOTAL FM JAN 1 1923 HIGHEST SLP 30.12 ON 25
DPTR FM NORMAL -238 LOWEST SLP 29.77 ON 13
[REMARKS]
#FINAL-07-23#