000
CXUS54 KCRP 011310
CF6ALI
PRELIMINARY LOCAL CLIMATOLOGICAL DATA (WS FORM: F-6)
STATION: ALICE
MONTH: DECEMBER
YEAR: 2021
LATITUDE: 27 44 N
LONGITUDE: 98 1 W
TEMPERATURE IN F: :PCPN: SNOW: WIND :SUNSHINE: SKY :PK WND
================================================================================
1 2 3 4 5 6A 6B 7 8 9 10 11 12 13 14 15 16 17 18
12Z AVG MX 2MIN
DY MAX MIN AVG DEP HDD CDD WTR SNW DPTH SPD SPD DIR MIN PSBL S-S WX SPD DR
================================================================================
1 83 51 67 5 0 2 0.00 0.0 0 4.0 14 200 M M 3 12 17 210
2 85 55 70 9 0 5 0.00 0.0 0 4.9 14 140 M M 6 12 17 170
3 86 66 76 15 0 11 0.00 0.0 0 7.6 14 140 M M 5 12 17 140
4 86 65 76 15 0 11 0.00 0.0 0 9.8 18 130 M M 6 1 24 140
5 86 64 75 14 0 10 0.00 0.0 0 8.7 22 180 M M 6 12 26 190
6 85 60 73 13 0 8 0.00 0.0 0 9.9 24 360 M M 6 1 31 10
7 69 52 61 1 4 0 0.00 0.0 0 4.8 13 360 M M 9 15 350
8 82 50 66 6 0 1 0.00 0.0 0 4.7 14 140 M M 5 12 17 130
9 90 65 78 18 0 13 0.00 0.0 0 6.4 18 200 M M 5 1 23 180
10 92 72 82 22 0 17 0.00 0.0 0 14.8 28 190 M M 5 1 37 180
11 77 47 62 2 3 0 0.00 0.0 0 13.1 36 20 M M 6 1 44 30
12 67 41 54 -5 11 0 0.00 0.0 0 6.6 14 50 M M 2 17 50
13 76 59 68 9 0 3 0.00 0.0 0 6.8 13 80 M M 8 12 15 10
14 86 64 75 16 0 10 0.00 0.0 0 8.2 21 140 M M 6 12 26 120
15 86 67 77 18 0 12 0.00 0.0 0 12.6 26 160 M M 7 1 34 170
16 87 68 78 19 0 13 0.00 0.0 0 12.1 22 150 M M 7 1 26 140
17 84 66 75 17 0 10 T 0.0 0 11.0 24 140 M M 7 12 29 140
18 85 54 70 12 0 5 0.00 0.0 0 11.1 31 350 M M 8 138 40 340
19 54 44 49 -9 16 0 T 0.0 0 11.5 23 360 M M 10 1 30 10
20 65 44 55 -3 10 0 M 0.0 0 5.1 13 330 M M 3 1 16 320
21 71 39 55 -3 10 0 0.00 0.0 0 4.6 12 150 M M 0 1 15 140
22 81 44 63 5 2 0 0.00 0.0 0 7.5 16 170 M M 1 12 20 170
23 82 50 66 8 0 1 0.00 0.0 0 8.8 20 180 M M 3 12 26 180
24 86 52 69 11 0 4 0.00 0.0 0 9.8 24 170 M M 1 12 31 190
25 88 58 73 16 0 8 0.00 0.0 0 8.1 17 210 M M 2 12 22 210
26 87 63 75 18 0 10 0.00 0.0 0 10.4 21 180 M M 4 1 26 180
27 87 62 75 18 0 10 0.00 0.0 0 10.4 25 170 M M 4 12 34 170
28 87 67 77 20 0 12 0.00 0.0 0 9.7 23 180 M M 5 18 30 190
29 86 61 74 17 0 9 0.00 0.0 0 5.4 14 170 M M 5 128 18 170
30 84 60 72 15 0 7 0.00 0.0 0 3.4 12 140 M M 7 12 14 150
31 90 69 80 23 0 15 0.00 0.0 M 11.4 24 170 M M 5 128 31 160
================================================================================
SM 2540 1779 56 207 T 0.0 263.2 M 157
================================================================================
AV 81.9 57.4 8.5 FASTST M M 5 MAX(MPH)
MISC ----> 36 20 44 30
================================================================================
NOTES:
# LAST OF SEVERAL OCCURRENCES
COLUMN 17 PEAK WIND IN M.P.H.
PRELIMINARY LOCAL CLIMATOLOGICAL DATA (WS FORM: F-6) , PAGE 2
STATION: ALICE
MONTH: DECEMBER
YEAR: 2021
LATITUDE: 27 44 N
LONGITUDE: 98 1 W
[TEMPERATURE DATA] [PRECIPITATION DATA] SYMBOLS USED IN COLUMN 16
AVERAGE MONTHLY: 69.7 TOTAL FOR MONTH: T 1 = FOG OR MIST
DPTR FM NORMAL: 10.9 DPTR FM NORMAL: -1.86 2 = FOG REDUCING VISIBILITY
HIGHEST: 92 ON 10 GRTST 24HR T ON 17-17 TO 1/4 MILE OR LESS
LOWEST: 39 ON 21 3 = THUNDER
SNOW, ICE PELLETS, HAIL 4 = ICE PELLETS
TOTAL MONTH: 0.0 INCH 5 = HAIL
GRTST 24HR 0.0 6 = FREEZING RAIN OR DRIZZLE
GRTST DEPTH: 0 7 = DUSTSTORM OR SANDSTORM:
VSBY 1/2 MILE OR LESS
8 = SMOKE OR HAZE
[NO. OF DAYS WITH] [WEATHER - DAYS WITH] 9 = BLOWING SNOW
X = TORNADO
MAX 32 OR BELOW: 0 0.01 INCH OR MORE: 0
MAX 90 OR ABOVE: 3 0.10 INCH OR MORE: 0
MIN 32 OR BELOW: 0 0.50 INCH OR MORE: 0
MIN 0 OR BELOW: 0 1.00 INCH OR MORE: 0
[HDD (BASE 65) ]
TOTAL THIS MO. 56 CLEAR (SCALE 0-3) 7
DPTR FM NORMAL -184 PTCLDY (SCALE 4-7) 20
TOTAL FM JUL 1 119 CLOUDY (SCALE 8-10) 4
DPTR FM NORMAL -232
[CDD (BASE 65) ]
TOTAL THIS MO. 207
DPTR FM NORMAL 159 [PRESSURE DATA]
TOTAL FM JAN 1 3984 HIGHEST SLP 30.32 ON 12
DPTR FM NORMAL 220 LOWEST SLP 29.60 ON 28
[REMARKS]
#FINAL-12-21#