000
CXUS54 KEPZ 221307
CF6ALM
PRELIMINARY LOCAL CLIMATOLOGICAL DATA (WS FORM: F-6)
STATION: ALAMOGORDO
MONTH: SEPTEMBER
YEAR: 2022
LATITUDE: 32 49 N
LONGITUDE: 106 0 W
TEMPERATURE IN F: :PCPN: SNOW: WIND :SUNSHINE: SKY :PK WND
================================================================================
1 2 3 4 5 6A 6B 7 8 9 10 11 12 13 14 15 16 17 18
12Z AVG MX 2MIN
DY MAX MIN AVG DEP HDD CDD WTR SNW DPTH SPD SPD DIR MIN PSBL S-S WX SPD DR
================================================================================
1 81 63 72 M 0 7 0.00 M M 4.4 12 200 M M 2 14 99
2 82 63 73 M 0 8 0.00 0.0 0 4.9 10 100 M M 1 17 10
3 90 61 76 M 0 11 0.00 M M 6.2 14 80 M M 1 21 80
4 90 59 75 M 0 10 0.00 M M 6.3 15 200 M M 1 22 200
5 88 59 74 M 0 9 0.00 M M 5.7 10 180 M M 0 46 50
6 90 61 76 M 0 11 0.00 M M 3.5 9 210 M M 0 17 0
7 90 57 74 M 0 9 0.00 M M 5.2 9 230 M M 3 15 99
8 88 61 75 M 0 10 0.00 M M 5.8 9 180 M M 3 17 180
9 88 55 72 M 0 7 0.00 M M 5.3 10 170 M M 2 16 160
10 93 63 78 M 0 13 0.00 M M 7.0 16 190 M M 2 24 230
11 81 48 65 M 0 0 0.00 M M 5.6 12 200 M M 3 20 190
12 86 59 73 M 0 8 0.00 M M 4.5 12 190 M M 2 23 0
13 86 59 73 M 0 8 0.64 M M 7.3 16 290 M M 4 13 39 190
14 81 55 68 M 0 3 0.00 M M 3.3 13 270 M M 1 18 270
15 86 59 73 M 0 8 0.00 M M 3.3 9 210 M M 1 13 210
16 90 57 74 M 0 9 0.00 M M 6.4 16 180 M M 2 21 170
17 91 66 79 M 0 14 0.00 M M 11.9 16 180 M M 2 26 140
18 86 59 73 M 0 8 0.46 M M 6.4 18 220 M M 3 13 24 160
19 82 63 73 M 0 8 0.00 M M 5.0 15 170 M M 2 22 170
20 88 64 76 M 0 11 0.00 M M 5.9 17 170 M M 2 17 220
21 90 M M M M M 0.00 M M 5.8 15 220 M M 1 17 200
22 90 61 76 M 0 11 0.00 M M 5.9 17 200 M M 1 23 200
23 88 M M M M M 0.00 M M 5.8 12 330 M M 1 17 330
24 90 55 73 M 0 8 0.00 M M 5.3 10 40 M M 1 17 300
25 81 59 70 M 0 5 0.00 M M 2.2 8 240 M M 3 17 0
26 81 59 70 M 0 5 0.00 M M 5.8 14 10 M M 4 33 290
27 84 54 69 M 0 4 0.00 M M 5.0 12 200 M M 3 17 170
28 86 54 70 M 0 5 0.00 M M 5.4 12 160 M M 2 15 170
29 82 48 65 M 0 0 0.00 M M 7.5 14 190 M M 1 18 190
30 82 54 68 M 0 3 0.00 M M 4.7 13 200 M M 3 15 230
================================================================================
SM 2591 1635 0 213 1.10 0.0 167.2 M 57
================================================================================
AV 86.4 58.4 5.6 FASTST M M 2 MAX(MPH)
MISC ----> 18 220 46 50
================================================================================
NOTES:
# LAST OF SEVERAL OCCURRENCES
COLUMN 17 PEAK WIND IN M.P.H.
PRELIMINARY LOCAL CLIMATOLOGICAL DATA (WS FORM: F-6) , PAGE 2
STATION: ALAMOGORDO
MONTH: SEPTEMBER
YEAR: 2022
LATITUDE: 32 49 N
LONGITUDE: 106 0 W
[TEMPERATURE DATA] [PRECIPITATION DATA] SYMBOLS USED IN COLUMN 16
AVERAGE MONTHLY: 72.4 TOTAL FOR MONTH: 1.10 1 = FOG OR MIST
DPTR FM NORMAL: 0.0 DPTR FM NORMAL: M 2 = FOG REDUCING VISIBILITY
HIGHEST: 93 ON 10 GRTST 24HR 0.64 ON 13-13 TO 1/4 MILE OR LESS
LOWEST: 48 ON 29,11 3 = THUNDER
SNOW, ICE PELLETS, HAIL 4 = ICE PELLETS
TOTAL MONTH: 0.0 INCH 5 = HAIL
GRTST 24HR 0.0 6 = FREEZING RAIN OR DRIZZLE
GRTST DEPTH: 0 7 = DUSTSTORM OR SANDSTORM:
VSBY 1/2 MILE OR LESS
8 = SMOKE OR HAZE
[NO. OF DAYS WITH] [WEATHER - DAYS WITH] 9 = BLOWING SNOW
X = TORNADO
MAX 32 OR BELOW: 0 0.01 INCH OR MORE: 2
MAX 90 OR ABOVE: 10 0.10 INCH OR MORE: 2
MIN 32 OR BELOW: 0 0.50 INCH OR MORE: 1
MIN 0 OR BELOW: 0 1.00 INCH OR MORE: 0
[HDD (BASE 65) ]
TOTAL THIS MO. 0 CLEAR (SCALE 0-3) 26
DPTR FM NORMAL M PTCLDY (SCALE 4-7) 4
TOTAL FM JUL 1 0 CLOUDY (SCALE 8-10) 0
DPTR FM NORMAL M
[CDD (BASE 65) ]
TOTAL THIS MO. 213
DPTR FM NORMAL M [PRESSURE DATA]
TOTAL FM JAN 1 1920 HIGHEST SLP M ON M
DPTR FM NORMAL M LOWEST SLP M ON M
[REMARKS]
#FINAL-09-22#